000
CDUS46 KMTR 170829
CLISJC


CLIMATE REPORT
NATIONAL WEATHER SERVICE SAN FRANCISCO BAY AREA
1229 AM PST TUE JAN 17 2017


...................................

...THE SAN JOSE AIRPORT CLIMATE SUMMARY FOR JANUARY 16 2017...

CLIMATE NORMAL PERIOD 1981 TO 2010
CLIMATE RECORD PERIOD 1893 TO 2017


WEATHER ITEM   OBSERVED TIME   RECORD YEAR NORMAL DEPARTURE LAST
                VALUE   (LST)  VALUE       VALUE  FROM      YEAR
                                                  NORMAL
..................................................................
TEMPERATURE (F)
 YESTERDAY
  MAXIMUM         58    311 PM  73    2014  58      0       62
                                      2009
  MINIMUM         35    643 AM  30    1947  42     -7       53
  AVERAGE         47                        50     -3       58

PRECIPITATION (IN)
  YESTERDAY        0.00          1.38 1973   0.10  -0.10     0.12
  MONTH TO DATE    3.05                      1.60   1.45     2.02
  SINCE OCT 1      7.43                      6.69   0.74     6.72
  SINCE JAN 1      3.05                      1.60   1.45     2.02

SNOWFALL (IN)
  YESTERDAY        0.0                       0.0    0.0      0.0
  MONTH TO DATE    0.0                       0.0    0.0      0.0
  SINCE DEC 1      0.0                       0.0    0.0      0.0
  SINCE JUL 1      0.0                       0.0    0.0      0.0

DEGREE DAYS
 HEATING
  YESTERDAY       18                        15      3        7
  MONTH TO DATE  232                       248    -16      209
  SINCE DEC 1    676                       715    -39      665
  SINCE JUL 1    899                      1122   -223     1030

 COOLING
  YESTERDAY        0                         0      0        0
  MONTH TO DATE    0                         0      0        0
  SINCE DEC 1      0                         0      0        0
  SINCE JAN 1      0                         0      0        0
..................................................................


WIND (MPH)
  RESULTANT WIND SPEED   1   RESULTANT WIND DIRECTION   W (270)
  HIGHEST WIND SPEED    12   HIGHEST WIND DIRECTION     W (290)
  HIGHEST GUST SPEED    14   HIGHEST GUST DIRECTION     W (290)
  AVERAGE WIND SPEED     3.6


SKY COVER
  POSSIBLE SUNSHINE  MM
  AVERAGE SKY COVER 0.2


WEATHER CONDITIONS
 THE FOLLOWING WEATHER WAS RECORDED YESTERDAY.
  FOG
  HAZE


RELATIVE HUMIDITY (PERCENT)
 HIGHEST    92           500 AM
 LOWEST     43           300 PM
 AVERAGE    68

..........................................................


THE SAN JOSE AIRPORT CLIMATE NORMALS FOR TODAY
                         NORMAL    RECORD    YEAR
 MAXIMUM TEMPERATURE (F)   58        71      2009
 MINIMUM TEMPERATURE (F)   42        29      2012


SUNRISE AND SUNSET
JANUARY 17 2017.......SUNRISE   720 AM PST   SUNSET   516 PM PST
JANUARY 18 2017.......SUNRISE   720 AM PST   SUNSET   517 PM PST


-  INDICATES NEGATIVE NUMBERS.
R  INDICATES RECORD WAS SET OR TIED.
MM INDICATES DATA IS MISSING.
T  INDICATES TRACE AMOUNT.




$$
