000
CDUS46 KMTR 250040
CLISJC


CLIMATE REPORT
NATIONAL WEATHER SERVICE SAN FRANCISCO BAY AREA
538 PM PDT FRI MAR 24 2017


...................................

...THE SAN JOSE CA CLIMATE SUMMARY FOR MARCH 24 2017...
VALID TODAY AS OF 0500 PM LOCAL TIME.

CLIMATE NORMAL PERIOD 1981 TO 2010
CLIMATE RECORD PERIOD 1893 TO 2017


WEATHER ITEM   OBSERVED TIME   RECORD YEAR NORMAL DEPARTURE LAST
                VALUE   (LST)  VALUE       VALUE  FROM      YEAR
                                                  NORMAL
..................................................................
TEMPERATURE (F)
 TODAY
  MAXIMUM         59   1013 AM  81    1896  66     -7       69
  MINIMUM         53   1219 PM  30    1894  47      6       45
  AVERAGE         56                        57     -1       57

PRECIPITATION (IN)
  TODAY            0.11          1.26 1991   0.07   0.04     0.00
  MONTH TO DATE    1.19                      2.12  -0.93     3.92
  SINCE OCT 1     16.45                     13.39   3.06    13.02
  SINCE JAN 1     12.07                      8.30   3.77     8.32

SNOWFALL (IN)
  TODAY            0.0           0.0  1947
  MONTH TO DATE    0.0
  SINCE MAR 1      0.0
  SINCE JUL 1      0.0

DEGREE DAYS
 HEATING
  TODAY            9                         8      1        8
  MONTH TO DATE  173                       220    -47      152
  SINCE MAR 1    173                       220    -47      152
  SINCE JUL 1   1604                      1885   -281     1522

 COOLING
  TODAY            0                         0      0        0
  MONTH TO DATE    2                         0      2        0
  SINCE MAR 1      2                         0      2        0
  SINCE JAN 1      2                         0      2        0
..................................................................


WIND (MPH)
  RESULTANT WIND SPEED  13   RESULTANT WIND DIRECTION  SE (120)
  HIGHEST WIND SPEED    23   HIGHEST WIND DIRECTION     E (110)
  HIGHEST GUST SPEED    30   HIGHEST GUST DIRECTION     E (100)
  AVERAGE WIND SPEED    13.6


SKY COVER
  POSSIBLE SUNSHINE  MM
  AVERAGE SKY COVER 1.0


WEATHER CONDITIONS
 THE FOLLOWING WEATHER WAS RECORDED TODAY.
  RAIN
  LIGHT RAIN
  HAZE


RELATIVE HUMIDITY (PERCENT)
 HIGHEST    80           400 PM
 LOWEST     55           900 AM
 AVERAGE    68

..........................................................


THE SAN JOSE CA CLIMATE NORMALS FOR TOMORROW
                         NORMAL    RECORD    YEAR
 MAXIMUM TEMPERATURE (F)   67        83      1997
 MINIMUM TEMPERATURE (F)   47        32      1894


SUNRISE AND SUNSET
MARCH 24 2017.........SUNRISE   705 AM PDT   SUNSET   724 PM PDT
MARCH 25 2017.........SUNRISE   703 AM PDT   SUNSET   724 PM PDT


-  INDICATES NEGATIVE NUMBERS.
R  INDICATES RECORD WAS SET OR TIED.
MM INDICATES DATA IS MISSING.
T  INDICATES TRACE AMOUNT.




$$
