000
CDUS46 KMTR 010027
CLISJC


CLIMATE REPORT
NATIONAL WEATHER SERVICE SAN FRANCISCO BAY AREA
527 PM PDT FRI SEP 30 2016


...................................

...THE SAN JOSE CA CLIMATE SUMMARY FOR SEPTEMBER 30 2016...
VALID TODAY AS OF 0500 PM LOCAL TIME.

CLIMATE NORMAL PERIOD 1981 TO 2010
CLIMATE RECORD PERIOD 1893 TO 2016


WEATHER ITEM   OBSERVED TIME   RECORD YEAR NORMAL DEPARTURE LAST
                VALUE   (LST)  VALUE       VALUE  FROM      YEAR
                                                  NORMAL
..................................................................
TEMPERATURE (F)
 TODAY
  MAXIMUM         70    127 PM  94    2001  78     -8       65
  MINIMUM         56    404 AM  35    1893  55      1       59
  AVERAGE         63                        67     -4       62

PRECIPITATION (IN)
  TODAY            0.00          0.69 1894   0.01  -0.01     0.01
  MONTH TO DATE    T                         0.18  -0.18     0.01
  SINCE OCT 1     14.91                     15.82  -0.91    13.39
  SINCE JAN 1     10.21                     10.73  -0.52     3.44

SNOWFALL (IN)
  TODAY            0.0           0.0  1947
  MONTH TO DATE    0.0
  SINCE SEP 1      0.0
  SINCE JUL 1      0.0

DEGREE DAYS
 HEATING
  TODAY            2                         1      1        3
  MONTH TO DATE    2                        10     -8        5
  SINCE SEP 1      2                        13    -11        5
  SINCE JUL 1      2                        19    -17        5

 COOLING
  TODAY            0                         3     -3        0
  MONTH TO DATE  145                       116     29      170
  SINCE SEP 1    145                       116     29      170
  SINCE JAN 1    666                       599     67      669
..................................................................


WIND (MPH)
  RESULTANT WIND SPEED   9   RESULTANT WIND DIRECTION  NW (320)
  HIGHEST WIND SPEED    22   HIGHEST WIND DIRECTION    NW (320)
  HIGHEST GUST SPEED    26   HIGHEST GUST DIRECTION    NW (310)
  AVERAGE WIND SPEED     9.1


SKY COVER
  POSSIBLE SUNSHINE  MM
  AVERAGE SKY COVER 0.6


WEATHER CONDITIONS
 THE FOLLOWING WEATHER WAS RECORDED TODAY.
  HAZE


RELATIVE HUMIDITY (PERCENT)
 HIGHEST    83           400 AM
 LOWEST     36           200 PM
 AVERAGE    60

..........................................................


THE SAN JOSE CA CLIMATE NORMALS FOR TOMORROW
                         NORMAL    RECORD    YEAR
 MAXIMUM TEMPERATURE (F)   78        97      1980
 MINIMUM TEMPERATURE (F)   55        39      1894


SUNRISE AND SUNSET
SEPTEMBER 30 2016.....SUNRISE   703 AM PDT   SUNSET   651 PM PDT
OCTOBER  1 2016.......SUNRISE   704 AM PDT   SUNSET   650 PM PDT


-  INDICATES NEGATIVE NUMBERS.
R  INDICATES RECORD WAS SET OR TIED.
MM INDICATES DATA IS MISSING.
T  INDICATES TRACE AMOUNT.




$$
