000
CDUS44 KSJT 230754
CLISJT


CLIMATE REPORT
NATIONAL WEATHER SERVICE SAN ANGELO TX
254 AM CDT THU MAR 23 2017


...................................

...THE SAN ANGELO CLIMATE SUMMARY FOR MARCH 22 2017...

CLIMATE NORMAL PERIOD 1981 TO 2010
CLIMATE RECORD PERIOD 1907 TO 2017


WEATHER ITEM   OBSERVED TIME   RECORD YEAR NORMAL DEPARTURE LAST
                VALUE   (LST)  VALUE       VALUE  FROM      YEAR
                                                  NORMAL
..................................................................
TEMPERATURE (F)
 YESTERDAY
  MAXIMUM         90    359 PM  92    1995  73     17       80
  MINIMUM         57    710 AM  20    1914  46     11       49
  AVERAGE         74                        59     15       65

PRECIPITATION (IN)
  YESTERDAY        0.00          0.50 1979   0.05  -0.05     0.00
  MONTH TO DATE    0.04                      1.08  -1.04     3.33
  SINCE MAR 1      0.04                      1.08  -1.04     3.33
  SINCE JAN 1      2.75                      3.36  -0.61     4.13

SNOWFALL (IN)
  YESTERDAY        0.0           0.0  2002   0.0    0.0      0.0
  MONTH TO DATE    0.0                       0.1   -0.1       T
  SINCE NOV 1      T                         2.2   -2.2      3.1
  SINCE JUL 1      T                         2.2   -2.2      3.1
  SNOW DEPTH       0

DEGREE DAYS
 HEATING
  YESTERDAY        0                         7     -7        0
  MONTH TO DATE  105                       204    -99      117
  SINCE MAR 1    105                       204    -99      117
  SINCE JUL 1   1429                      2165   -736     1710

 COOLING
  YESTERDAY        9                         1      8        0
  MONTH TO DATE   91                        19     72       15
  SINCE MAR 1     91                        19     72       15
  SINCE JAN 1    118                        24     94       25
..................................................................


WIND (MPH)
  HIGHEST WIND SPEED    21   HIGHEST WIND DIRECTION    SE (140)
  HIGHEST GUST SPEED    27   HIGHEST GUST DIRECTION    SE (140)
  AVERAGE WIND SPEED    10.1


SKY COVER
  POSSIBLE SUNSHINE  MM
  AVERAGE SKY COVER 0.1


WEATHER CONDITIONS
 THE FOLLOWING WEATHER WAS RECORDED YESTERDAY.
  NO SIGNIFICANT WEATHER WAS OBSERVED.


RELATIVE HUMIDITY (PERCENT)
 HIGHEST    86           700 AM
 LOWEST     27           400 PM
 AVERAGE    57

..........................................................


THE SAN ANGELO CLIMATE NORMALS FOR TODAY
                         NORMAL    RECORD    YEAR
 MAXIMUM TEMPERATURE (F)   73        94      1934
 MINIMUM TEMPERATURE (F)   46        24      1952


SUNRISE AND SUNSET
MARCH 23 2017.........SUNRISE   742 AM CDT   SUNSET   756 PM CDT
MARCH 24 2017.........SUNRISE   740 AM CDT   SUNSET   756 PM CDT


-  INDICATES NEGATIVE NUMBERS.
R  INDICATES RECORD WAS SET OR TIED.
MM INDICATES DATA IS MISSING.
T  INDICATES TRACE AMOUNT.




$$
