000
CDUS44 KSJT 282225
CLISJT


CLIMATE REPORT
NATIONAL WEATHER SERVICE SAN ANGELO TX
525 PM CDT MON JUL 28 2014


...................................

...THE SAN ANGELO CLIMATE SUMMARY FOR JULY 28 2014...
VALID TODAY AS OF 0500 PM LOCAL TIME.

CLIMATE NORMAL PERIOD 1981 TO 2010
CLIMATE RECORD PERIOD 1907 TO 2014


WEATHER ITEM   OBSERVED TIME   RECORD YEAR NORMAL DEPARTURE LAST
                VALUE   (LST)  VALUE       VALUE  FROM      YEAR
                                                  NORMAL
..................................................................
TEMPERATURE (F)
 TODAY
  MAXIMUM        100    325 PM 110    1944  96      4       98
  MINIMUM         75    636 AM  62    1915  72      3       64
  AVERAGE         88                        84      4       81

PRECIPITATION (IN)
  TODAY            0.00          1.37 1971   0.04  -0.04     0.03
  MONTH TO DATE    0.77                      1.09  -0.32     3.17
  SINCE JUN 1      3.06                      3.68  -0.62     4.57
  SINCE JAN 1     11.33                     11.70  -0.37    10.95

DEGREE DAYS
 HEATING
  TODAY            0                         0      0        0
  MONTH TO DATE    0                         0      0        0
  SINCE JUN 1      0                         0      0        0
  SINCE JUL 1      0                         0      0        0

 COOLING
  TODAY           23                        19      4       16
  MONTH TO DATE  518                       507     11      482
  SINCE JUN 1   1002                       971     31     1043
  SINCE JAN 1   1604                      1431    173     1639
..................................................................


WIND (MPH)
  HIGHEST WIND SPEED    17   HIGHEST WIND DIRECTION     E (90)
  HIGHEST GUST SPEED    21   HIGHEST GUST DIRECTION     E (100)
  AVERAGE WIND SPEED     7.3


SKY COVER
  POSSIBLE SUNSHINE  MM
  AVERAGE SKY COVER 0.0


WEATHER CONDITIONS
 THE FOLLOWING WEATHER WAS RECORDED TODAY.
  NO SIGNIFICANT WEATHER WAS OBSERVED.


RELATIVE HUMIDITY (PERCENT)
 HIGHEST    74           600 AM
 LOWEST     26           200 PM
 AVERAGE    50

..........................................................


THE SAN ANGELO CLIMATE NORMALS FOR TOMORROW
                         NORMAL    RECORD    YEAR
 MAXIMUM TEMPERATURE (F)   96       111      1960
 MINIMUM TEMPERATURE (F)   72        64      1984


SUNRISE AND SUNSET
JULY 28 2014..........SUNRISE   656 AM CDT   SUNSET   841 PM CDT
JULY 29 2014..........SUNRISE   657 AM CDT   SUNSET   840 PM CDT


-  INDICATES NEGATIVE NUMBERS.
R  INDICATES RECORD WAS SET OR TIED.
MM INDICATES DATA IS MISSING.
T  INDICATES TRACE AMOUNT.




$$
