000
CDUS44 KSJT 290707
CLISJT


CLIMATE REPORT
NATIONAL WEATHER SERVICE SAN ANGELO TX
207 AM CDT SUN MAR 29 2015


...................................

...THE SAN ANGELO CLIMATE SUMMARY FOR MARCH 28 2015...

CLIMATE NORMAL PERIOD 1981 TO 2010
CLIMATE RECORD PERIOD 1907 TO 2015


WEATHER ITEM   OBSERVED TIME   RECORD YEAR NORMAL DEPARTURE LAST
                VALUE   (LST)  VALUE       VALUE  FROM      YEAR
                                                  NORMAL
..................................................................
TEMPERATURE (F)
 YESTERDAY
  MAXIMUM         87    431 PM  94    1967  75     12       87
  MINIMUM         54   1259 AM  24    1955  47      7       54
  AVERAGE         71                        61     10       71

PRECIPITATION (IN)
  YESTERDAY        0.00          0.61 1989   0.04  -0.04     0.00
  MONTH TO DATE    1.67                      1.36   0.31     0.05
  SINCE MAR 1      1.67                      1.36   0.31     0.05
  SINCE JAN 1      3.93                      3.64   0.29     0.11

SNOWFALL (IN)
  YESTERDAY        0.0           0.0  2002   0.0    0.0      0.0
  MONTH TO DATE    0.2                       0.1    0.1       T
  SINCE NOV 1      1.4                       2.2   -0.8      1.6
  SINCE JUL 1      1.4                       2.2   -0.8      1.6
  SNOW DEPTH       0

DEGREE DAYS
 HEATING
  YESTERDAY        0                         6     -6        0
  MONTH TO DATE  288                       242     46      277
  SINCE MAR 1    288                       242     46      277
  SINCE JUL 1   2135                      2203    -68     2397

 COOLING
  YESTERDAY        6                         2      4        6
  MONTH TO DATE   28                        30     -2       43
  SINCE MAR 1     28                        30     -2       43
  SINCE JAN 1     30                        35     -5       46
..................................................................


WIND (MPH)
  HIGHEST WIND SPEED    24   HIGHEST WIND DIRECTION    SW (220)
  HIGHEST GUST SPEED    29   HIGHEST GUST DIRECTION    SW (210)
  AVERAGE WIND SPEED    15.7


SKY COVER
  POSSIBLE SUNSHINE  MM
  AVERAGE SKY COVER 0.0


WEATHER CONDITIONS
 THE FOLLOWING WEATHER WAS RECORDED YESTERDAY.
  NO SIGNIFICANT WEATHER WAS OBSERVED.


RELATIVE HUMIDITY (PERCENT)
 HIGHEST    47           100 AM
 LOWEST     17           400 PM
 AVERAGE    32

..........................................................


THE SAN ANGELO CLIMATE NORMALS FOR TODAY
                         NORMAL    RECORD    YEAR
 MAXIMUM TEMPERATURE (F)   75        97      1967
 MINIMUM TEMPERATURE (F)   47        27      1987


SUNRISE AND SUNSET
MARCH 29 2015.........SUNRISE   735 AM CDT   SUNSET   759 PM CDT
MARCH 30 2015.........SUNRISE   733 AM CDT   SUNSET   800 PM CDT


-  INDICATES NEGATIVE NUMBERS.
R  INDICATES RECORD WAS SET OR TIED.
MM INDICATES DATA IS MISSING.
T  INDICATES TRACE AMOUNT.




$$
