000
CDUS44 KSJT 290756
CLISJT


CLIMATE REPORT
NATIONAL WEATHER SERVICE SAN ANGELO TX
155 AM CST THU JAN 29 2015


...................................

...THE SAN ANGELO CLIMATE SUMMARY FOR JANUARY 28 2015...

CLIMATE NORMAL PERIOD 1981 TO 2010
CLIMATE RECORD PERIOD 1907 TO 2015


WEATHER ITEM   OBSERVED TIME   RECORD YEAR NORMAL DEPARTURE LAST
                VALUE   (LST)  VALUE       VALUE  FROM      YEAR
                                                  NORMAL
..................................................................
TEMPERATURE (F)
 YESTERDAY
  MAXIMUM         81    418 PM  85    1970  61     20       36
  MINIMUM         42    622 AM  11    1948  34      8       19
  AVERAGE         62                        47     15       28

PRECIPITATION (IN)
  YESTERDAY        0.00          1.40 2010   0.03  -0.03     0.00
  MONTH TO DATE    1.50                      0.83   0.67      T
  SINCE DEC 1      1.86                      1.68   0.18     1.15
  SINCE JAN 1      1.50                      0.83   0.67      T

SNOWFALL (IN)
  YESTERDAY        0.0           0.9  1961   0.0    0.0      0.0
  MONTH TO DATE    T                         1.1   -1.1       T
  SINCE NOV 1      T                         1.7   -1.7      1.5
  SINCE JUL 1      T                         1.7   -1.7      1.5
  SNOW DEPTH       0

DEGREE DAYS
 HEATING
  YESTERDAY        3                        18    -15       37
  MONTH TO DATE  596                       523     73      539
  SINCE DEC 1    987                      1090   -103     1162
  SINCE JUL 1   1357                      1490   -133     1638

 COOLING
  YESTERDAY        0                         0      0        0
  MONTH TO DATE    0                         0      0        0
  SINCE DEC 1      1                         1      0        3
  SINCE JAN 1      0                         0      0        0
..................................................................


WIND (MPH)
  HIGHEST WIND SPEED    21   HIGHEST WIND DIRECTION    SW (220)
  HIGHEST GUST SPEED    25   HIGHEST GUST DIRECTION    SW (210)
  AVERAGE WIND SPEED     8.7


SKY COVER
  POSSIBLE SUNSHINE  MM
  AVERAGE SKY COVER 0.0


WEATHER CONDITIONS
 THE FOLLOWING WEATHER WAS RECORDED YESTERDAY.
  NO SIGNIFICANT WEATHER WAS OBSERVED.


RELATIVE HUMIDITY (PERCENT)
 HIGHEST    82           500 AM
 LOWEST     23           200 PM
 AVERAGE    53

..........................................................


THE SAN ANGELO CLIMATE NORMALS FOR TODAY
                         NORMAL    RECORD    YEAR
 MAXIMUM TEMPERATURE (F)   61        83      1971
 MINIMUM TEMPERATURE (F)   34         9      2014


SUNRISE AND SUNSET
JANUARY 29 2015.......SUNRISE   736 AM CST   SUNSET   614 PM CST
JANUARY 30 2015.......SUNRISE   736 AM CST   SUNSET   615 PM CST


-  INDICATES NEGATIVE NUMBERS.
R  INDICATES RECORD WAS SET OR TIED.
MM INDICATES DATA IS MISSING.
T  INDICATES TRACE AMOUNT.




$$
