000
CDUS44 KSJT 270654
CLISJT


CLIMATE REPORT
NATIONAL WEATHER SERVICE SAN ANGELO TX
153 AM CDT WED AUG 27 2014


...................................

...THE SAN ANGELO CLIMATE SUMMARY FOR AUGUST 26 2014...

CLIMATE NORMAL PERIOD 1981 TO 2010
CLIMATE RECORD PERIOD 1907 TO 2014


WEATHER ITEM   OBSERVED TIME   RECORD YEAR NORMAL DEPARTURE LAST
                VALUE   (LST)  VALUE       VALUE  FROM      YEAR
                                                  NORMAL
..................................................................
TEMPERATURE (F)
 YESTERDAY
  MAXIMUM         98    427 PM 104    2002  93      5       91
                                      1922
  MINIMUM         67    531 AM  54    1926  70     -3       68
  AVERAGE         83                        82      1       80

PRECIPITATION (IN)
  YESTERDAY        0.00          1.93 1914   0.09  -0.09     0.00
  MONTH TO DATE    0.63                      1.77  -1.14     0.81
  SINCE JUN 1      3.69                      5.56  -1.87     5.38
  SINCE JAN 1     11.96                     13.58  -1.62    11.76

DEGREE DAYS
 HEATING
  YESTERDAY        0                         0      0        0
  MONTH TO DATE    0                         0      0        0
  SINCE JUN 1      0                         0      0        0
  SINCE JUL 1      0                         0      0        0

 COOLING
  YESTERDAY       18                        17      1       15
  MONTH TO DATE  495                       472     23      531
  SINCE JUN 1   1558                      1499     59     1646
  SINCE JAN 1   2160                      1959    201     2242
..................................................................


WIND (MPH)
  HIGHEST WIND SPEED    15   HIGHEST WIND DIRECTION     E (80)
  HIGHEST GUST SPEED    22   HIGHEST GUST DIRECTION    NE (30)
  AVERAGE WIND SPEED     5.8


SKY COVER
  POSSIBLE SUNSHINE  MM
  AVERAGE SKY COVER 0.1


WEATHER CONDITIONS
 THE FOLLOWING WEATHER WAS RECORDED YESTERDAY.
  NO SIGNIFICANT WEATHER WAS OBSERVED.


RELATIVE HUMIDITY (PERCENT)
 HIGHEST    73           600 AM
 LOWEST     27           500 PM
 AVERAGE    50

..........................................................


THE SAN ANGELO CLIMATE NORMALS FOR TODAY
                         NORMAL    RECORD    YEAR
 MAXIMUM TEMPERATURE (F)   93       106      2002
 MINIMUM TEMPERATURE (F)   69        55      1926


SUNRISE AND SUNSET
AUGUST 27 2014........SUNRISE   715 AM CDT   SUNSET   812 PM CDT
AUGUST 28 2014........SUNRISE   715 AM CDT   SUNSET   810 PM CDT


-  INDICATES NEGATIVE NUMBERS.
R  INDICATES RECORD WAS SET OR TIED.
MM INDICATES DATA IS MISSING.
T  INDICATES TRACE AMOUNT.




$$
