000
CDUS44 KSJT 112330
CLISJT


CLIMATE REPORT
NATIONAL WEATHER SERVICE SAN ANGELO TX
530 PM CST THU FEB 11 2016


...................................

...THE SAN ANGELO CLIMATE SUMMARY FOR FEBRUARY 11 2016...
VALID TODAY AS OF 0500 PM LOCAL TIME.

CLIMATE NORMAL PERIOD 1981 TO 2010
CLIMATE RECORD PERIOD 1907 TO 2016


WEATHER ITEM   OBSERVED TIME   RECORD YEAR NORMAL DEPARTURE LAST
                VALUE   (LST)  VALUE       VALUE  FROM      YEAR
                                                  NORMAL
..................................................................
TEMPERATURE (F)
 TODAY
  MAXIMUM         83    334 PM  86    1962  63     20       71
                                      1922
  MINIMUM         40    740 AM  10    1981  36      4       47
  AVERAGE         62                        49     13       59

PRECIPITATION (IN)
  TODAY            0.00          0.36 1935   0.05  -0.05     0.00
  MONTH TO DATE    0.00                      0.47  -0.47      T
  SINCE DEC 1      2.29                      2.25   0.04     2.39
  SINCE JAN 1      0.03                      1.40  -1.37     2.03

SNOWFALL (IN)
  TODAY            0.0           2.0  1963   0.0    0.0      0.0
  MONTH TO DATE    0.0                       0.1   -0.1      0.0
  SINCE NOV 1      3.1                       1.9    1.2       T
  SINCE JUL 1      3.1                       1.9    1.2       T

DEGREE DAYS
 HEATING
  TODAY            3                        16    -13        6
  MONTH TO DATE  173                       182     -9      134
  SINCE DEC 1   1148                      1326   -178     1155
  SINCE JUL 1   1434                      1726   -292     1525

 COOLING
  TODAY            0                         0      0        0
  MONTH TO DATE    0                         0      0        0
  SINCE DEC 1      0                         2     -2        1
  SINCE JAN 1      0                         1     -1        0
..................................................................


WIND (MPH)
  HIGHEST WIND SPEED    18   HIGHEST WIND DIRECTION     S (200)
  HIGHEST GUST SPEED    25   HIGHEST GUST DIRECTION     S (200)
  AVERAGE WIND SPEED     9.6


SKY COVER
  POSSIBLE SUNSHINE  MM
  AVERAGE SKY COVER 0.0


WEATHER CONDITIONS
 THE FOLLOWING WEATHER WAS RECORDED TODAY.
  HAZE


RELATIVE HUMIDITY (PERCENT)
 HIGHEST    53           800 AM
 LOWEST     10           300 PM
 AVERAGE    32

..........................................................


THE SAN ANGELO CLIMATE NORMALS FOR TOMORROW
                         NORMAL    RECORD    YEAR
 MAXIMUM TEMPERATURE (F)   63        90      1922
 MINIMUM TEMPERATURE (F)   36        15      1948


SUNRISE AND SUNSET
FEBRUARY 11 2016......SUNRISE   727 AM CST   SUNSET   625 PM CST
FEBRUARY 12 2016......SUNRISE   726 AM CST   SUNSET   626 PM CST


-  INDICATES NEGATIVE NUMBERS.
R  INDICATES RECORD WAS SET OR TIED.
MM INDICATES DATA IS MISSING.
T  INDICATES TRACE AMOUNT.




$$
