000
CDUS44 KSJT 290704
CLISJT


CLIMATE REPORT
NATIONAL WEATHER SERVICE SAN ANGELO TX
204 AM CDT SUN MAY 29 2016


...................................

...THE SAN ANGELO CLIMATE SUMMARY FOR MAY 28 2016...

CLIMATE NORMAL PERIOD 1981 TO 2010
CLIMATE RECORD PERIOD 1907 TO 2016


WEATHER ITEM   OBSERVED TIME   RECORD YEAR NORMAL DEPARTURE LAST
                VALUE   (LST)  VALUE       VALUE  FROM      YEAR
                                                  NORMAL
..................................................................
TEMPERATURE (F)
 YESTERDAY
  MAXIMUM         92    431 PM 110    2011  89      3       88
  MINIMUM         62    613 AM  51    1968  66     -4       62
  AVERAGE         77                        77      0       75

PRECIPITATION (IN)
  YESTERDAY        0.00          2.16 1987   0.11  -0.11     0.96
  MONTH TO DATE    4.77                      2.49   2.28     8.80
  SINCE MAR 1     13.20                      5.41   7.79    12.28
  SINCE JAN 1     14.00                      7.69   6.31    14.54

DEGREE DAYS
 HEATING
  YESTERDAY        0                         0      0        0
  MONTH TO DATE   22                         8     14        8
  SINCE MAR 1    232                       353   -121      338
  SINCE JUL 1   1825                      2314   -489     2185

 COOLING
  YESTERDAY       12                        13     -1       10
  MONTH TO DATE  242                       266    -24      253
  SINCE MAR 1    366                       417    -51      447
  SINCE JAN 1    376                       422    -46      449
..................................................................


WIND (MPH)
  HIGHEST WIND SPEED    20   HIGHEST WIND DIRECTION    SE (130)
  HIGHEST GUST SPEED    25   HIGHEST GUST DIRECTION    SE (130)
  AVERAGE WIND SPEED     8.4


SKY COVER
  POSSIBLE SUNSHINE  MM
  AVERAGE SKY COVER 0.1


WEATHER CONDITIONS
 THE FOLLOWING WEATHER WAS RECORDED YESTERDAY.
  THUNDERSTORM
  FOG


RELATIVE HUMIDITY (PERCENT)
 HIGHEST    93          1200 AM
 LOWEST     38           300 PM
 AVERAGE    66

..........................................................


THE SAN ANGELO CLIMATE NORMALS FOR TODAY
                         NORMAL    RECORD    YEAR
 MAXIMUM TEMPERATURE (F)   90       107      1927
 MINIMUM TEMPERATURE (F)   66        48      1947


SUNRISE AND SUNSET
MAY 29 2016...........SUNRISE   639 AM CDT   SUNSET   840 PM CDT
MAY 30 2016...........SUNRISE   639 AM CDT   SUNSET   841 PM CDT


-  INDICATES NEGATIVE NUMBERS.
R  INDICATES RECORD WAS SET OR TIED.
MM INDICATES DATA IS MISSING.
T  INDICATES TRACE AMOUNT.




$$
