000
CDUS44 KSJT 010653
CLISJT


CLIMATE REPORT
NATIONAL WEATHER SERVICE SAN ANGELO TX
153 AM CDT SUN MAY 1 2016


...................................

...THE SAN ANGELO CLIMATE SUMMARY FOR APRIL 30 2016...

CLIMATE NORMAL PERIOD 1981 TO 2010
CLIMATE RECORD PERIOD 1907 TO 2016


WEATHER ITEM   OBSERVED TIME   RECORD YEAR NORMAL DEPARTURE LAST
                VALUE   (LST)  VALUE       VALUE  FROM      YEAR
                                                  NORMAL
..................................................................
TEMPERATURE (F)
 YESTERDAY
  MAXIMUM         82    440 PM 100    2002  84     -2       84
                                      1948
  MINIMUM         54    611 AM  32    1908  56     -2       43
  AVERAGE         68                        70     -2       64

PRECIPITATION (IN)
  YESTERDAY        T             1.22 1974   0.06  -0.06     0.00
  MONTH TO DATE    5.10                      1.42   3.68     1.82
  SINCE MAR 1      8.43                      2.92   5.51     3.48
  SINCE JAN 1      9.23                      5.20   4.03     5.74

SNOWFALL (IN)
  YESTERDAY        0.0           0.0  2002   0.0    0.0      0.0
  MONTH TO DATE    0.0                       T      0.0       T
  SINCE NOV 1      3.1                       2.2    0.9      1.4
  SINCE JUL 1      3.1                       2.2    0.9      1.4
  SNOW DEPTH       0

DEGREE DAYS
 HEATING
  YESTERDAY        0                         1     -1        1
  MONTH TO DATE   55                        88    -33       44
  SINCE MAR 1    210                       345   -135      330
  SINCE JUL 1   1803                      2306   -503     2177

 COOLING
  YESTERDAY        3                         6     -3        0
  MONTH TO DATE   82                       118    -36      143
  SINCE MAR 1    124                       151    -27      194
  SINCE JAN 1    134                       156    -22      196
..................................................................


WIND (MPH)
  HIGHEST WIND SPEED    14   HIGHEST WIND DIRECTION     E (90)
  HIGHEST GUST SPEED    18   HIGHEST GUST DIRECTION     E (100)
  AVERAGE WIND SPEED     6.7


SKY COVER
  POSSIBLE SUNSHINE  MM
  AVERAGE SKY COVER 0.0


WEATHER CONDITIONS
 THE FOLLOWING WEATHER WAS RECORDED YESTERDAY.
  NO SIGNIFICANT WEATHER WAS OBSERVED.


RELATIVE HUMIDITY (PERCENT)
 HIGHEST    89           600 AM
 LOWEST     28           500 PM
 AVERAGE    59

..........................................................


THE SAN ANGELO CLIMATE NORMALS FOR TODAY
                         NORMAL    RECORD    YEAR
 MAXIMUM TEMPERATURE (F)   84       104      2002
                                             1928
 MINIMUM TEMPERATURE (F)   57        40      1909


SUNRISE AND SUNSET
MAY  1 2016...........SUNRISE   657 AM CDT   SUNSET   822 PM CDT
MAY  2 2016...........SUNRISE   656 AM CDT   SUNSET   823 PM CDT


-  INDICATES NEGATIVE NUMBERS.
R  INDICATES RECORD WAS SET OR TIED.
MM INDICATES DATA IS MISSING.
T  INDICATES TRACE AMOUNT.




$$
