000
CDUS44 KSJT 302228
CLISJT


CLIMATE REPORT
NATIONAL WEATHER SERVICE SAN ANGELO TX
527 PM CDT SAT JUL 30 2016


...................................

...THE SAN ANGELO CLIMATE SUMMARY FOR JULY 30 2016...
VALID TODAY AS OF 0500 PM LOCAL TIME.

CLIMATE NORMAL PERIOD 1981 TO 2010
CLIMATE RECORD PERIOD 1907 TO 2016


WEATHER ITEM   OBSERVED TIME   RECORD YEAR NORMAL DEPARTURE LAST
                VALUE   (LST)  VALUE       VALUE  FROM      YEAR
                                                  NORMAL
..................................................................
TEMPERATURE (F)
 TODAY
  MAXIMUM        100    333 PM 106    1944  96      4      101
                                      1912
  MINIMUM         75    629 AM  59    1984  72      3       74
  AVERAGE         88                        84      4       88

PRECIPITATION (IN)
  TODAY            0.00          0.68 1974   0.03  -0.03     0.00
  MONTH TO DATE    T                         1.16  -1.16     0.55
  SINCE JUN 1      7.02                      3.75   3.27     4.10
  SINCE JAN 1     22.65                     11.77  10.88    18.96

DEGREE DAYS
 HEATING
  TODAY            0                         0      0        0
  MONTH TO DATE    0                         0      0        0
  SINCE JUN 1      0                         0      0        0
  SINCE JUL 1      0                         0      0        0

 COOLING
  TODAY           23                        19      4       23
  MONTH TO DATE  677                       545    132      609
  SINCE JUN 1   1123                      1009    114     1053
  SINCE JAN 1   1534                      1469     65     1520
..................................................................


WIND (MPH)
  HIGHEST WIND SPEED    16   HIGHEST WIND DIRECTION     S (190)
  HIGHEST GUST SPEED    24   HIGHEST GUST DIRECTION     S (190)
  AVERAGE WIND SPEED     8.7


SKY COVER
  POSSIBLE SUNSHINE  MM
  AVERAGE SKY COVER 0.0


WEATHER CONDITIONS
 THE FOLLOWING WEATHER WAS RECORDED TODAY.
  NO SIGNIFICANT WEATHER WAS OBSERVED.


RELATIVE HUMIDITY (PERCENT)
 HIGHEST    74           400 AM
 LOWEST     26           300 PM
 AVERAGE    50

..........................................................


THE SAN ANGELO CLIMATE NORMALS FOR TOMORROW
                         NORMAL    RECORD    YEAR
 MAXIMUM TEMPERATURE (F)   96       110      1912
 MINIMUM TEMPERATURE (F)   72        59      1984


SUNRISE AND SUNSET
JULY 30 2016..........SUNRISE   658 AM CDT   SUNSET   839 PM CDT
JULY 31 2016..........SUNRISE   658 AM CDT   SUNSET   838 PM CDT


-  INDICATES NEGATIVE NUMBERS.
R  INDICATES RECORD WAS SET OR TIED.
MM INDICATES DATA IS MISSING.
T  INDICATES TRACE AMOUNT.




$$
