189
CDUS44 KSJT 230750
CLISJT


CLIMATE REPORT
NATIONAL WEATHER SERVICE SAN ANGELO TX
250 AM CDT MON OCT 23 2017


...................................

...THE SAN ANGELO CLIMATE SUMMARY FOR OCTOBER 22 2017...

CLIMATE NORMAL PERIOD 1981 TO 2010
CLIMATE RECORD PERIOD 1907 TO 2017


WEATHER ITEM   OBSERVED TIME   RECORD YEAR NORMAL DEPARTURE LAST
                VALUE   (LST)  VALUE       VALUE  FROM      YEAR
                                                  NORMAL
..................................................................
TEMPERATURE (F)
 YESTERDAY
  MAXIMUM         76    434 PM  92    1940  77     -1       84
  MINIMUM         47   1159 PM  33    1993  52     -5       43
                                      1990
  AVERAGE         62                        64     -2       64

PRECIPITATION (IN)
  YESTERDAY        0.00          2.10 1919   0.09  -0.09     0.00
  MONTH TO DATE    0.79                      2.03  -1.24     1.49
  SINCE SEP 1      4.25                      4.49  -0.24     6.73
  SINCE JAN 1     16.35                     18.56  -2.21    32.25

SNOWFALL (IN)
  YESTERDAY        0.0           0.0  2002   0.0    0.0      0.0
  MONTH TO DATE    0.0                       0.0    0.0      0.0
  SINCE NOV 1      T                         2.2   -2.2      3.1
  SINCE JUL 1      0.0                       0.0    0.0      0.0
  SNOW DEPTH       0

DEGREE DAYS
 HEATING
  YESTERDAY        3                         3      0        1
  MONTH TO DATE   25                        41    -16       13
  SINCE SEP 1     25                        50    -25       13
  SINCE JUL 1     25                        50    -25       13

 COOLING
  YESTERDAY        0                         3     -3        0
  MONTH TO DATE  153                        99     54      172
  SINCE SEP 1    528                       428    100      571
  SINCE JAN 1   2802                      2464    338     2731
..................................................................


WIND (MPH)
  HIGHEST WIND SPEED    20   HIGHEST WIND DIRECTION     N (20)
  HIGHEST GUST SPEED    22   HIGHEST GUST DIRECTION     N (20)
  AVERAGE WIND SPEED     7.0


SKY COVER
  POSSIBLE SUNSHINE  MM
  AVERAGE SKY COVER 0.0


WEATHER CONDITIONS
 THE FOLLOWING WEATHER WAS RECORDED YESTERDAY.
  HAZE


RELATIVE HUMIDITY (PERCENT)
 HIGHEST    73          1200 AM
 LOWEST     18           400 PM
 AVERAGE    46

..........................................................


THE SAN ANGELO CLIMATE NORMALS FOR TODAY
                         NORMAL    RECORD    YEAR
 MAXIMUM TEMPERATURE (F)   77        92      1989
 MINIMUM TEMPERATURE (F)   52        30      2008
                                             1911


SUNRISE AND SUNSET
OCTOBER 23 2017.......SUNRISE   751 AM CDT   SUNSET   701 PM CDT
OCTOBER 24 2017.......SUNRISE   752 AM CDT   SUNSET   700 PM CDT


-  INDICATES NEGATIVE NUMBERS.
R  INDICATES RECORD WAS SET OR TIED.
MM INDICATES DATA IS MISSING.
T  INDICATES TRACE AMOUNT.




$$
