000
CDUS44 KSJT 230754
CLISJT


CLIMATE REPORT
NATIONAL WEATHER SERVICE SAN ANGELO TX
154 AM CST SUN NOV 23 2014


...................................

...THE SAN ANGELO CLIMATE SUMMARY FOR NOVEMBER 22 2014...

CLIMATE NORMAL PERIOD 1981 TO 2010
CLIMATE RECORD PERIOD 1907 TO 2014


WEATHER ITEM   OBSERVED TIME   RECORD YEAR NORMAL DEPARTURE LAST
                VALUE   (LST)  VALUE       VALUE  FROM      YEAR
                                                  NORMAL
..................................................................
TEMPERATURE (F)
 YESTERDAY
  MAXIMUM         77    311 PM  85    1955  66     11       44
                                      1910
  MINIMUM         49   1134 PM  21    1926  40      9       31
  AVERAGE         63                        53     10       38

PRECIPITATION (IN)
  YESTERDAY        0.04          1.82 1912   0.03   0.01     0.04
  MONTH TO DATE    3.04                      0.92   2.12     0.26
  SINCE SEP 1      4.37                      6.11  -1.74     6.34
  SINCE JAN 1     16.35                     20.18  -3.83    18.10

SNOWFALL (IN)
  YESTERDAY       MM             1.3  1957   0.0   MM         T
  MONTH TO DATE    T                         0.2   -0.2       T
  SINCE NOV 1      T                         0.2   -0.2       T
  SINCE JUL 1      T                         0.2   -0.2       T
  SNOW DEPTH       0

DEGREE DAYS
 HEATING
  YESTERDAY        2                        13    -11       27
  MONTH TO DATE  275                       196     79      201
  SINCE SEP 1    296                       287      9      283
  SINCE JUL 1    296                       287      9      283

 COOLING
  YESTERDAY        0                         0      0        0
  MONTH TO DATE   10                        15     -5        9
  SINCE SEP 1    614                       463    151      534
  SINCE JAN 1   2872                      2499    373     2860
..................................................................


WIND (MPH)
  HIGHEST WIND SPEED    25   HIGHEST WIND DIRECTION    SW (230)
  HIGHEST GUST SPEED    31   HIGHEST GUST DIRECTION    SW (210)
  AVERAGE WIND SPEED     8.1


SKY COVER
  POSSIBLE SUNSHINE  MM
  AVERAGE SKY COVER 0.5


WEATHER CONDITIONS
 THE FOLLOWING WEATHER WAS RECORDED YESTERDAY.
  THUNDERSTORM
  LIGHT RAIN


RELATIVE HUMIDITY (PERCENT)
 HIGHEST    97           300 AM
 LOWEST     50           300 PM
 AVERAGE    74

..........................................................


THE SAN ANGELO CLIMATE NORMALS FOR TODAY
                         NORMAL    RECORD    YEAR
 MAXIMUM TEMPERATURE (F)   65        85      1965
 MINIMUM TEMPERATURE (F)   39        22      1937


SUNRISE AND SUNSET
NOVEMBER 23 2014......SUNRISE   716 AM CST   SUNSET   540 PM CST
NOVEMBER 24 2014......SUNRISE   717 AM CST   SUNSET   540 PM CST


-  INDICATES NEGATIVE NUMBERS.
R  INDICATES RECORD WAS SET OR TIED.
MM INDICATES DATA IS MISSING.
T  INDICATES TRACE AMOUNT.




$$
