000
CDUS44 KSJT 300626
CLISJT


CLIMATE REPORT
NATIONAL WEATHER SERVICE SAN ANGELO TX
125 AM CDT THU JUL 30 2015


...................................

...THE SAN ANGELO CLIMATE SUMMARY FOR JULY 29 2015...

CLIMATE NORMAL PERIOD 1981 TO 2010
CLIMATE RECORD PERIOD 1907 TO 2015


WEATHER ITEM   OBSERVED TIME   RECORD YEAR NORMAL DEPARTURE LAST
                VALUE   (LST)  VALUE       VALUE  FROM      YEAR
                                                  NORMAL
..................................................................
TEMPERATURE (F)
 YESTERDAY
  MAXIMUM        101    453 PM 111    1960  96      5      100
  MINIMUM         75    634 AM  64    1984  72      3       72
  AVERAGE         88                        84      4       86

PRECIPITATION (IN)
  YESTERDAY        0.00          0.73 2005   0.04  -0.04     0.00
  MONTH TO DATE    0.55                      1.13  -0.58     0.77
  SINCE JUN 1      4.10                      3.72   0.38     3.06
  SINCE JAN 1     18.96                     11.74   7.22    11.33

DEGREE DAYS
 HEATING
  YESTERDAY        0                         0      0        0
  MONTH TO DATE    0                         0      0        0
  SINCE JUN 1      0                         0      0        0
  SINCE JUL 1      0                         0      0        0

 COOLING
  YESTERDAY       23                        19      4       21
  MONTH TO DATE  586                       526     60      539
  SINCE JUN 1   1030                       990     40     1023
  SINCE JAN 1   1497                      1450     47     1625
..................................................................


WIND (MPH)
  HIGHEST WIND SPEED    16   HIGHEST WIND DIRECTION     E (70)
  HIGHEST GUST SPEED    23   HIGHEST GUST DIRECTION     E (90)
  AVERAGE WIND SPEED     6.7


SKY COVER
  POSSIBLE SUNSHINE  MM
  AVERAGE SKY COVER 0.1


WEATHER CONDITIONS
 THE FOLLOWING WEATHER WAS RECORDED YESTERDAY.
  NO SIGNIFICANT WEATHER WAS OBSERVED.


RELATIVE HUMIDITY (PERCENT)
 HIGHEST    79           500 AM
 LOWEST     27           400 PM
 AVERAGE    53

..........................................................


THE SAN ANGELO CLIMATE NORMALS FOR TODAY
                         NORMAL    RECORD    YEAR
 MAXIMUM TEMPERATURE (F)   96       106      1944
                                             1912
 MINIMUM TEMPERATURE (F)   72        59      1984


SUNRISE AND SUNSET
JULY 30 2015..........SUNRISE   657 AM CDT   SUNSET   839 PM CDT
JULY 31 2015..........SUNRISE   658 AM CDT   SUNSET   839 PM CDT


-  INDICATES NEGATIVE NUMBERS.
R  INDICATES RECORD WAS SET OR TIED.
MM INDICATES DATA IS MISSING.
T  INDICATES TRACE AMOUNT.




$$
