000
CDCA42 TJSJ 200430
CLISJU


CLIMATE REPORT
NATIONAL WEATHER SERVICE SAN JUAN, PR
1229 AM AST SAT JAN 20 2018


...................................

...THE SAN JUAN AREA/PR CLIMATE SUMMARY FOR JANUARY 19 2018...

CLIMATE NORMAL PERIOD 1981 TO 2010
CLIMATE RECORD PERIOD 1898 TO 2018


WEATHER ITEM   OBSERVED TIME   RECORD YEAR NORMAL DEPARTURE LAST
                VALUE   (LST)  VALUE       VALUE  FROM      YEAR
                                                  NORMAL
..................................................................
TEMPERATURE (F)
 YESTERDAY
  MAXIMUM         84   1212 PM  90    1977  83      1       81
  MINIMUM         75    735 AM  66    2000  72      3       68
  AVERAGE         80                        78      2       75

PRECIPITATION (IN)
  YESTERDAY        0.05          2.21 1945   0.12  -0.07     0.00
  MONTH TO DATE    3.15                      2.53   0.62     1.81
  SINCE DEC 1      6.48                      7.55  -1.07     6.11
  SINCE JAN 1      3.15                      2.53   0.62     1.81

SNOWFALL (IN)
  YESTERDAY        0.0                       0.0    0.0      0.0
  MONTH TO DATE    0.0                       0.0    0.0      0.0
  SINCE DEC 1      0.0                       0.0    0.0      0.0
  SINCE JUL 1      0.0                       0.0    0.0      0.0

DEGREE DAYS
 HEATING
  YESTERDAY        0                         0      0        0
  MONTH TO DATE    0                         0      0        0
  SINCE DEC 1      0                         0      0        0
  SINCE JUL 1      0                         0      0        0

 COOLING
  YESTERDAY       15                        12      3       10
  MONTH TO DATE  280                       246     34      266
  SINCE DEC 1    752                       669     83      761
  SINCE JAN 1    280                       246     34      266
..................................................................


WIND (MPH)
  HIGHEST WIND SPEED    20   HIGHEST WIND DIRECTION    NE (60)
  HIGHEST GUST SPEED    25   HIGHEST GUST DIRECTION     E (70)
  AVERAGE WIND SPEED     6.5


SKY COVER
  AVERAGE SKY COVER 0.5


WEATHER CONDITIONS
 THE FOLLOWING WEATHER WAS RECORDED YESTERDAY.
  LIGHT RAIN
  FOG


RELATIVE HUMIDITY (PERCENT)
 HIGHEST    94
 LOWEST     69
 AVERAGE    82

..........................................................


THE SAN JUAN AREA/PR CLIMATE NORMALS FOR TODAY
                         NORMAL    RECORD    YEAR
 MAXIMUM TEMPERATURE (F)   83        89      1966
 MINIMUM TEMPERATURE (F)   72        64      2000


SUNRISE AND SUNSET
JANUARY 20 2018.......SUNRISE   659 AM AST   SUNSET   611 PM AST
JANUARY 21 2018.......SUNRISE   659 AM AST   SUNSET   612 PM AST


-  INDICATES NEGATIVE NUMBERS.
R  INDICATES RECORD WAS SET OR TIED.
MM INDICATES DATA IS MISSING.
T  INDICATES TRACE AMOUNT.




$$
