000
CDCA42 TJSJ 230428
CLISJU


CLIMATE REPORT
NATIONAL WEATHER SERVICE SAN JUAN, PR
1228 AM AST WED JUL 23 2014


...................................

...THE SAN JUAN/P.R. CLIMATE SUMMARY FOR JULY 22 2014...

CLIMATE NORMAL PERIOD 1981 TO 2010
CLIMATE RECORD PERIOD 1898 TO 2014


WEATHER ITEM   OBSERVED TIME   RECORD YEAR NORMAL DEPARTURE LAST
                VALUE   (LST)  VALUE       VALUE  FROM      YEAR
                                                  NORMAL
..................................................................
TEMPERATURE (F)
 YESTERDAY
  MAXIMUM         88    248 PM  93    1974  89     -1       85
  MINIMUM         79   1002 AM  70    1936  78      1       76
  AVERAGE         84                        83      1       81

PRECIPITATION (IN)
  YESTERDAY        0.34          2.23 2007   0.16   0.18     1.07
  MONTH TO DATE    3.07                      3.64  -0.57    13.75
  SINCE JUN 1      3.84                      8.05  -4.21    25.04
  SINCE JAN 1     22.25                     26.73  -4.48    49.79

SNOWFALL (IN)
  YESTERDAY        0.0
  MONTH TO DATE    0.0
  SINCE JUN 1      0.0
  SINCE JUL 1      0.0

DEGREE DAYS
 HEATING
  YESTERDAY        0                         0      0        0
  MONTH TO DATE    0                         0      0        0
  SINCE JUN 1      0                         0      0        0
  SINCE JUL 1      0                         0      0        0

 COOLING
  YESTERDAY       19                        18      1       16
  MONTH TO DATE  449                       396     53      387
  SINCE JUN 1   1059                       945    114      903
  SINCE JAN 1   3465                      3110    355     3151
..................................................................


WIND (MPH)
  RESULTANT WIND SPEED  10   RESULTANT WIND DIRECTION   E (70)
  HIGHEST WIND SPEED    22   HIGHEST WIND DIRECTION    NE (50)
  HIGHEST GUST SPEED    28   HIGHEST GUST DIRECTION    NE (50)
  AVERAGE WIND SPEED     9.5


SKY COVER
  POSSIBLE SUNSHINE  MM
  AVERAGE SKY COVER 0.5


WEATHER CONDITIONS
 THE FOLLOWING WEATHER WAS RECORDED YESTERDAY.
  LIGHT RAIN
  FOG
  HAZE


RELATIVE HUMIDITY (PERCENT)
 HIGHEST    82
 LOWEST     65
 AVERAGE    74

..........................................................


THE SAN JUAN/P.R. CLIMATE NORMALS FOR TODAY
                         NORMAL    RECORD    YEAR
 MAXIMUM TEMPERATURE (F)   89        92      1980
 MINIMUM TEMPERATURE (F)   78        71      1959


SUNRISE AND SUNSET
JULY 23 2014..........SUNRISE   559 AM AST   SUNSET   702 PM AST
JULY 24 2014..........SUNRISE   559 AM AST   SUNSET   702 PM AST


-  INDICATES NEGATIVE NUMBERS.
R  INDICATES RECORD WAS SET OR TIED.
MM INDICATES DATA IS MISSING.
T  INDICATES TRACE AMOUNT.




$$
