000
CDUS45 KSLC 271229
CLISLC


CLIMATE REPORT
NATIONAL WEATHER SERVICE SALT LAKE CITY UT
629 AM MDT THU APR 27 2017


...................................

...THE SALT LAKE CITY UT CLIMATE SUMMARY FOR APRIL 26 2017...

CLIMATE NORMAL PERIOD 1981 TO 2010
CLIMATE RECORD PERIOD 1874 TO 2017


WEATHER ITEM   OBSERVED TIME   RECORD YEAR NORMAL DEPARTURE LAST
                VALUE   (LST)  VALUE       VALUE  FROM      YEAR
                                                  NORMAL
..................................................................
TEMPERATURE (F)
 YESTERDAY
  MAXIMUM         59    152 PM  85    1910  65     -6       59
  MINIMUM         42    256 AM  27    1975  42      0       46
  AVERAGE         51                        53     -2       53

PRECIPITATION (IN)
  YESTERDAY        0.13          0.79 2012   0.07   0.06     0.09
  MONTH TO DATE    3.04                      1.71   1.33     1.22
  SINCE OCT 1     14.85                     10.38   4.47     9.15
  SINCE JAN 1     10.21                      6.00   4.21     5.90

SNOWFALL (IN)
  YESTERDAY        0.0           8.1  1955   0.1   -0.1      0.0
  MONTH TO DATE    1.0                       3.7   -2.7       T
  SINCE OCT 1     51.3                      55.6   -4.3     34.3
  SINCE JUL 1     51.3                      55.6   -4.3     34.3
  SNOW DEPTH       0

DEGREE DAYS
 HEATING
  YESTERDAY       14                        12      2       12
  MONTH TO DATE  356                       393    -37      246
  SINCE MAR 1    812                      1055   -243      792
  SINCE JUL 1   4565                      5311   -746     4637

 COOLING
  YESTERDAY        0                         0      0        0
  MONTH TO DATE    0                         0      0       10
  SINCE MAR 1      2                         0      2       10
  SINCE JAN 1      2                         0      2       10
..................................................................


WIND (MPH)
  RESULTANT WIND SPEED   4   RESULTANT WIND DIRECTION  SE (130)
  HIGHEST WIND SPEED    15   HIGHEST WIND DIRECTION     W (250)
  HIGHEST GUST SPEED    21   HIGHEST GUST DIRECTION     W (260)
  AVERAGE WIND SPEED     6.7


SKY COVER
  POSSIBLE SUNSHINE  MM
  AVERAGE SKY COVER 0.9


WEATHER CONDITIONS
 THE FOLLOWING WEATHER WAS RECORDED YESTERDAY.
  HEAVY RAIN
  RAIN
  LIGHT RAIN
  FOG


RELATIVE HUMIDITY (PERCENT)
 HIGHEST    93          1000 PM
 LOWEST     40           200 PM
 AVERAGE    67

..........................................................


THE SALT LAKE CITY UT CLIMATE NORMALS FOR TODAY
                         NORMAL    RECORD    YEAR
 MAXIMUM TEMPERATURE (F)   65        85      2000
                                             1987
 MINIMUM TEMPERATURE (F)   42        30      1972
                                             1966
                                             1957


SUNRISE AND SUNSET
APRIL 27 2017.........SUNRISE   631 AM MDT   SUNSET   820 PM MDT
APRIL 28 2017.........SUNRISE   630 AM MDT   SUNSET   821 PM MDT


-  INDICATES NEGATIVE NUMBERS.
R  INDICATES RECORD WAS SET OR TIED.
MM INDICATES DATA IS MISSING.
T  INDICATES TRACE AMOUNT.




$$
