000
CDUS45 KSLC 220120
CLISLC


CLIMATE REPORT
NATIONAL WEATHER SERVICE SALT LAKE CITY UT
719 PM MDT SAT OCT 21 2017


...................................

...THE SALT LAKE CITY UT CLIMATE SUMMARY FOR OCTOBER 21 2017...
VALID TODAY AS OF 0500 PM LOCAL TIME.

CLIMATE NORMAL PERIOD 1981 TO 2010
CLIMATE RECORD PERIOD 1874 TO 2017


WEATHER ITEM   OBSERVED TIME   RECORD YEAR NORMAL DEPARTURE LAST
                VALUE   (LST)  VALUE       VALUE  FROM      YEAR
                                                  NORMAL
..................................................................
TEMPERATURE (F)
 TODAY
  MAXIMUM         55    325 PM  81    1915  62     -7       68
  MINIMUM         39    716 AM  25    1996  40     -1       37
  AVERAGE         47                        51     -4       53

PRECIPITATION (IN)
  TODAY            T             0.48 1889   0.05  -0.05     0.00
  MONTH TO DATE    0.18                      1.01  -0.83     0.49
  SINCE OCT 1      0.18                      1.01  -0.83     0.49
  SINCE JAN 1     14.05                     12.73   1.32    10.69

SNOWFALL (IN)
  TODAY            0.0           2.0  1961   0.0    0.0      0.0
  MONTH TO DATE    T                         0.6   -0.6      0.0
  SINCE OCT 1      T                         0.6   -0.6      0.0
  SINCE JUL 1      T                         0.6   -0.6      0.0
  SNOW DEPTH       0

DEGREE DAYS
 HEATING
  TODAY           18                        14      4       12
  MONTH TO DATE  262                       218     44      176
  SINCE SEP 1    393                       302     91      227
  SINCE JUL 1    393                       307     86      228

 COOLING
  TODAY            0                         0      0        0
  MONTH TO DATE    0                         5     -5       12
  SINCE SEP 1    196                       122     74      139
  SINCE JAN 1   1758                      1158    600     1616
..................................................................


WIND (MPH)
  RESULTANT WIND SPEED   3   RESULTANT WIND DIRECTION   W (290)
  HIGHEST WIND SPEED    16   HIGHEST WIND DIRECTION    NW (320)
  HIGHEST GUST SPEED    20   HIGHEST GUST DIRECTION    NW (330)
  AVERAGE WIND SPEED     5.3


SKY COVER
  POSSIBLE SUNSHINE  MM
  AVERAGE SKY COVER 0.4


WEATHER CONDITIONS
 THE FOLLOWING WEATHER WAS RECORDED TODAY.
  HAIL


RELATIVE HUMIDITY (PERCENT)
 HIGHEST    70           800 AM
 LOWEST     26           100 PM
 AVERAGE    48

..........................................................


THE SALT LAKE CITY UT CLIMATE NORMALS FOR TOMORROW
                         NORMAL    RECORD    YEAR
 MAXIMUM TEMPERATURE (F)   62        80      1915
 MINIMUM TEMPERATURE (F)   39        24      1966


SUNRISE AND SUNSET
OCTOBER 21 2017.......SUNRISE   746 AM MDT   SUNSET   638 PM MDT
OCTOBER 22 2017.......SUNRISE   747 AM MDT   SUNSET   637 PM MDT


-  INDICATES NEGATIVE NUMBERS.
R  INDICATES RECORD WAS SET OR TIED.
MM INDICATES DATA IS MISSING.
T  INDICATES TRACE AMOUNT.




$$
