000
CDUS45 KSLC 040045
CLISLC


CLIMATE REPORT
NATIONAL WEATHER SERVICE SALT LAKE CITY UT
545 PM MST SAT DEC 3 2016


...................................

...THE SALT LAKE CITY UT CLIMATE SUMMARY FOR DECEMBER 3 2016...
VALID TODAY AS OF 0500 PM LOCAL TIME.

CLIMATE NORMAL PERIOD 1981 TO 2010
CLIMATE RECORD PERIOD 1874 TO 2016


WEATHER ITEM   OBSERVED TIME   RECORD YEAR NORMAL DEPARTURE LAST
                VALUE   (LST)  VALUE       VALUE  FROM      YEAR
                                                  NORMAL
..................................................................
TEMPERATURE (F)
 TODAY
  MAXIMUM         35    359 PM  63    1998  41     -6       43
  MINIMUM         25    302 AM   5    1931  25      0       20
  AVERAGE         30                        33     -3       32

PRECIPITATION (IN)
  TODAY            0.00          0.63 1938   0.04  -0.04     0.00
  MONTH TO DATE    0.02                      0.14  -0.12     0.00
  SINCE OCT 1      2.68                      3.11  -0.43     1.02
  SINCE JAN 1     12.88                     14.83  -1.95    13.91

SNOWFALL (IN)
  TODAY            0.0           6.0  2013   0.4   -0.4      0.0
  MONTH TO DATE    0.2                       1.2   -1.0      0.0
  SINCE OCT 1      5.9                      10.2   -4.3      1.4
  SINCE JUL 1      5.9                      10.2   -4.3      1.4
  SNOW DEPTH       0

DEGREE DAYS
 HEATING
  TODAY           35                        32      3       33
  MONTH TO DATE  100                        96      4      105
  SINCE DEC 1    100                        96      4      105
  SINCE JUL 1    899                      1314   -415     1047

 COOLING
  TODAY            0                         0      0        0
  MONTH TO DATE    0                         0      0        0
  SINCE DEC 1      0                         0      0        0
  SINCE JAN 1   1619                      1160    459     1444
..................................................................


WIND (MPH)
  RESULTANT WIND SPEED   7   RESULTANT WIND DIRECTION  SE (140)
  HIGHEST WIND SPEED    13   HIGHEST WIND DIRECTION    SE (150)
  HIGHEST GUST SPEED    15   HIGHEST GUST DIRECTION     S (160)
  AVERAGE WIND SPEED     7.7


SKY COVER
  POSSIBLE SUNSHINE  MM
  AVERAGE SKY COVER 0.9


WEATHER CONDITIONS
 THE FOLLOWING WEATHER WAS RECORDED TODAY.
  NO SIGNIFICANT WEATHER WAS OBSERVED.


RELATIVE HUMIDITY (PERCENT)
 HIGHEST    75           200 AM
 LOWEST     52           300 PM
 AVERAGE    64

..........................................................


THE SALT LAKE CITY UT CLIMATE NORMALS FOR TOMORROW
                         NORMAL    RECORD    YEAR
 MAXIMUM TEMPERATURE (F)   40        59      2014
 MINIMUM TEMPERATURE (F)   24         3      1992


SUNRISE AND SUNSET
DECEMBER  3 2016......SUNRISE   735 AM MST   SUNSET   500 PM MST
DECEMBER  4 2016......SUNRISE   736 AM MST   SUNSET   500 PM MST


-  INDICATES NEGATIVE NUMBERS.
R  INDICATES RECORD WAS SET OR TIED.
MM INDICATES DATA IS MISSING.
T  INDICATES TRACE AMOUNT.




$$
