786
CDUS45 KSLC 260035
CLISLC


CLIMATE REPORT
NATIONAL WEATHER SERVICE SALT LAKE CITY UT
635 PM MDT SUN SEP 25 2016


...................................

...THE SALT LAKE CITY UT CLIMATE SUMMARY FOR SEPTEMBER 25 2016...
VALID TODAY AS OF 0500 PM LOCAL TIME.

CLIMATE NORMAL PERIOD 1981 TO 2010
CLIMATE RECORD PERIOD 1874 TO 2016


WEATHER ITEM   OBSERVED TIME   RECORD YEAR NORMAL DEPARTURE LAST
                VALUE   (LST)  VALUE       VALUE  FROM      YEAR
                                                  NORMAL
..................................................................
TEMPERATURE (F)
 TODAY
  MAXIMUM         68    401 PM  93    2015  75     -7       93
  MINIMUM         46        MM  30    1970  49     -3       60
  AVERAGE         57                        62     -5       77

PRECIPITATION (IN)
  TODAY            0.00          0.95 1986   0.05  -0.05     0.00
  MONTH TO DATE    1.88                      0.98   0.90     1.74
  SINCE OCT 1     13.45                     15.87  -2.42    14.90
  SINCE JAN 1     10.20                     11.49  -1.29    12.89

SNOWFALL (IN)
  TODAY            0.0           T    1986   0.0    0.0      0.0
  MONTH TO DATE    0.0                       0.0    0.0      0.0
  SINCE OCT 1     34.3                      56.2  -21.9     15.4
  SINCE JUL 1      0.0                       0.0    0.0      0.0
  SNOW DEPTH       0

DEGREE DAYS
 HEATING
  TODAY            8                         5      3        0
  MONTH TO DATE   47                        56     -9       33
  SINCE SEP 1     47                        56     -9       33
  SINCE JUL 1     48                        61    -13       33

 COOLING
  TODAY            0                         2     -2       12
  MONTH TO DATE  114                       111      3      158
  SINCE SEP 1    114                       111      3      158
  SINCE JAN 1   1591                      1147    444     1363
..................................................................


WIND (MPH)
  RESULTANT WIND SPEED   1   RESULTANT WIND DIRECTION   N (0)
  HIGHEST WIND SPEED    14   HIGHEST WIND DIRECTION    NW (330)
  HIGHEST GUST SPEED    MM   HIGHEST GUST DIRECTION    MM
  AVERAGE WIND SPEED     7.7


SKY COVER
  POSSIBLE SUNSHINE  MM
  AVERAGE SKY COVER 0.0


WEATHER CONDITIONS
 THE FOLLOWING WEATHER WAS RECORDED TODAY.
  NO SIGNIFICANT WEATHER WAS OBSERVED.


RELATIVE HUMIDITY (PERCENT)
 HIGHEST    82           400 AM
 LOWEST     42           300 PM
 AVERAGE    62

..........................................................


THE SALT LAKE CITY UT CLIMATE NORMALS FOR TOMORROW
                         NORMAL    RECORD    YEAR
 MAXIMUM TEMPERATURE (F)   74        90      2015
 MINIMUM TEMPERATURE (F)   49        31      1970


SUNRISE AND SUNSET
SEPTEMBER 25 2016.....SUNRISE   719 AM MDT   SUNSET   719 PM MDT
SEPTEMBER 26 2016.....SUNRISE   720 AM MDT   SUNSET   717 PM MDT


-  INDICATES NEGATIVE NUMBERS.
R  INDICATES RECORD WAS SET OR TIED.
MM INDICATES DATA IS MISSING.
T  INDICATES TRACE AMOUNT.




$$
