000
CDUS45 KSLC 231251
CLISLC


CLIMATE REPORT
NATIONAL WEATHER SERVICE SALT LAKE CITY UT
551 AM MST FRI FEB 23 2018


...................................

...THE SALT LAKE CITY UT CLIMATE SUMMARY FOR FEBRUARY 22 2018...

CLIMATE NORMAL PERIOD 1981 TO 2010
CLIMATE RECORD PERIOD 1874 TO 2018


WEATHER ITEM   OBSERVED TIME   RECORD YEAR NORMAL DEPARTURE LAST
                VALUE   (LST)  VALUE       VALUE  FROM      YEAR
                                                  NORMAL
..................................................................
TEMPERATURE (F)
 YESTERDAY
  MAXIMUM         37    407 PM  65    1958  46     -9       41
  MINIMUM         19    256 AM   6    1975  27     -8       31
  AVERAGE         28                        36     -8       36

PRECIPITATION (IN)
  YESTERDAY        T             0.50 1996   0.04  -0.04     0.10
  MONTH TO DATE    0.83                      0.95  -0.12     1.39
  SINCE OCT 1      3.78                      6.58  -2.80     8.00
  SINCE JAN 1      1.65                      2.20  -0.55     3.36

SNOWFALL (IN)
  YESTERDAY        T             9.9  1994   0.3   -0.3      0.7
  MONTH TO DATE    8.6                       8.6    0.0      0.7
  SINCE OCT 1     25.9                      43.3  -17.4     40.7
  SINCE JUL 1     25.9                      43.3  -17.4     40.7
  SNOW DEPTH       4

DEGREE DAYS
 HEATING
  YESTERDAY       37                        28      9       29
  MONTH TO DATE  528                       699   -171      486
  SINCE DEC 1   2310                      2875   -565     2746
  SINCE JUL 1   3332                      4093   -761     3545

 COOLING
  YESTERDAY        0                         0      0        0
  MONTH TO DATE    0                         0      0        0
  SINCE DEC 1      0                         0      0        0
  SINCE JAN 1      0                         0      0        0
..................................................................


WIND (MPH)
  RESULTANT WIND SPEED   8   RESULTANT WIND DIRECTION   S (170)
  HIGHEST WIND SPEED    21   HIGHEST WIND DIRECTION     S (180)
  HIGHEST GUST SPEED    27   HIGHEST GUST DIRECTION     S (180)
  AVERAGE WIND SPEED     9.0


SKY COVER
  POSSIBLE SUNSHINE  MM
  AVERAGE SKY COVER 0.7


WEATHER CONDITIONS
 THE FOLLOWING WEATHER WAS RECORDED YESTERDAY.
  LIGHT SNOW
  HAZE


RELATIVE HUMIDITY (PERCENT)
 HIGHEST    85          1100 PM
 LOWEST     40           200 PM
 AVERAGE    63

..........................................................


THE SALT LAKE CITY UT CLIMATE NORMALS FOR TODAY
                         NORMAL    RECORD    YEAR
 MAXIMUM TEMPERATURE (F)   46        61      2014
 MINIMUM TEMPERATURE (F)   28         6      1960
                                             1942


SUNRISE AND SUNSET
FEBRUARY 23 2018......SUNRISE   711 AM MST   SUNSET   612 PM MST
FEBRUARY 24 2018......SUNRISE   709 AM MST   SUNSET   613 PM MST


-  INDICATES NEGATIVE NUMBERS.
R  INDICATES RECORD WAS SET OR TIED.
MM INDICATES DATA IS MISSING.
T  INDICATES TRACE AMOUNT.




$$
