000
CDUS46 KPQR 140221
CLISLE


CLIMATE REPORT
NATIONAL WEATHER SERVICE PORTLAND OREGON
720 PM PDT SUN JUL 13 2014


...................................

...THE SALEM OR CLIMATE SUMMARY FOR JULY 13 2014...
VALID TODAY AS OF 0700 PM LOCAL TIME.

CLIMATE NORMAL PERIOD 1981 TO 2010
CLIMATE RECORD PERIOD 1892 TO 2014


WEATHER ITEM   OBSERVED TIME   RECORD YEAR NORMAL DEPARTURE LAST
                VALUE   (LST)  VALUE       VALUE  FROM      YEAR
                                                  NORMAL
..................................................................
TEMPERATURE (F)
 TODAY
  MAXIMUM         75    435 PM 103    1941  82     -7       85
  MINIMUM         60    557 AM  39    1970  53      7       50
  AVERAGE         68                        68      0       68

PRECIPITATION (IN)
  TODAY            0.06          0.40 1920   0.01   0.05     0.00
  MONTH TO DATE    0.06                      0.26  -0.20     0.00
  SINCE OCT 1     26.65                     37.74 -11.09    33.87
  SINCE JAN 1     22.07                     21.35   0.72    11.61

DEGREE DAYS
 HEATING
  TODAY            0                         1     -1        0
  MONTH TO DATE    0                        18    -18        1
  SINCE JUN 1     66                       148    -82       80
  SINCE JUL 1      0                        18    -18        1

 COOLING
  TODAY            3                         3      0        3
  MONTH TO DATE  107                        33     74       65
  SINCE JUN 1    126                        61     65      118
  SINCE JAN 1    142                        70     72      128
..................................................................


WIND (MPH)
  HIGHEST WIND SPEED    12   HIGHEST WIND DIRECTION     W (290)
  HIGHEST GUST SPEED    14   HIGHEST GUST DIRECTION     W (280)
  AVERAGE WIND SPEED     4.1


SKY COVER
  POSSIBLE SUNSHINE  MM
  AVERAGE SKY COVER 0.1


WEATHER CONDITIONS
 THE FOLLOWING WEATHER WAS RECORDED TODAY.
  THUNDERSTORM
  RAIN
  LIGHT RAIN


RELATIVE HUMIDITY (PERCENT)
 HIGHEST    84           100 AM
 LOWEST     64           500 PM
 AVERAGE    74

..........................................................


THE SALEM OR CLIMATE NORMALS FOR TOMORROW
                         NORMAL    RECORD    YEAR
 MAXIMUM TEMPERATURE (F)   82       107      1935
 MINIMUM TEMPERATURE (F)   53        43      1969


SUNRISE AND SUNSET
JULY 13 2014..........SUNRISE   538 AM PDT   SUNSET   857 PM PDT
JULY 14 2014..........SUNRISE   539 AM PDT   SUNSET   856 PM PDT


-  INDICATES NEGATIVE NUMBERS.
R  INDICATES RECORD WAS SET OR TIED.
MM INDICATES DATA IS MISSING.
T  INDICATES TRACE AMOUNT.




$$
