831
CDUS46 KPQR 211144
CLISLE


CLIMATE REPORT
NATIONAL WEATHER SERVICE PORTLAND OREGON
344 AM PST SAT JAN 21 2017


...................................

...THE SALEM OR CLIMATE SUMMARY FOR JANUARY 20 2017...

CLIMATE NORMAL PERIOD 1981 TO 2010
CLIMATE RECORD PERIOD 1892 TO 2017


WEATHER ITEM   OBSERVED TIME   RECORD YEAR NORMAL DEPARTURE LAST
                VALUE   (LST)  VALUE       VALUE  FROM      YEAR
                                                  NORMAL
..................................................................
TEMPERATURE (F)
 YESTERDAY
  MAXIMUM         51    421 PM  62    1968  48      3       49
  MINIMUM         37    343 AM  -2    1930  35      2       38
  AVERAGE         44                        42      2       44

PRECIPITATION (IN)
  YESTERDAY        0.12          3.07 1972   0.18  -0.06     0.11
  MONTH TO DATE    5.04                      4.01   1.03     5.31
  SINCE OCT 1     28.34                     20.40   7.94    28.86
  SINCE JAN 1      5.04                      4.01   1.03     5.31

DEGREE DAYS
 HEATING
  YESTERDAY       21                        23     -2       21
  MONTH TO DATE  621                       485    136      489
  SINCE DEC 1   1487                      1257    230     1127
  SINCE JUL 1   2291                      2374    -83     2007

 COOLING
  YESTERDAY        0                         0      0        0
  MONTH TO DATE    0                         0      0        0
  SINCE DEC 1      0                         0      0        0
  SINCE JAN 1      0                         0      0        0
..................................................................


WIND (MPH)
  HIGHEST WIND SPEED    10   HIGHEST WIND DIRECTION    SE (140)
  HIGHEST GUST SPEED    15   HIGHEST GUST DIRECTION    SW (220)
  AVERAGE WIND SPEED     3.3


SKY COVER
  POSSIBLE SUNSHINE  MM
  AVERAGE SKY COVER 0.9


WEATHER CONDITIONS
 THE FOLLOWING WEATHER WAS RECORDED YESTERDAY.
  LIGHT RAIN


RELATIVE HUMIDITY (PERCENT)
 HIGHEST    93          1000 PM
 LOWEST     71           500 PM
 AVERAGE    82

..........................................................


THE SALEM OR CLIMATE NORMALS FOR TODAY
                         NORMAL    RECORD    YEAR
 MAXIMUM TEMPERATURE (F)   48        67      1899
 MINIMUM TEMPERATURE (F)   35        -5      1930


SUNRISE AND SUNSET
JANUARY 21 2017.......SUNRISE   742 AM PST   SUNSET   505 PM PST
JANUARY 22 2017.......SUNRISE   741 AM PST   SUNSET   507 PM PST


-  INDICATES NEGATIVE NUMBERS.
R  INDICATES RECORD WAS SET OR TIED.
MM INDICATES DATA IS MISSING.
T  INDICATES TRACE AMOUNT.




$$
