000
CDUS46 KPQR 301141
CLISLE


CLIMATE REPORT
NATIONAL WEATHER SERVICE PORTLAND OREGON
340 AM PST FRI JAN 30 2015


...................................

...THE SALEM OR CLIMATE SUMMARY FOR JANUARY 29 2015...

CLIMATE NORMAL PERIOD 1981 TO 2010
CLIMATE RECORD PERIOD 1892 TO 2015


WEATHER ITEM   OBSERVED TIME   RECORD YEAR NORMAL DEPARTURE LAST
                VALUE   (LST)  VALUE       VALUE  FROM      YEAR
                                                  NORMAL
..................................................................
TEMPERATURE (F)
 YESTERDAY
  MAXIMUM         56    413 PM  63    1992  49      7       58
  MINIMUM         38   1029 PM  11    1980  35      3       46
                                      1957
                                      1950
  AVERAGE         47                        42      5       52

PRECIPITATION (IN)
  YESTERDAY        0.00          1.40 1958   0.17  -0.17     0.08
  MONTH TO DATE    3.21                      5.61  -2.40     2.21
  SINCE OCT 1     20.75                     22.00  -1.25     6.79
  SINCE JAN 1      3.21                      5.61  -2.40     2.21

DEGREE DAYS
 HEATING
  YESTERDAY       18                        23     -5       13
  MONTH TO DATE  594                       692    -98      688
  SINCE DEC 1   1208                      1464   -256     1575
  SINCE JUL 1   1974                      2581   -607     2618

 COOLING
  YESTERDAY        0                         0      0        0
  MONTH TO DATE    0                         0      0        0
  SINCE DEC 1      0                         0      0        0
  SINCE JAN 1      0                         0      0        0
..................................................................


WIND (MPH)
  HIGHEST WIND SPEED    14   HIGHEST WIND DIRECTION     N (360)
  HIGHEST GUST SPEED    15   HIGHEST GUST DIRECTION     N (350)
  AVERAGE WIND SPEED     5.1


SKY COVER
  POSSIBLE SUNSHINE  MM
  AVERAGE SKY COVER 0.2


WEATHER CONDITIONS
 THE FOLLOWING WEATHER WAS RECORDED YESTERDAY.
  NO SIGNIFICANT WEATHER WAS OBSERVED.


RELATIVE HUMIDITY (PERCENT)
 HIGHEST    93           100 AM
 LOWEST     59           200 PM
 AVERAGE    76

..........................................................


THE SALEM OR CLIMATE NORMALS FOR TODAY
                         NORMAL    RECORD    YEAR
 MAXIMUM TEMPERATURE (F)   50        64      1971
 MINIMUM TEMPERATURE (F)   35        -3      1950


SUNRISE AND SUNSET
JANUARY 30 2015.......SUNRISE   734 AM PST   SUNSET   517 PM PST
JANUARY 31 2015.......SUNRISE   733 AM PST   SUNSET   519 PM PST


-  INDICATES NEGATIVE NUMBERS.
R  INDICATES RECORD WAS SET OR TIED.
MM INDICATES DATA IS MISSING.
T  INDICATES TRACE AMOUNT.




$$
