000
CDUS46 KPQR 230021
CLISLE


CLIMATE REPORT
NATIONAL WEATHER SERVICE PORTLAND OREGON
420 PM PST MON JAN 22 2018


...................................

...THE SALEM OR CLIMATE SUMMARY FOR JANUARY 22 2018...
VALID TODAY AS OF 0400 PM LOCAL TIME.

CLIMATE NORMAL PERIOD 1981 TO 2010
CLIMATE RECORD PERIOD 1892 TO 2018


WEATHER ITEM   OBSERVED TIME   RECORD YEAR NORMAL DEPARTURE LAST
                VALUE   (LST)  VALUE       VALUE  FROM      YEAR
                                                  NORMAL
..................................................................
TEMPERATURE (F)
 TODAY
  MAXIMUM         51   1250 PM  60    2016  49      2       51
                                      1970
  MINIMUM         43    714 AM   4    1930  35      8       37
  AVERAGE         47                        42      5       44

PRECIPITATION (IN)
  TODAY            0.25          1.47 1970   0.18   0.07     0.10
  MONTH TO DATE    4.29                      4.37  -0.08     5.37
  SINCE OCT 1     19.39                     20.76  -1.37    28.67
  SINCE JAN 1      4.29                      4.37  -0.08     5.37

DEGREE DAYS
 HEATING
  TODAY           18                        23     -5       21
  MONTH TO DATE  423                       531   -108      664
  SINCE DEC 1   1202                      1303   -101     1530
  SINCE JUL 1   2134                      2420   -286     2334

 COOLING
  TODAY            0                         0      0        0
  MONTH TO DATE    0                         0      0        0
  SINCE DEC 1      0                         0      0        0
  SINCE JAN 1      0                         0      0        0
..................................................................


WIND (MPH)
  HIGHEST WIND SPEED    17   HIGHEST WIND DIRECTION     S (190)
  HIGHEST GUST SPEED    21   HIGHEST GUST DIRECTION     S (190)
  AVERAGE WIND SPEED     9.9


SKY COVER
  POSSIBLE SUNSHINE  MM
  AVERAGE SKY COVER 0.7


WEATHER CONDITIONS
 THE FOLLOWING WEATHER WAS RECORDED TODAY.
  RAIN
  LIGHT RAIN
  FOG


RELATIVE HUMIDITY (PERCENT)
 HIGHEST    89           100 AM
 LOWEST     74          1200 PM
 AVERAGE    82

..........................................................


THE SALEM OR CLIMATE NORMALS FOR TOMORROW
                         NORMAL    RECORD    YEAR
 MAXIMUM TEMPERATURE (F)   49        64      1931
 MINIMUM TEMPERATURE (F)   35         6      1943


SUNRISE AND SUNSET
JANUARY 22 2018.......SUNRISE   741 AM PST   SUNSET   506 PM PST
JANUARY 23 2018.......SUNRISE   741 AM PST   SUNSET   508 PM PST


-  INDICATES NEGATIVE NUMBERS.
R  INDICATES RECORD WAS SET OR TIED.
MM INDICATES DATA IS MISSING.
T  INDICATES TRACE AMOUNT.




$$
