000
CDUS46 KPQR 290220
CLISLE


CLIMATE REPORT
NATIONAL WEATHER SERVICE PORTLAND OREGON
720 PM PDT THU AUG 28 2014


...................................

...THE SALEM OR CLIMATE SUMMARY FOR AUGUST 28 2014...
VALID TODAY AS OF 0700 PM LOCAL TIME.

CLIMATE NORMAL PERIOD 1981 TO 2010
CLIMATE RECORD PERIOD 1892 TO 2014


WEATHER ITEM   OBSERVED TIME   RECORD YEAR NORMAL DEPARTURE LAST
                VALUE   (LST)  VALUE       VALUE  FROM      YEAR
                                                  NORMAL
..................................................................
TEMPERATURE (F)
 TODAY
  MAXIMUM         87    515 PM 100    1935  81      6       82
  MINIMUM         56    550 AM  36    1980  52      4       59
  AVERAGE         72                        66      6       71

PRECIPITATION (IN)
  TODAY            0.00          0.61 1983   0.03  -0.03     0.04
  MONTH TO DATE    0.28                      0.38  -0.10     0.18
  SINCE OCT 1     27.33                     38.32 -10.99    34.05
  SINCE JAN 1     22.75                     21.93   0.82    11.79

DEGREE DAYS
 HEATING
  TODAY            0                         1     -1        0
  MONTH TO DATE    0                        25    -25        3
  SINCE JUN 1     69                       185   -116       84
  SINCE JUL 1      3                        55    -52        5

 COOLING
  TODAY            7                         3      4        6
  MONTH TO DATE  235                        99    136      164
  SINCE JUN 1    496                       236    260      393
  SINCE JAN 1    512                       245    267      403
..................................................................


WIND (MPH)
  HIGHEST WIND SPEED    13   HIGHEST WIND DIRECTION    NW (320)
  HIGHEST GUST SPEED    17   HIGHEST GUST DIRECTION    NW (300)
  AVERAGE WIND SPEED     4.7


SKY COVER
  POSSIBLE SUNSHINE  MM
  AVERAGE SKY COVER 0.0


WEATHER CONDITIONS
 THE FOLLOWING WEATHER WAS RECORDED TODAY.
  NO SIGNIFICANT WEATHER WAS OBSERVED.


RELATIVE HUMIDITY (PERCENT)
 HIGHEST    86           600 AM
 LOWEST     32           200 PM
 AVERAGE    59

..........................................................


THE SALEM OR CLIMATE NORMALS FOR TOMORROW
                         NORMAL    RECORD    YEAR
 MAXIMUM TEMPERATURE (F)   81       101      1931
 MINIMUM TEMPERATURE (F)   52        38      1969
                                             1965


SUNRISE AND SUNSET
AUGUST 28 2014........SUNRISE   629 AM PDT   SUNSET   756 PM PDT
AUGUST 29 2014........SUNRISE   631 AM PDT   SUNSET   754 PM PDT


-  INDICATES NEGATIVE NUMBERS.
R  INDICATES RECORD WAS SET OR TIED.
MM INDICATES DATA IS MISSING.
T  INDICATES TRACE AMOUNT.




$$
