000
CDUS46 KPQR 051152
CLISLE


CLIMATE REPORT
NATIONAL WEATHER SERVICE PORTLAND OREGON
352 AM PST MON DEC 5 2016


...................................

...THE SALEM OR CLIMATE SUMMARY FOR DECEMBER 4 2016...

CLIMATE NORMAL PERIOD 1981 TO 2010
CLIMATE RECORD PERIOD 1892 TO 2016


WEATHER ITEM   OBSERVED TIME   RECORD YEAR NORMAL DEPARTURE LAST
                VALUE   (LST)  VALUE       VALUE  FROM      YEAR
                                                  NORMAL
..................................................................
TEMPERATURE (F)
 YESTERDAY
  MAXIMUM         47    625 AM  63    1945  48     -1       50
  MINIMUM         36    857 PM  18    1972  35      1       39
  AVERAGE         42                        41      1       45

PRECIPITATION (IN)
  YESTERDAY        0.56          2.55 1989   0.24   0.32     0.84
  MONTH TO DATE    0.63                      0.99  -0.36     2.55
  SINCE OCT 1     18.78                     10.52   8.26    10.86
  SINCE JAN 1     42.48                     33.80   8.68    27.98

DEGREE DAYS
 HEATING
  YESTERDAY       23                        24     -1       20
  MONTH TO DATE   84                        93     -9       85
  SINCE DEC 1     84                        93     -9       85
  SINCE JUL 1    888                      1210   -322      965

 COOLING
  YESTERDAY        0                         0      0        0
  MONTH TO DATE    0                         0      0        0
  SINCE DEC 1      0                         0      0        0
  SINCE JAN 1    465                       290    175      682
..................................................................


WIND (MPH)
  HIGHEST WIND SPEED    18   HIGHEST WIND DIRECTION     S (190)
  HIGHEST GUST SPEED    24   HIGHEST GUST DIRECTION     S (190)
  AVERAGE WIND SPEED     7.2


SKY COVER
  POSSIBLE SUNSHINE  MM
  AVERAGE SKY COVER 0.8


WEATHER CONDITIONS
 THE FOLLOWING WEATHER WAS RECORDED YESTERDAY.
  RAIN
  LIGHT RAIN
  FOG


RELATIVE HUMIDITY (PERCENT)
 HIGHEST    92           800 AM
 LOWEST     71           100 PM
 AVERAGE    82

..........................................................


THE SALEM OR CLIMATE NORMALS FOR TODAY
                         NORMAL    RECORD    YEAR
 MAXIMUM TEMPERATURE (F)   47        59      1944
 MINIMUM TEMPERATURE (F)   35        17      2013


SUNRISE AND SUNSET
DECEMBER  5 2016......SUNRISE   735 AM PST   SUNSET   431 PM PST
DECEMBER  6 2016......SUNRISE   736 AM PST   SUNSET   431 PM PST


-  INDICATES NEGATIVE NUMBERS.
R  INDICATES RECORD WAS SET OR TIED.
MM INDICATES DATA IS MISSING.
T  INDICATES TRACE AMOUNT.




$$
