000
CDUS46 KPQR 231141
CLISLE


CLIMATE REPORT
NATIONAL WEATHER SERVICE PORTLAND OREGON
440 AM PDT TUE SEP 23 2014


...................................

...THE SALEM OR CLIMATE SUMMARY FOR SEPTEMBER 22 2014...

CLIMATE NORMAL PERIOD 1981 TO 2010
CLIMATE RECORD PERIOD 1892 TO 2014


WEATHER ITEM   OBSERVED TIME   RECORD YEAR NORMAL DEPARTURE LAST
                VALUE   (LST)  VALUE       VALUE  FROM      YEAR
                                                  NORMAL
..................................................................
TEMPERATURE (F)
 YESTERDAY
  MAXIMUM         70    355 PM  95    1994  75     -5       63
                                      1990
                                      1989
  MINIMUM         57    316 AM  32    1902  47     10       56
  AVERAGE         64                        61      3       60

PRECIPITATION (IN)
  YESTERDAY        T             0.70 1901   0.05  -0.05     0.22
  MONTH TO DATE    0.01                      0.83  -0.82     2.71
  SINCE OCT 1     27.41                     39.22 -11.81    36.93
  SINCE JAN 1     22.83                     22.83   0.00    14.67

DEGREE DAYS
 HEATING
  YESTERDAY        1                         5     -4        5
  MONTH TO DATE    4                        63    -59       19
  SINCE SEP 1      4                        63    -59       19
  SINCE JUL 1      8                       119   -111       24

 COOLING
  YESTERDAY        0                         1     -1        0
  MONTH TO DATE   73                        33     40       75
  SINCE SEP 1     73                        33     40       75
  SINCE JAN 1    591                       285    306      502
..................................................................


WIND (MPH)
  HIGHEST WIND SPEED    10   HIGHEST WIND DIRECTION     S (200)
  HIGHEST GUST SPEED    13   HIGHEST GUST DIRECTION    SW (210)
  AVERAGE WIND SPEED     4.9


SKY COVER
  POSSIBLE SUNSHINE  MM
  AVERAGE SKY COVER 0.6


WEATHER CONDITIONS
 THE FOLLOWING WEATHER WAS RECORDED YESTERDAY.
  LIGHT RAIN


RELATIVE HUMIDITY (PERCENT)
 HIGHEST    93          1100 PM
 LOWEST     57           200 PM
 AVERAGE    75

..........................................................


THE SALEM OR CLIMATE NORMALS FOR TODAY
                         NORMAL    RECORD    YEAR
 MAXIMUM TEMPERATURE (F)   75        97      1943
 MINIMUM TEMPERATURE (F)   47        32      2000


SUNRISE AND SUNSET
SEPTEMBER 23 2014.....SUNRISE   700 AM PDT   SUNSET   707 PM PDT
SEPTEMBER 24 2014.....SUNRISE   702 AM PDT   SUNSET   705 PM PDT


-  INDICATES NEGATIVE NUMBERS.
R  INDICATES RECORD WAS SET OR TIED.
MM INDICATES DATA IS MISSING.
T  INDICATES TRACE AMOUNT.




$$
