000
CDUS46 KPQR 191146
CLISLE


CLIMATE REPORT
NATIONAL WEATHER SERVICE PORTLAND OREGON
345 AM PST FRI DEC 19 2014


...................................

...THE SALEM OR CLIMATE SUMMARY FOR DECEMBER 18 2014...

CLIMATE NORMAL PERIOD 1981 TO 2010
CLIMATE RECORD PERIOD 1892 TO 2014


WEATHER ITEM   OBSERVED TIME   RECORD YEAR NORMAL DEPARTURE LAST
                VALUE   (LST)  VALUE       VALUE  FROM      YEAR
                                                  NORMAL
..................................................................
TEMPERATURE (F)
 YESTERDAY
  MAXIMUM         55    757 PM  59    1959  46      9       42
  MINIMUM         38    333 AM   6    1924  34      4       32
  AVERAGE         47                        40      7       37

PRECIPITATION (IN)
  YESTERDAY        0.28          2.50 1917   0.22   0.06     0.05
  MONTH TO DATE    3.30                      4.11  -0.81     1.14
  SINCE OCT 1     13.97                     13.64   0.33     4.45
  SINCE JAN 1     37.99                     36.92   1.07    23.45

DEGREE DAYS
 HEATING
  YESTERDAY       18                        25     -7       28
  MONTH TO DATE  353                       439    -86      558
  SINCE DEC 1    353                       439    -86      558
  SINCE JUL 1   1119                      1556   -437     1601

 COOLING
  YESTERDAY        0                         0      0        0
  MONTH TO DATE    0                         0      0        0
  SINCE DEC 1      0                         0      0        0
  SINCE JAN 1    605                       290    315      502
..................................................................


WIND (MPH)
  HIGHEST WIND SPEED    18   HIGHEST WIND DIRECTION    SW (230)
  HIGHEST GUST SPEED    23   HIGHEST GUST DIRECTION     S (200)
  AVERAGE WIND SPEED     6.7


SKY COVER
  POSSIBLE SUNSHINE  MM
  AVERAGE SKY COVER 1.0


WEATHER CONDITIONS
 THE FOLLOWING WEATHER WAS RECORDED YESTERDAY.
  RAIN
  LIGHT RAIN
  FOG


RELATIVE HUMIDITY (PERCENT)
 HIGHEST    93          1200 AM
 LOWEST     71           700 PM
 AVERAGE    82

..........................................................


THE SALEM OR CLIMATE NORMALS FOR TODAY
                         NORMAL    RECORD    YEAR
 MAXIMUM TEMPERATURE (F)   46        62      1994
 MINIMUM TEMPERATURE (F)   33        11      1924


SUNRISE AND SUNSET
DECEMBER 19 2014......SUNRISE   746 AM PST   SUNSET   433 PM PST
DECEMBER 20 2014......SUNRISE   746 AM PST   SUNSET   433 PM PST


-  INDICATES NEGATIVE NUMBERS.
R  INDICATES RECORD WAS SET OR TIED.
MM INDICATES DATA IS MISSING.
T  INDICATES TRACE AMOUNT.




$$
