000
CDUS41 KBTV 280527
CLISLK


CLIMATE REPORT
NATIONAL WEATHER SERVICE BURLINGTON VT
125 AM EDT SUN AUG 28 2016


...................................

...THE SARANAC LAKE NY CLIMATE SUMMARY FOR AUGUST 27 2016...

CLIMATE NORMAL PERIOD 1981 TO 2010
CLIMATE RECORD PERIOD 9999 TO 9999


WEATHER ITEM   OBSERVED TIME   NORMAL DEPARTURE LAST
                VALUE   (LST)  VALUE  FROM      YEAR
                                      NORMAL
......................................................
TEMPERATURE (F)
 YESTERDAY
  MAXIMUM         80    125 PM  73      7       66
  MINIMUM         50    433 AM  47      3       51
  AVERAGE         65            60      5       59

PRECIPITATION (IN)
  YESTERDAY        0.00          0.14  -0.14     0.04
  MONTH TO DATE    3.13          3.60  -0.47     3.40
  SINCE JUN 1      9.20         11.64  -2.44    16.26
  SINCE JAN 1     21.71         23.99  -2.28    24.05

DEGREE DAYS
 HEATING
  YESTERDAY        0             6     -6        6
  MONTH TO DATE   35           122    -87       80
  SINCE JUN 1    323           400    -77      371
  SINCE JUL 1    108           216   -108      175

 COOLING
  YESTERDAY        0             1     -1        0
  MONTH TO DATE   64            27     37       31
  SINCE JUN 1    128            99     29       87
  SINCE JAN 1    146           102     44      103
......................................................


WIND (MPH)
  HIGHEST WIND SPEED    13   HIGHEST WIND DIRECTION    NE (60)
  HIGHEST GUST SPEED    17   HIGHEST GUST DIRECTION     S (170)
  AVERAGE WIND SPEED     3.0


SKY COVER
  AVERAGE SKY COVER 0.4


WEATHER CONDITIONS
 THE FOLLOWING WEATHER WAS RECORDED YESTERDAY.
  FOG
  FOG W/VISIBILITY <= 1/4 MILE


RELATIVE HUMIDITY (PERCENT)
 HIGHEST   100           300 AM
 LOWEST     42           100 PM
 AVERAGE    71

..........................................................


THE SARANAC LAKE NY CLIMATE NORMALS FOR TODAY
                         NORMAL    RECORD    YEAR
 MAXIMUM TEMPERATURE (F)   73        83      2013
 MINIMUM TEMPERATURE (F)   47        33      2003


SUNRISE AND SUNSET
AUGUST 28 2016........SUNRISE   615 AM EDT   SUNSET   739 PM EDT
AUGUST 29 2016........SUNRISE   617 AM EDT   SUNSET   738 PM EDT


-  INDICATES NEGATIVE NUMBERS.
R  INDICATES RECORD WAS SET OR TIED.
MM INDICATES DATA IS MISSING.
T  INDICATES TRACE AMOUNT.




$$
