000
CDUS41 KBTV 220523
CLISLK


CLIMATE REPORT
NATIONAL WEATHER SERVICE BURLINGTON VT
1221 AM EST THU FEB 22 2018


...................................

...THE SARANAC LAKE NY CLIMATE SUMMARY FOR FEBRUARY 21 2018...

CLIMATE NORMAL PERIOD 1981 TO 2010
CLIMATE RECORD PERIOD 9999 TO 9999


WEATHER ITEM   OBSERVED TIME   NORMAL DEPARTURE LAST
                VALUE   (LST)  VALUE  FROM      YEAR
                                      NORMAL
......................................................
TEMPERATURE (F)
 YESTERDAY
  MAXIMUM         63   1140 AM  29     34       45
  MINIMUM         26   1150 PM   3     23        4
  AVERAGE         45            16     29       25

PRECIPITATION (IN)
  YESTERDAY        0.04          0.06  -0.02     0.00
  MONTH TO DATE    1.59          1.25   0.34     1.03
  SINCE DEC 1      6.63          5.67   0.96     5.63
  SINCE JAN 1      4.87          3.38   1.49     3.20

DEGREE DAYS
 HEATING
  YESTERDAY       20            49    -29       40
  MONTH TO DATE  933          1068   -135      951
  SINCE DEC 1   4109          4095     14     3662
  SINCE JUL 1   6166          6370   -204     5504

 COOLING
  YESTERDAY        0             0      0        0
  MONTH TO DATE    0             0      0        0
  SINCE DEC 1      0             0      0        0
  SINCE JAN 1      0             0      0        0
......................................................


WIND (MPH)
  HIGHEST WIND SPEED    18   HIGHEST WIND DIRECTION    SW (240)
  HIGHEST GUST SPEED    29   HIGHEST GUST DIRECTION    SW (240)
  AVERAGE WIND SPEED     7.2


SKY COVER
  AVERAGE SKY COVER 0.6


WEATHER CONDITIONS
 THE FOLLOWING WEATHER WAS RECORDED YESTERDAY.
  LIGHT RAIN
  FOG


RELATIVE HUMIDITY (PERCENT)
 HIGHEST   100          1200 AM
 LOWEST     67          1100 AM
 AVERAGE    84

..........................................................


THE SARANAC LAKE NY CLIMATE NORMALS FOR TODAY
                         NORMAL    RECORD    YEAR
 MAXIMUM TEMPERATURE (F)   30        56      2017
 MINIMUM TEMPERATURE (F)    3       -23      2001


SUNRISE AND SUNSET
FEBRUARY 22 2018......SUNRISE   646 AM EST   SUNSET   535 PM EST
FEBRUARY 23 2018......SUNRISE   644 AM EST   SUNSET   537 PM EST


-  INDICATES NEGATIVE NUMBERS.
R  INDICATES RECORD WAS SET OR TIED.
MM INDICATES DATA IS MISSING.
T  INDICATES TRACE AMOUNT.




$$
