000
CDUS41 KBTV 230533
CLISLK


CLIMATE REPORT
NATIONAL WEATHER SERVICE BURLINGTON VT
131 AM EDT SAT AUG 23 2014


...................................

...THE SARANAC LAKE NY CLIMATE SUMMARY FOR AUGUST 22 2014...

CLIMATE NORMAL PERIOD 1981 TO 2010
CLIMATE RECORD PERIOD 9999 TO 9999


WEATHER ITEM   OBSERVED TIME   NORMAL DEPARTURE LAST
                VALUE   (LST)  VALUE  FROM      YEAR
                                      NORMAL
......................................................
TEMPERATURE (F)
 YESTERDAY
  MAXIMUM         68   1047 AM  74     -6       79
  MINIMUM         58   1159 PM  48     10       53
  AVERAGE         63            61      2       66

PRECIPITATION (IN)
  YESTERDAY        0.01          0.13  -0.12     0.30
  MONTH TO DATE    2.84          2.92  -0.08     2.85
  SINCE JUN 1     13.68         10.96   2.72    17.57
  SINCE JAN 1     25.84         23.31   2.53    28.57

DEGREE DAYS
 HEATING
  YESTERDAY        2             5     -3        0
  MONTH TO DATE  113            94     19      114
  SINCE JUN 1    415           372     43      404
  SINCE JUL 1    248           188     60      184

 COOLING
  YESTERDAY        0             1     -1        1
  MONTH TO DATE    3            22    -19       10
  SINCE JUN 1     62            94    -32      146
  SINCE JAN 1     63            97    -34      156
......................................................


WIND (MPH)
  HIGHEST WIND SPEED    10   HIGHEST WIND DIRECTION     E (70)
  HIGHEST GUST SPEED    14   HIGHEST GUST DIRECTION     E (70)
  AVERAGE WIND SPEED     4.9


SKY COVER
  AVERAGE SKY COVER 1.0


WEATHER CONDITIONS
 THE FOLLOWING WEATHER WAS RECORDED YESTERDAY.
  FOG
  FOG W/VISIBILITY <= 1/4 MILE
  HAZE


RELATIVE HUMIDITY (PERCENT)
 HIGHEST   100          1200 AM
 LOWEST     78           300 PM
 AVERAGE    89

..........................................................


THE SARANAC LAKE NY CLIMATE NORMALS FOR TODAY
                         NORMAL    RECORD    YEAR
 MAXIMUM TEMPERATURE (F)   73        MM        MM
 MINIMUM TEMPERATURE (F)   48        MM        MM


SUNRISE AND SUNSET
AUGUST 23 2014........SUNRISE   609 AM EDT   SUNSET   749 PM EDT
AUGUST 24 2014........SUNRISE   610 AM EDT   SUNSET   747 PM EDT


-  INDICATES NEGATIVE NUMBERS.
R  INDICATES RECORD WAS SET OR TIED.
MM INDICATES DATA IS MISSING.
T  INDICATES TRACE AMOUNT.




$$
