000
CDUS41 KBTV 210549
CLISLK


CLIMATE REPORT
NATIONAL WEATHER SERVICE BURLINGTON VT
147 AM EDT THU SEP 21 2017


...................................

...THE SARANAC LAKE NY CLIMATE SUMMARY FOR SEPTEMBER 20 2017...

CLIMATE NORMAL PERIOD 1981 TO 2010
CLIMATE RECORD PERIOD 9999 TO 9999


WEATHER ITEM   OBSERVED TIME   NORMAL DEPARTURE LAST
                VALUE   (LST)  VALUE  FROM      YEAR
                                      NORMAL
......................................................
TEMPERATURE (F)
 YESTERDAY
  MAXIMUM         78    212 PM  64     14       80
  MINIMUM         47    213 AM  40      7       44
  AVERAGE         63            52     11       62

PRECIPITATION (IN)
  YESTERDAY        0.00          0.11  -0.11     0.00
  MONTH TO DATE    1.65          2.27  -0.62     1.42
  SINCE SEP 1      1.65          2.27  -0.62     1.42
  SINCE JAN 1     33.31         26.81   6.50    23.34

DEGREE DAYS
 HEATING
  YESTERDAY        2            13    -11        3
  MONTH TO DATE  172           193    -21      121
  SINCE SEP 1    172           193    -21      121
  SINCE JUL 1    444           433     11      242

 COOLING
  YESTERDAY        0             0      0        0
  MONTH TO DATE    0             7     -7       15
  SINCE SEP 1      0             7     -7       15
  SINCE JAN 1     53           114    -61      166
......................................................


WIND (MPH)
  HIGHEST WIND SPEED    15   HIGHEST WIND DIRECTION    NE (40)
  HIGHEST GUST SPEED    22   HIGHEST GUST DIRECTION    NE (50)
  AVERAGE WIND SPEED     4.0


SKY COVER
  AVERAGE SKY COVER 0.5


WEATHER CONDITIONS
 THE FOLLOWING WEATHER WAS RECORDED YESTERDAY.
  FOG
  FOG W/VISIBILITY <= 1/4 MILE


RELATIVE HUMIDITY (PERCENT)
 HIGHEST   100          1200 AM
 LOWEST     54           100 PM
 AVERAGE    77

..........................................................


THE SARANAC LAKE NY CLIMATE NORMALS FOR TODAY
                         NORMAL    RECORD    YEAR
 MAXIMUM TEMPERATURE (F)   64        80      2007
 MINIMUM TEMPERATURE (F)   39        28      2009


SUNRISE AND SUNSET
SEPTEMBER 21 2017.....SUNRISE   643 AM EDT   SUNSET   656 PM EDT
SEPTEMBER 22 2017.....SUNRISE   644 AM EDT   SUNSET   654 PM EDT


-  INDICATES NEGATIVE NUMBERS.
R  INDICATES RECORD WAS SET OR TIED.
MM INDICATES DATA IS MISSING.
T  INDICATES TRACE AMOUNT.




$$
