000
CDUS41 KBTV 290533
CLISLK


CLIMATE REPORT
NATIONAL WEATHER SERVICE BURLINGTON VT
131 AM EDT MON MAY 29 2017


...................................

...THE SARANAC LAKE NY CLIMATE SUMMARY FOR MAY 28 2017...

CLIMATE NORMAL PERIOD 1981 TO 2010
CLIMATE RECORD PERIOD 9999 TO 9999


WEATHER ITEM   OBSERVED TIME   NORMAL DEPARTURE LAST
                VALUE   (LST)  VALUE  FROM      YEAR
                                      NORMAL
......................................................
TEMPERATURE (F)
 YESTERDAY
  MAXIMUM         74    307 PM  67      7       86
  MINIMUM         38    346 AM  41     -3       53
  AVERAGE         56            54      2       70

PRECIPITATION (IN)
  YESTERDAY        0.00          0.12  -0.12     0.00
  MONTH TO DATE    5.36          3.07   2.29     1.81
  SINCE MAR 1     10.49          8.24   2.25     7.51
  SINCE JAN 1     15.03         11.98   3.05    11.39

DEGREE DAYS
 HEATING
  YESTERDAY        9            11     -2        0
  MONTH TO DATE  458           431     27      418
  SINCE MAR 1   2491          2497     -6     2350
  SINCE JUL 1   8187          9202  -1015     7945

 COOLING
  YESTERDAY        0             0      0        5
  MONTH TO DATE    6             0      6        9
  SINCE MAR 1      6             0      6        9
  SINCE JAN 1      6             0      6        9
......................................................


WIND (MPH)
  HIGHEST WIND SPEED    16   HIGHEST WIND DIRECTION    SW (220)
  HIGHEST GUST SPEED    21   HIGHEST GUST DIRECTION    SW (230)
  AVERAGE WIND SPEED     4.3


SKY COVER
  AVERAGE SKY COVER 0.5


WEATHER CONDITIONS
 THE FOLLOWING WEATHER WAS RECORDED YESTERDAY.
  FOG
  FOG W/VISIBILITY <= 1/4 MILE


RELATIVE HUMIDITY (PERCENT)
 HIGHEST   100          1200 AM
 LOWEST     38           100 PM
 AVERAGE    69

..........................................................


THE SARANAC LAKE NY CLIMATE NORMALS FOR TODAY
                         NORMAL    RECORD    YEAR
 MAXIMUM TEMPERATURE (F)   68        87      2016
 MINIMUM TEMPERATURE (F)   42        29      2004


SUNRISE AND SUNSET
MAY 29 2017...........SUNRISE   517 AM EDT   SUNSET   832 PM EDT
MAY 30 2017...........SUNRISE   517 AM EDT   SUNSET   833 PM EDT


-  INDICATES NEGATIVE NUMBERS.
R  INDICATES RECORD WAS SET OR TIED.
MM INDICATES DATA IS MISSING.
T  INDICATES TRACE AMOUNT.




$$
