265
CDUS41 KBTV 010524
CLISLK


CLIMATE REPORT
NATIONAL WEATHER SERVICE BURLINGTON VT
123 AM EDT SAT OCT 1 2016


...................................

...THE SARANAC LAKE NY CLIMATE SUMMARY FOR SEPTEMBER 30 2016...

CLIMATE NORMAL PERIOD 1981 TO 2010
CLIMATE RECORD PERIOD 9999 TO 9999


WEATHER ITEM   OBSERVED TIME   NORMAL DEPARTURE LAST
                VALUE   (LST)  VALUE  FROM      YEAR
                                      NORMAL
......................................................
TEMPERATURE (F)
 YESTERDAY
  MAXIMUM         60    234 PM  60      0       55
  MINIMUM         43    612 AM  36      7       42
  AVERAGE         52            48      4       49

PRECIPITATION (IN)
  YESTERDAY        0.04          0.08  -0.04     0.90
  MONTH TO DATE    2.30          3.29  -0.99     3.25
  SINCE SEP 1      2.30          3.29  -0.99     3.25
  SINCE JAN 1     24.22         27.83  -3.61    27.30

DEGREE DAYS
 HEATING
  YESTERDAY       13            17     -4       16
  MONTH TO DATE  267           346    -79      184
  SINCE SEP 1    267           345    -78      184
  SINCE JUL 1    388           585   -197      377

 COOLING
  YESTERDAY        0             0      0        0
  MONTH TO DATE   15             7      8       27
  SINCE SEP 1     15             7      8       27
  SINCE JAN 1    166           114     52      130
......................................................


WIND (MPH)
  HIGHEST WIND SPEED    12   HIGHEST WIND DIRECTION     E (80)
  HIGHEST GUST SPEED    16   HIGHEST GUST DIRECTION     E (70)
  AVERAGE WIND SPEED     3.6


SKY COVER
  AVERAGE SKY COVER 0.5


WEATHER CONDITIONS
 THE FOLLOWING WEATHER WAS RECORDED YESTERDAY.
  LIGHT RAIN


RELATIVE HUMIDITY (PERCENT)
 HIGHEST    96           600 AM
 LOWEST     39           200 PM
 AVERAGE    68

..........................................................


THE SARANAC LAKE NY CLIMATE NORMALS FOR TODAY
                         NORMAL    RECORD    YEAR
 MAXIMUM TEMPERATURE (F)   59        77      2002
 MINIMUM TEMPERATURE (F)   36        27      2001


SUNRISE AND SUNSET
OCTOBER  1 2016.......SUNRISE   655 AM EDT   SUNSET   637 PM EDT
OCTOBER  2 2016.......SUNRISE   656 AM EDT   SUNSET   635 PM EDT


-  INDICATES NEGATIVE NUMBERS.
R  INDICATES RECORD WAS SET OR TIED.
MM INDICATES DATA IS MISSING.
T  INDICATES TRACE AMOUNT.




$$
