000
CDUS41 KBTV 060600
CLISLK


CLIMATE REPORT
NATIONAL WEATHER SERVICE BURLINGTON VT
158 AM EDT MON JUL 6 2015


...................................

...THE SARANAC LAKE NY CLIMATE SUMMARY FOR JULY 5 2015...

CLIMATE NORMAL PERIOD 1981 TO 2010
CLIMATE RECORD PERIOD 9999 TO 9999


WEATHER ITEM   OBSERVED TIME   NORMAL DEPARTURE LAST
                VALUE   (LST)  VALUE  FROM      YEAR
                                      NORMAL
......................................................
TEMPERATURE (F)
 YESTERDAY
  MAXIMUM         76    314 PM  76      0       75
  MINIMUM         48    454 AM  51     -3       41
  AVERAGE         62            64     -2       58

PRECIPITATION (IN)
  YESTERDAY        0.00          0.16  -0.16     0.00
  MONTH TO DATE    0.32          0.71  -0.39     0.42
  SINCE JUN 1     10.09          4.56   5.53     7.20
  SINCE JAN 1     17.88         16.91   0.97    19.36

DEGREE DAYS
 HEATING
  YESTERDAY        3             3      0        7
  MONTH TO DATE   32            15     17       14
  SINCE JUN 1    228           199     29      181
  SINCE JUL 1     32            15     17       14

 COOLING
  YESTERDAY        0             2     -2        0
  MONTH TO DATE    0            10    -10       23
  SINCE JUN 1      6            36    -30       44
  SINCE JAN 1     22            39    -17       45
......................................................


WIND (MPH)
  HIGHEST WIND SPEED    10   HIGHEST WIND DIRECTION     W (250)
  HIGHEST GUST SPEED    17   HIGHEST GUST DIRECTION    SW (230)
  AVERAGE WIND SPEED     3.6


SKY COVER
  AVERAGE SKY COVER 0.4


WEATHER CONDITIONS
 THE FOLLOWING WEATHER WAS RECORDED YESTERDAY.
  FOG
  FOG W/VISIBILITY <= 1/4 MILE


RELATIVE HUMIDITY (PERCENT)
 HIGHEST   100          1200 AM
 LOWEST     46           200 PM
 AVERAGE    73

..........................................................


THE SARANAC LAKE NY CLIMATE NORMALS FOR TODAY
                         NORMAL    RECORD    YEAR
 MAXIMUM TEMPERATURE (F)   76        90      2010
 MINIMUM TEMPERATURE (F)   51        36      2000


SUNRISE AND SUNSET
JULY  6 2015..........SUNRISE   519 AM EDT   SUNSET   844 PM EDT
JULY  7 2015..........SUNRISE   520 AM EDT   SUNSET   843 PM EDT


-  INDICATES NEGATIVE NUMBERS.
R  INDICATES RECORD WAS SET OR TIED.
MM INDICATES DATA IS MISSING.
T  INDICATES TRACE AMOUNT.




$$
