000
CDUS41 KBTV 310536
CLISLK


CLIMATE REPORT
NATIONAL WEATHER SERVICE BURLINGTON VT
134 AM EDT MON AUG 31 2015


...................................

...THE SARANAC LAKE NY CLIMATE SUMMARY FOR AUGUST 30 2015...

CLIMATE NORMAL PERIOD 1981 TO 2010
CLIMATE RECORD PERIOD 9999 TO 9999


WEATHER ITEM   OBSERVED TIME   NORMAL DEPARTURE LAST
                VALUE   (LST)  VALUE  FROM      YEAR
                                      NORMAL
......................................................
TEMPERATURE (F)
 YESTERDAY
  MAXIMUM         75    109 PM  72      3       79
  MINIMUM         52   1143 PM  47      5       44
  AVERAGE         64            59      5       62

PRECIPITATION (IN)
  YESTERDAY        0.00          0.14  -0.14     0.00
  MONTH TO DATE    3.40          4.02  -0.62     2.84
  SINCE JUN 1     16.26         12.06   4.20    13.68
  SINCE JAN 1     24.05         24.41  -0.36    25.84

DEGREE DAYS
 HEATING
  YESTERDAY        1             6     -5        3
  MONTH TO DATE   96           140    -44      144
  SINCE JUN 1    387           418    -31      446
  SINCE JUL 1    191           234    -43      279

 COOLING
  YESTERDAY        0             1     -1        0
  MONTH TO DATE   31            30      1        4
  SINCE JUN 1     87           102    -15       63
  SINCE JAN 1    103           105     -2       64
......................................................


WIND (MPH)
  HIGHEST WIND SPEED    12   HIGHEST WIND DIRECTION    SW (230)
  HIGHEST GUST SPEED    15   HIGHEST GUST DIRECTION    SW (220)
  AVERAGE WIND SPEED     3.7


SKY COVER
  AVERAGE SKY COVER 0.6


WEATHER CONDITIONS
 THE FOLLOWING WEATHER WAS RECORDED YESTERDAY.
  FOG


RELATIVE HUMIDITY (PERCENT)
 HIGHEST   100          1100 PM
 LOWEST     50           100 PM
 AVERAGE    75

..........................................................


THE SARANAC LAKE NY CLIMATE NORMALS FOR TODAY
                         NORMAL    RECORD    YEAR
 MAXIMUM TEMPERATURE (F)   72        87      2010
 MINIMUM TEMPERATURE (F)   46        31      1999


SUNRISE AND SUNSET
AUGUST 31 2015........SUNRISE   618 AM EDT   SUNSET   735 PM EDT
SEPTEMBER  1 2015.....SUNRISE   619 AM EDT   SUNSET   734 PM EDT


-  INDICATES NEGATIVE NUMBERS.
R  INDICATES RECORD WAS SET OR TIED.
MM INDICATES DATA IS MISSING.
T  INDICATES TRACE AMOUNT.




$$
