000
CDUS43 KICT 310610
CLISLN


CLIMATE REPORT
NATIONAL WEATHER SERVICE WICHITA KS
110 AM CDT SUN JUL 31 2016


...................................

...THE SALINA KS CLIMATE SUMMARY FOR JULY 30 2016...

CLIMATE NORMAL PERIOD 1981 TO 2010
CLIMATE RECORD PERIOD 1894 TO 2016


WEATHER ITEM   OBSERVED TIME   RECORD YEAR NORMAL DEPARTURE LAST
                VALUE   (LST)  VALUE       VALUE  FROM      YEAR
                                                  NORMAL
..................................................................
TEMPERATURE (F)
 YESTERDAY
  MAXIMUM         92        MM 108    1917  93     -1       89
  MINIMUM         71        MM  53    1918  70      1       68
  AVERAGE         82                        81      1       79

PRECIPITATION (IN)
  YESTERDAY        T             1.46 2007   0.12  -0.12     0.00
  MONTH TO DATE    2.03                      4.16  -2.13     3.86
  SINCE JUN 1      2.48                      8.27  -5.79     8.36
  SINCE JAN 1     14.30                     20.26  -5.96    19.96

DEGREE DAYS
 HEATING
  YESTERDAY        0                         0      0        0
  MONTH TO DATE    0                         0      0        0
  SINCE JUN 1      0                         7     -7        0
  SINCE JUL 1      0                         0      0        0

 COOLING
  YESTERDAY       17                        16      1       14
  MONTH TO DATE  570                       479     91      535
  SINCE JUN 1   1062                       804    258      975
  SINCE JAN 1   1187                       932    255     1065
..................................................................


WIND (MPH)
  HIGHEST WIND SPEED    15   HIGHEST WIND DIRECTION    SE (120)
  HIGHEST GUST SPEED    21   HIGHEST GUST DIRECTION    SE (150)
  AVERAGE WIND SPEED     8.3


SKY COVER
  POSSIBLE SUNSHINE  MM
  AVERAGE SKY COVER 0.3


WEATHER CONDITIONS
 THE FOLLOWING WEATHER WAS RECORDED YESTERDAY.
  LIGHT RAIN


RELATIVE HUMIDITY (PERCENT)
 HIGHEST    90           300 AM
 LOWEST     44           200 PM
 AVERAGE    67

..........................................................


THE SALINA KS CLIMATE NORMALS FOR TODAY
                         NORMAL    RECORD    YEAR
 MAXIMUM TEMPERATURE (F)   93       112      1934
 MINIMUM TEMPERATURE (F)   70        49      1960


SUNRISE AND SUNSET
JULY 31 2016..........SUNRISE   631 AM CDT   SUNSET   842 PM CDT
AUGUST  1 2016........SUNRISE   632 AM CDT   SUNSET   841 PM CDT


-  INDICATES NEGATIVE NUMBERS.
R  INDICATES RECORD WAS SET OR TIED.
MM INDICATES DATA IS MISSING.
T  INDICATES TRACE AMOUNT.




$$
