000
CDUS46 KLOX 260902
CLISMX


CLIMATE REPORT
NATIONAL WEATHER SERVICE LOS ANGELES/OXNARD CA
201 AM PDT TUE MAY 26 2015


...................................

...THE SANTA MARIA AIRPORT CA CLIMATE SUMMARY FOR MAY 25 2015...

CLIMATE NORMAL PERIOD 1981 TO 2010
CLIMATE RECORD PERIOD 1906 TO 2015


WEATHER ITEM   OBSERVED TIME   RECORD YEAR NORMAL DEPARTURE LAST
                VALUE   (LST)  VALUE       VALUE  FROM      YEAR
                                                  NORMAL
..................................................................
TEMPERATURE (F)
 YESTERDAY
  MAXIMUM         68    238 PM  95    1984  69     -1       79
  MINIMUM         54    711 AM  36    1980  48      6       56
  AVERAGE         61                        58      3       68

PRECIPITATION (IN)
  YESTERDAY        T             0.65 1906   0.00   0.00     0.00
  MONTH TO DATE    0.24                      0.28  -0.04     0.01
  SINCE OCT 1      7.61                     13.69  -6.08     4.50
  SINCE JAN 1      2.05                      9.64  -7.59     4.01

SNOWFALL (IN)
  YESTERDAY        0.0
  MONTH TO DATE    0.0
  SINCE MAR 1      0.0
  SINCE JUL 1      0.0

DEGREE DAYS
 HEATING
  YESTERDAY        4                         7     -3
  MONTH TO DATE  147                       185    -38
  SINCE MAR 1    453                       811   -358
  SINCE JUL 1   1140                      2644  -1504

 COOLING
  YESTERDAY        0                         0      0
  MONTH TO DATE    0                         0      0
  SINCE MAR 1     28                         5     23
  SINCE JAN 1     28                         6     22
..................................................................


WIND (MPH)
  HIGHEST WIND SPEED    17   HIGHEST WIND DIRECTION    NW (310)
  HIGHEST GUST SPEED    22   HIGHEST GUST DIRECTION    NW (300)
  AVERAGE WIND SPEED     8.1


SKY COVER
  POSSIBLE SUNSHINE  MM
  AVERAGE SKY COVER 0.8


WEATHER CONDITIONS
 THE FOLLOWING WEATHER WAS RECORDED YESTERDAY.
  FOG


RELATIVE HUMIDITY (PERCENT)
 HIGHEST    93           500 AM
 LOWEST     56           100 PM
 AVERAGE    75

..........................................................


THE SANTA MARIA AIRPORT CA CLIMATE NORMALS FOR TODAY
                         NORMAL    RECORD    YEAR
 MAXIMUM TEMPERATURE (F)   69        84      1974
 MINIMUM TEMPERATURE (F)   48        36      1929


SUNRISE AND SUNSET
MAY 26 2015...........SUNRISE   552 AM PDT   SUNSET   806 PM PDT
MAY 27 2015...........SUNRISE   551 AM PDT   SUNSET   807 PM PDT


-  INDICATES NEGATIVE NUMBERS.
R  INDICATES RECORD WAS SET OR TIED.
MM INDICATES DATA IS MISSING.
T  INDICATES TRACE AMOUNT.




$$
