000
CDUS46 KLOX 300908
CLISMX


CLIMATE REPORT
NATIONAL WEATHER SERVICE LOS ANGELES/OXNARD CA
208 AM PDT TUE SEP 30 2014


...................................

...THE SANTA MARIA AIRPORT CA CLIMATE SUMMARY FOR SEPTEMBER 29 2014...

CLIMATE NORMAL PERIOD 1981 TO 2010
CLIMATE RECORD PERIOD 1906 TO 2014


WEATHER ITEM   OBSERVED TIME   RECORD YEAR NORMAL DEPARTURE LAST
                VALUE   (LST)  VALUE       VALUE  FROM      YEAR
                                                  NORMAL
..................................................................
TEMPERATURE (F)
 YESTERDAY
  MAXIMUM         82   1117 AM  99    1934  74      8       81
  MINIMUM         54    624 AM  39    1948  51      3       45
  AVERAGE         68                        62      6       63

PRECIPITATION (IN)
  YESTERDAY        0.00          0.41 1919   0.01  -0.01     0.00
  MONTH TO DATE    0.00                      0.13  -0.13      T
  SINCE JUL 1      T                         0.18  -0.18     0.01
  SINCE JAN 1      4.01                      9.89  -5.88     2.50

SNOWFALL (IN)
  YESTERDAY        0.0
  MONTH TO DATE    0.0
  SINCE SEP 1      0.0
  SINCE JUL 1      0.0

DEGREE DAYS
 HEATING
  YESTERDAY        0                         3     -3
  MONTH TO DATE    1                        77    -76
  SINCE SEP 1      1                        77    -76
  SINCE JUL 1      1                       213   -212

 COOLING
  YESTERDAY        3                         1      2
  MONTH TO DATE   92                        29     63
  SINCE SEP 1     92                        29     63
  SINCE JAN 1    437                        84    353
..................................................................


WIND (MPH)
  HIGHEST WIND SPEED    MM   HIGHEST WIND DIRECTION    MM
  HIGHEST GUST SPEED    MM   HIGHEST GUST DIRECTION    MM
  AVERAGE WIND SPEED     7.0


SKY COVER
  POSSIBLE SUNSHINE  MM
  AVERAGE SKY COVER 0.2


WEATHER CONDITIONS
 THE FOLLOWING WEATHER WAS RECORDED YESTERDAY.
  FOG
  FOG W/VISIBILITY <= 1/4 MILE
  HAZE


RELATIVE HUMIDITY (PERCENT)
 HIGHEST    93           200 AM
 LOWEST     42          1100 AM
 AVERAGE    68

..........................................................


THE SANTA MARIA AIRPORT CA CLIMATE NORMALS FOR TODAY
                         NORMAL    RECORD    YEAR
 MAXIMUM TEMPERATURE (F)   74        96      1980
 MINIMUM TEMPERATURE (F)   51        38      1950


SUNRISE AND SUNSET
SEPTEMBER 30 2014.....SUNRISE   656 AM PDT   SUNSET   647 PM PDT
OCTOBER  1 2014.......SUNRISE   657 AM PDT   SUNSET   646 PM PDT


-  INDICATES NEGATIVE NUMBERS.
R  INDICATES RECORD WAS SET OR TIED.
MM INDICATES DATA IS MISSING.
T  INDICATES TRACE AMOUNT.




$$
