799
CDUS46 KLOX 240912
CLISMX


CLIMATE REPORT
NATIONAL WEATHER SERVICE LOS ANGELES/OXNARD CA
202 AM PDT TUE MAY 24 2016


...................................

...THE SANTA MARIA AIRPORT CA CLIMATE SUMMARY FOR MAY 23 2016...

CLIMATE NORMAL PERIOD 1981 TO 2010
CLIMATE RECORD PERIOD 1906 TO 2016


WEATHER ITEM   OBSERVED TIME   RECORD YEAR NORMAL DEPARTURE LAST
                VALUE   (LST)  VALUE       VALUE  FROM      YEAR
                                                  NORMAL
..................................................................
TEMPERATURE (F)
 YESTERDAY
  MAXIMUM         67   1249 PM  89    1930  69     -2       67
  MINIMUM         45    511 AM  36    1980  48     -3       56
  AVERAGE         56                        58     -2       62

PRECIPITATION (IN)
  YESTERDAY        0.00          0.33 1931   0.00   0.00     0.00
  MONTH TO DATE    0.23                      0.27  -0.04     0.24
  SINCE OCT 1      8.99                     13.68  -4.69     7.61
  SINCE JAN 1      7.11                      9.63  -2.52     2.05

SNOWFALL (IN)
  YESTERDAY        0.0
  MONTH TO DATE    0.0
  SINCE MAR 1      0.0
  SINCE JUL 1      0.0

DEGREE DAYS
 HEATING
  YESTERDAY        9                         7      2
  MONTH TO DATE  126                       171    -45
  SINCE MAR 1    455                       797   -342
  SINCE JUL 1   1578                      2630  -1052

 COOLING
  YESTERDAY        0                         0      0
  MONTH TO DATE    0                         0      0
  SINCE MAR 1     20                         5     15
  SINCE JAN 1     38                         6     32
..................................................................


WIND (MPH)
  HIGHEST WIND SPEED    22   HIGHEST WIND DIRECTION     W (290)
  HIGHEST GUST SPEED    28   HIGHEST GUST DIRECTION     W (290)
  AVERAGE WIND SPEED     8.9


SKY COVER
  POSSIBLE SUNSHINE  MM
  AVERAGE SKY COVER 0.3


WEATHER CONDITIONS
 THE FOLLOWING WEATHER WAS RECORDED YESTERDAY.
  NO SIGNIFICANT WEATHER WAS OBSERVED.


RELATIVE HUMIDITY (PERCENT)
 HIGHEST   100          1200 AM
 LOWEST     56          1100 AM
 AVERAGE    78

..........................................................


THE SANTA MARIA AIRPORT CA CLIMATE NORMALS FOR TODAY
                         NORMAL    RECORD    YEAR
 MAXIMUM TEMPERATURE (F)   69        95      1927
 MINIMUM TEMPERATURE (F)   48        35      1924


SUNRISE AND SUNSET
MAY 24 2016...........SUNRISE   552 AM PDT   SUNSET   805 PM PDT
MAY 25 2016...........SUNRISE   552 AM PDT   SUNSET   806 PM PDT


-  INDICATES NEGATIVE NUMBERS.
R  INDICATES RECORD WAS SET OR TIED.
MM INDICATES DATA IS MISSING.
T  INDICATES TRACE AMOUNT.




$$
