000
CDUS46 KSGX 211525
CLISNA


CLIMATE REPORT
NATIONAL WEATHER SERVICE SAN DIEGO, CA
725 AM PST TUE FEB 21 2017


...................................

...THE JOHN WAYNE AIRPORT CA CLIMATE SUMMARY FOR FEBRUARY 20 2017...

CLIMATE NORMAL PERIOD 1981 TO 2010
CLIMATE RECORD PERIOD 1999 TO 2017


WEATHER ITEM   OBSERVED TIME   RECORD YEAR NORMAL DEPARTURE LAST
                VALUE   (LST)  VALUE       VALUE  FROM      YEAR
                                                  NORMAL
..................................................................
TEMPERATURE (F)
 YESTERDAY
  MAXIMUM         65    150 PM  80    2014  66     -1       68
  MINIMUM         53    603 AM  41    2006  49      4       48
  AVERAGE         59                        58      1       58

PRECIPITATION (IN)
  YESTERDAY        0.01          0.68 2005   0.14  -0.13     0.00
  MONTH TO DATE    3.49                      1.98   1.51     0.32
  SINCE OCT 1     15.42                      8.97   6.45     3.58
  SINCE JAN 1      9.23                      4.89   4.34     2.36

DEGREE DAYS
 HEATING
  YESTERDAY        6                         7     -1        7
  MONTH TO DATE  110                       159    -49       77
  SINCE DEC 1    588                       698   -110      626
  SINCE JUL 1    666                       851   -185      756

 COOLING
  YESTERDAY        0                         0      0        0
  MONTH TO DATE    0                         0      0       37
  SINCE DEC 1      0                         6     -6       37
  SINCE JAN 1      0                         5     -5       37
..................................................................


WIND (MPH)
  RESULTANT WIND SPEED   4   RESULTANT WIND DIRECTION   S (170)
  HIGHEST WIND SPEED    13   HIGHEST WIND DIRECTION    SW (210)
  HIGHEST GUST SPEED    15   HIGHEST GUST DIRECTION    SW (220)
  AVERAGE WIND SPEED     5.5


SKY COVER
  POSSIBLE SUNSHINE  MM
  AVERAGE SKY COVER 0.9


WEATHER CONDITIONS
 THE FOLLOWING WEATHER WAS RECORDED YESTERDAY.
  LIGHT RAIN
  FOG


RELATIVE HUMIDITY (PERCENT)
 HIGHEST    93           400 AM
 LOWEST     67          1200 PM
 AVERAGE    80

..........................................................


THE JOHN WAYNE AIRPORT CA CLIMATE NORMALS FOR TODAY
                         NORMAL    RECORD    YEAR
 MAXIMUM TEMPERATURE (F)   66        89      2002
 MINIMUM TEMPERATURE (F)   49        43      2011
                                             2006


SUNRISE AND SUNSET
FEBRUARY 21 2017......SUNRISE   629 AM PST   SUNSET   542 PM PST
FEBRUARY 22 2017......SUNRISE   628 AM PST   SUNSET   542 PM PST


-  INDICATES NEGATIVE NUMBERS.
R  INDICATES RECORD WAS SET OR TIED.
MM INDICATES DATA IS MISSING.
T  INDICATES TRACE AMOUNT.




$$
