000
CDUS46 KSGX 300016
CLISNA


CLIMATE REPORT
NATIONAL WEATHER SERVICE SAN DIEGO, CA
516 PM PDT WED MAR 29 2017


...................................

...THE JOHN WAYNE AIRPORT CA CLIMATE SUMMARY FOR MARCH 29 2017...
VALID TODAY AS OF 0500 PM LOCAL TIME.

CLIMATE NORMAL PERIOD 1981 TO 2010
CLIMATE RECORD PERIOD 1999 TO 2017


WEATHER ITEM   OBSERVED TIME   RECORD YEAR NORMAL DEPARTURE LAST
                VALUE   (LST)  VALUE       VALUE  FROM      YEAR
                                                  NORMAL
..................................................................
TEMPERATURE (F)
 TODAY
  MAXIMUM         78    248 PM  88    2004  68     10       63
  MINIMUM         52    550 AM  48    2007  52      0       49
  AVERAGE         65                        60      5       56

PRECIPITATION (IN)
  TODAY            0.00          0.14 2006   0.03  -0.03     0.00
  MONTH TO DATE    0.05                      1.86  -1.81     1.11
  SINCE OCT 1     15.76                     11.80   3.96     4.69
  SINCE JAN 1      9.57                      7.72   1.85     3.47

DEGREE DAYS
 HEATING
  TODAY            0                         5     -5        9
  MONTH TO DATE   79                       169    -90      106
  SINCE MAR 1     79                       169    -90      106
  SINCE JUL 1    820                      1075   -255      878

 COOLING
  TODAY            0                         0      0        0
  MONTH TO DATE    8                         0      8        3
  SINCE MAR 1      8                         0      8        3
  SINCE JAN 1      8                         8      0       41
..................................................................


WIND (MPH)
  RESULTANT WIND SPEED   3   RESULTANT WIND DIRECTION  SW (210)
  HIGHEST WIND SPEED    13   HIGHEST WIND DIRECTION     S (200)
  HIGHEST GUST SPEED    16   HIGHEST GUST DIRECTION     S (200)
  AVERAGE WIND SPEED     4.0


SKY COVER
  POSSIBLE SUNSHINE  MM
  AVERAGE SKY COVER 0.2


WEATHER CONDITIONS
 THE FOLLOWING WEATHER WAS RECORDED TODAY.
  NO SIGNIFICANT WEATHER WAS OBSERVED.


RELATIVE HUMIDITY (PERCENT)
 HIGHEST    72          1200 AM
 LOWEST     28           300 PM
 AVERAGE    50

..........................................................


THE JOHN WAYNE AIRPORT CA CLIMATE NORMALS FOR TOMORROW
                         NORMAL    RECORD    YEAR
 MAXIMUM TEMPERATURE (F)   68        90      2003
 MINIMUM TEMPERATURE (F)   53        50      2016
                                             2007


SUNRISE AND SUNSET
MARCH 29 2017.........SUNRISE   643 AM PDT   SUNSET   710 PM PDT
MARCH 30 2017.........SUNRISE   641 AM PDT   SUNSET   711 PM PDT


-  INDICATES NEGATIVE NUMBERS.
R  INDICATES RECORD WAS SET OR TIED.
MM INDICATES DATA IS MISSING.
T  INDICATES TRACE AMOUNT.




$$
