000
CDUS46 KSGX 260019
CLISNA


CLIMATE REPORT
NATIONAL WEATHER SERVICE SAN DIEGO, CA
419 PM PST SUN JAN 25 2015


...................................

...THE JOHN WAYNE AIRPORT CA CLIMATE SUMMARY FOR JANUARY 25 2015...
VALID TODAY AS OF 0400 PM LOCAL TIME.

CLIMATE NORMAL PERIOD 1981 TO 2010
CLIMATE RECORD PERIOD 1999 TO 2015


WEATHER ITEM   OBSERVED TIME   RECORD YEAR NORMAL DEPARTURE LAST
                VALUE   (LST)  VALUE       VALUE  FROM      YEAR
                                                  NORMAL
..................................................................
TEMPERATURE (F)
 TODAY
  MAXIMUM         86R   113 PM  85    2012  67     19       72
  MINIMUM         54    558 AM  41    2002  48      6       57
  AVERAGE         70                        57     13       65

PRECIPITATION (IN)
  TODAY            0.00          0.44 2000   0.04  -0.04     0.00
  MONTH TO DATE    0.69                      2.61  -1.92     0.00
  SINCE OCT 1      4.49                      6.69  -2.20     0.93
  SINCE JAN 1      0.69                      2.61  -1.92     0.00

SNOWFALL (IN)
  TODAY            0.0
  MONTH TO DATE    0.0
  SINCE JAN 1      0.0
  SINCE JUL 1      0.0
  SNOW DEPTH       0

DEGREE DAYS
 HEATING
  TODAY            0                         8     -8        0
  MONTH TO DATE   89                       211   -122       87
  SINCE DEC 1    199                       490   -291      283
  SINCE JUL 1    203                       643   -440      356

 COOLING
  TODAY            5                         0      5        0
  MONTH TO DATE   20                         0     20       27
  SINCE DEC 1     38                         1     37       31
  SINCE JAN 1     20                         0     20       27
..................................................................


WIND (MPH)
  RESULTANT WIND SPEED   1   RESULTANT WIND DIRECTION  SE (120)
  HIGHEST WIND SPEED    15   HIGHEST WIND DIRECTION    NE (60)
  HIGHEST GUST SPEED    26   HIGHEST GUST DIRECTION    NE (60)
  AVERAGE WIND SPEED     3.4


SKY COVER
  POSSIBLE SUNSHINE  MM
  AVERAGE SKY COVER 0.2


WEATHER CONDITIONS
 THE FOLLOWING WEATHER WAS RECORDED TODAY.
  NO SIGNIFICANT WEATHER WAS OBSERVED.


RELATIVE HUMIDITY (PERCENT)
 HIGHEST    41           400 AM
 LOWEST     11           800 AM
 AVERAGE    26

..........................................................


THE JOHN WAYNE AIRPORT CA CLIMATE NORMALS FOR TOMORROW
                         NORMAL    RECORD    YEAR
 MAXIMUM TEMPERATURE (F)   67        83      2003
 MINIMUM TEMPERATURE (F)   48        43      2002


SUNRISE AND SUNSET
JANUARY 25 2015.......SUNRISE   652 AM PST   SUNSET   516 PM PST
JANUARY 26 2015.......SUNRISE   652 AM PST   SUNSET   517 PM PST


-  INDICATES NEGATIVE NUMBERS.
R  INDICATES RECORD WAS SET OR TIED.
MM INDICATES DATA IS MISSING.
T  INDICATES TRACE AMOUNT.




$$
