000
CDUS46 KSGX 170117
CLISNA


CLIMATE REPORT
NATIONAL WEATHER SERVICE SAN DIEGO, CA
517 PM PST TUE JAN 16 2018


...................................

...THE JOHN WAYNE AIRPORT CA CLIMATE SUMMARY FOR JANUARY 16 2018...
VALID TODAY AS OF 0500 PM LOCAL TIME.

CLIMATE NORMAL PERIOD 1981 TO 2010
CLIMATE RECORD PERIOD 1999 TO 2018


WEATHER ITEM   OBSERVED TIME   RECORD YEAR NORMAL DEPARTURE LAST
                VALUE   (LST)  VALUE       VALUE  FROM      YEAR
                                                  NORMAL
..................................................................
TEMPERATURE (F)
 TODAY
  MAXIMUM         71    259 PM  89    2014  67      4       66
  MINIMUM         52    821 AM  39    2013  47      5       50
                                      2006
  AVERAGE         62                        57      5       58

PRECIPITATION (IN)
  TODAY            0.00          0.00 2006   0.11  -0.11     0.00
                                      2005
                                      2004
  MONTH TO DATE    0.72                      1.87  -1.15     1.37
  SINCE OCT 1      0.73                      5.95  -5.22     7.56
  SINCE JAN 1      0.72                      1.87  -1.15     1.37

DEGREE DAYS
 HEATING
  TODAY            3                         8     -5        7
  MONTH TO DATE   52                       139    -87      124
  SINCE DEC 1    182                       418   -236      352
  SINCE JUL 1    215                       571   -356      430

 COOLING
  TODAY            0                         0      0        0
  MONTH TO DATE    3                         0      3        0
  SINCE DEC 1     21                         1     20        0
  SINCE JAN 1      3                         0      3        0
..................................................................


WIND (MPH)
  RESULTANT WIND SPEED   0   RESULTANT WIND DIRECTION   E (70)
  HIGHEST WIND SPEED     9   HIGHEST WIND DIRECTION    SW (220)
  HIGHEST GUST SPEED    12   HIGHEST GUST DIRECTION    SW (230)
  AVERAGE WIND SPEED     0.7


SKY COVER
  POSSIBLE SUNSHINE  MM
  AVERAGE SKY COVER 0.8


WEATHER CONDITIONS
 THE FOLLOWING WEATHER WAS RECORDED TODAY.
  FOG
  FOG W/VISIBILITY <= 1/4 MILE
  HAZE


RELATIVE HUMIDITY (PERCENT)
 HIGHEST   100          1200 AM
 LOWEST     53           300 PM
 AVERAGE    77

..........................................................


THE JOHN WAYNE AIRPORT CA CLIMATE NORMALS FOR TOMORROW
                         NORMAL    RECORD    YEAR
 MAXIMUM TEMPERATURE (F)   67        85      2014
 MINIMUM TEMPERATURE (F)   47        41      2013
                                             2007


SUNRISE AND SUNSET
JANUARY 16 2018.......SUNRISE   656 AM PST   SUNSET   507 PM PST
JANUARY 17 2018.......SUNRISE   655 AM PST   SUNSET   508 PM PST


-  INDICATES NEGATIVE NUMBERS.
R  INDICATES RECORD WAS SET OR TIED.
MM INDICATES DATA IS MISSING.
T  INDICATES TRACE AMOUNT.




$$
