646
CDAK48 PAFC 261300
CLISNP

CLIMATE REPORT
NATIONAL WEATHER SERVICE ANCHORAGE, AK
456 AM AKDT MON SEP 26 2016


...................................

...THE SAINT PAUL ISLAND CLIMATE SUMMARY FOR SEPTEMBER 25 2016...

CLIMATE NORMAL PERIOD 1981 TO 2010
CLIMATE RECORD PERIOD 1892 TO 2016


WEATHER ITEM   OBSERVED TIME   RECORD YEAR NORMAL DEPARTURE LAST
                VALUE   (LST)  VALUE       VALUE  FROM      YEAR
                                                  NORMAL
..................................................................
TEMPERATURE (F)
 YESTERDAY
  MAXIMUM         50    656 PM  52    1981  48      2       MM
                                      1979
  MINIMUM         42   1215 AM  22    1992  39      3       MM
  AVERAGE         46                        43      3       MM

PRECIPITATION (IN)
  YESTERDAY        0.21          0.81 1963   0.10   0.11     0.21
  MONTH TO DATE    3.61                      2.50   1.11     3.78
  SINCE SEP 1      3.61                      2.50   1.11     3.78
  SINCE JAN 1     14.35                     14.93  -0.58    15.21

SNOWFALL (IN)
  YESTERDAY        0.0          MM      MM   0.0    0.0     MM
  MONTH TO DATE    0.0                       0.0    0.0      0.0
  SINCE SEP 1      0.0                       0.0    0.0      0.0
  SINCE JUL 1      0.0                       0.0    0.0      0.0
  SNOW DEPTH       0

DEGREE DAYS
 HEATING
  YESTERDAY       19                        22     -3       MM
  MONTH TO DATE  346                       478   -132      384
  SINCE SEP 1    346                       478   -132      384
  SINCE JUL 1    959                      1531   -572     1244

 COOLING
  YESTERDAY        0                         0      0       MM
  MONTH TO DATE    0                         0      0        0
  SINCE SEP 1      0                         0      0        0
  SINCE JAN 1      0                         0      0        0
..................................................................


WIND (MPH)
  RESULTANT WIND SPEED  17   RESULTANT WIND DIRECTION  SW (240)
  HIGHEST WIND SPEED    30   HIGHEST WIND DIRECTION    SW (230)
  HIGHEST GUST SPEED    37   HIGHEST GUST DIRECTION    SW (230)
  AVERAGE WIND SPEED    18.5



WEATHER CONDITIONS
 THE FOLLOWING WEATHER WAS RECORDED YESTERDAY.
  HEAVY RAIN
  RAIN
  LIGHT RAIN
  FOG


..........................................................


THE SAINT PAUL ISLAND CLIMATE NORMALS FOR TODAY
                         NORMAL    RECORD    YEAR
 MAXIMUM TEMPERATURE (F)   48        54      2014
 MINIMUM TEMPERATURE (F)   38        28      2009
                                             1993


SUNRISE AND SUNSET
SEPTEMBER 26 2016.....SUNRISE   916 AM AKDT  SUNSET   907 PM AKDT
SEPTEMBER 27 2016.....SUNRISE   918 AM AKDT  SUNSET   904 PM AKDT

CIVIL TWILIGHT
SEPTEMBER 26 2016       START   713 AM AKDT     END   828 PM AKDT
SEPTEMBER 27 2016       START   716 AM AKDT     END   825 PM AKDT



-  INDICATES NEGATIVE NUMBERS.
R  INDICATES RECORD WAS SET OR TIED.
MM INDICATES DATA IS MISSING.
T  INDICATES TRACE AMOUNT.




$$
&&
------------------------------------------------------
AMOUNT OF DAYLIGHT TODAY  (HOUR:MIN)........11:49
GAIN/LOSS SINCE YESTERDAY (HOUR:MIN:SEC)....-0:05:39

$$
