000
CDAK48 PASN 041115
CLISNP

CLIMATE REPORT
NATIONAL WEATHER SERVICE ST PAUL, AK
315 AM AKDT FRI SEP 4 2015

...................................
...THE ST PAUL AIRPORT CLIMATE SUMMARY FOR SEPTEMBER 3 2015...

CLIMATE NORMAL PERIOD  1981 TO  2010
CLIMATE RECORD PERIOD  1892 TO  2015

WEATHER ITEM   OBSERVED TIME    RECORD YEAR NORMAL DEPARTURE LAST
               VALUE    (LST)   VALUE       VALUE  FROM      YEAR
                                                   NORMAL
...................................................................
TEMPERATURE
YESTERDAY
 MAXIMUM            51  1159 PM    58  1979     52      -1     57
 MINIMUM            44  0644 AM    30  1962     44       0     49
 AVERAGE            48                          48       0     53

PRECIPITATION
(INCHES)
 YESTERDAY        0.38           1.06  1970   0.11    0.27      T
 MONTH TO DATE    0.73                        0.32    0.41      T
 SINCE SEP 1      0.73                        0.32    0.41   0.00
 SINCE JAN 1     12.20                       12.75   -0.55  13.35

SNOWFALL
(INCHES)
 YESTERDAY         0.0            0.0  2015    0.0     0.0    0.0
 MONTH TO DATE     0.0                         0.0     0.0    0.0
 SINCE SEP 1       0.0                         0.0     0.0    0.0
 SINCE JUL 1       0.0                         0.0     0.0    0.0
 SNOW DEPTH (IN)     0                                          0

DEGREE DAYS
 HEATING
  YESTERDAY         17                          17       0     12
  MONTH TO DATE     45                          51      -6     33
  SINCE SEP 1       45                          51      -6     33
  SINCE JUL 1      955                        1103    -148    851

 COOLING
  YESTERDAY          0                           0       0      0
  MONTH TO DATE      0                           0       0      0
  SINCE SEP 1        0                           0       0      0
  SINCE JAN 1        0                           0       0      0
...................................................................

WIND (MPH)
 HIGHEST WIND SPEED    10     HIGHEST WIND DIRECTION    230
 HIGHEST GUST SPEED    13     HIGHEST GUST DIRECTION    230
 AVERAGE WIND SPEED   6.1

SKY COVER
  POSSIBLE SUNSHINE    MM          AVERAGE SKY COVER     MM

WEATHER CONDITIONS
 THE FOLLOWING WEATHER WAS RECORDED YESTERDAY.
  FOG
  DENSE FOG
  RAIN


RELATIVE HUMIDITY
 HIGHEST RH     MM PERCENT       MM
 LOWEST  RH     MM PERCENT       MM
 AVERAGE RH     MM PERCENT       MM
...................................................................

THE ST PAUL CLIMATE NORMALS FOR TODAY
                           NORMAL    RECORD   YEAR
 MAXIMUM TEMPERATURE (F)     51        57     2014
 MINIMUM TEMPERATURE (F)     44        28     1962

SUNRISE AND SUNSET
 SEP 4 2015..........SUNRISE  8:29 AM      SUNSET 10:10 PM
 SEP 5 2015..........SUNRISE  8:32 AM      SUNSET 10:07 PM

-  INDICATES NEGATIVE NUMBERS.
R  INDICATES RECORD HAS BEEN SET OR TIED.
MM INDICATES DATA IS MISSING.
T  INDICATES TRACE OF PRECIPITATION.

&&
-------------------------------------------------------------------

AMOUNT OF DAYLIGHT TODAY  (HOUR:MIN)........13 HOURS 41 MINUTES
GAIN/LOSS SINCE YESTERDAY (HOUR:MIN:SEC)....-0:04:46

$$
SAH SEP 15
