345
CDAK48 PAFC 221235
CLISNP


CLIMATE REPORT
NATIONAL WEATHER SERVICE ANCHORAGE, AK
335 AM AKST SUN JAN 22 2017


...................................

...THE SAINT PAUL ISLAND CLIMATE SUMMARY FOR JANUARY 21 2017...

CLIMATE NORMAL PERIOD 1981 TO 2010
CLIMATE RECORD PERIOD 1892 TO 2017


WEATHER ITEM   OBSERVED TIME   RECORD YEAR NORMAL DEPARTURE LAST
                VALUE   (LST)  VALUE       VALUE  FROM      YEAR
                                                  NORMAL
..................................................................
TEMPERATURE (F)
 YESTERDAY
  MAXIMUM         25    311 PM  41    2003  29     -4       33
  MINIMUM          4    837 AM   0    1956  20    -16       31
                                      1894
  AVERAGE         15                        24     -9       32

PRECIPITATION (IN)
  YESTERDAY        0.04          0.70 1952   0.05  -0.01     0.02
  MONTH TO DATE    1.10                      1.11  -0.01     1.25
  SINCE DEC 1      4.30                      3.36   0.94     5.98
  SINCE JAN 1      1.10                      1.11  -0.01     1.25

SNOWFALL (IN)
  YESTERDAY        0.4          MM      MM   0.4    0.0     MM
  MONTH TO DATE   11.8                       8.6    3.2      0.2
  SINCE DEC 1     15.4                      20.7   -5.3     11.7
  SINCE JUL 1     22.0                      31.0   -9.0     23.7
  SNOW DEPTH       9

DEGREE DAYS
 HEATING
  YESTERDAY       50                        41      9       33
  MONTH TO DATE  820                       828     -8      633
  SINCE DEC 1   1776                      1949   -173     1536
  SINCE JUL 1   4345                      5370  -1025     4084

 COOLING
  YESTERDAY        0                         0      0        0
  MONTH TO DATE    0                         0      0        0
  SINCE DEC 1      0                         0      0        0
  SINCE JAN 1      0                         0      0        0
..................................................................


WIND (MPH)
  RESULTANT WIND SPEED   3   RESULTANT WIND DIRECTION   N (340)
  HIGHEST WIND SPEED    18   HIGHEST WIND DIRECTION    SW (230)
  HIGHEST GUST SPEED    22   HIGHEST GUST DIRECTION    SW (240)
  AVERAGE WIND SPEED     5.0



WEATHER CONDITIONS
 THE FOLLOWING WEATHER WAS RECORDED YESTERDAY.
  SNOW
  LIGHT SNOW
  FOG
  BLOWING SNOW


..........................................................


THE SAINT PAUL ISLAND CLIMATE NORMALS FOR TODAY
                         NORMAL    RECORD    YEAR
 MAXIMUM TEMPERATURE (F)   29        39      1969
                                             1960
 MINIMUM TEMPERATURE (F)   20        -8      1894


SUNRISE AND SUNSET
JANUARY 22 2017.......SUNRISE  1038 AM AKST  SUNSET   628 PM AKST
JANUARY 23 2017.......SUNRISE  1036 AM AKST  SUNSET   630 PM AKST


-  INDICATES NEGATIVE NUMBERS.
R  INDICATES RECORD WAS SET OR TIED.
MM INDICATES DATA IS MISSING.
T  INDICATES TRACE AMOUNT.




$$
