000
CDAK48 PASN 281141
CLISNP

CLIMATE REPORT
NATIONAL WEATHER SERVICE ST PAUL, AK
341 AM AKDT THU AUG 28 2014

...................................
...THE ST PAUL AIRPORT CLIMATE SUMMARY FOR AUGUST 27 2014...

CLIMATE NORMAL PERIOD  1981 TO  2010
CLIMATE RECORD PERIOD  1892 TO  2014

WEATHER ITEM   OBSERVED TIME    RECORD YEAR NORMAL DEPARTURE LAST
               VALUE    (LST)   VALUE       VALUE  FROM      YEAR
                                                   NORMAL
...................................................................
TEMPERATURE
YESTERDAY
 MAXIMUM            58  0351 PM    63  1977     52       6     50
 MINIMUM            41  1127 PM    36  1956     45      -4     45
 AVERAGE            50                          49       1     48

PRECIPITATION
(INCHES)
 YESTERDAY        0.09           0.69  1953   0.11   -0.02   0.00
 MONTH TO DATE    3.78                        2.64    1.14   3.52
 SINCE JUN 1      5.87                        5.84    0.03   6.69
 SINCE JAN 1     13.01                       12.00    1.01  13.87

SNOWFALL
(INCHES)
 YESTERDAY         0.0            0.0  2014    0.0     0.0    0.0
 MONTH TO DATE     0.0                         0.0     0.0    0.0
 SINCE JUN 1       0.0                         0.0     0.0    0.0
 SINCE JUL 1       0.0                         0.0     0.0    0.0
 SNOW DEPTH (IN)     0                                          0

DEGREE DAYS
 HEATING
  YESTERDAY         15                          16      -1     17
  MONTH TO DATE    305                         433    -128    426
  SINCE JUN 1     1379                        1665    -286   1687
  SINCE JUL 1      751                         986    -235    977

 COOLING
  YESTERDAY          0                           0       0      0
  MONTH TO DATE      0                           0       0      0
  SINCE JUN 1        0                           0       0      0
  SINCE JAN 1        0                           0       0      0
...................................................................

WIND (MPH)
 HIGHEST WIND SPEED    25     HIGHEST WIND DIRECTION    330
 HIGHEST GUST SPEED    33     HIGHEST GUST DIRECTION    340
 AVERAGE WIND SPEED  13.1

SKY COVER
  POSSIBLE SUNSHINE    MM          AVERAGE SKY COVER     MM

WEATHER CONDITIONS
 THE FOLLOWING WEATHER WAS RECORDED YESTERDAY.
  FOG
  DENSE FOG
  RAIN


RELATIVE HUMIDITY
 HIGHEST RH     MM PERCENT       MM
 LOWEST  RH     MM PERCENT       MM
 AVERAGE RH     MM PERCENT       MM
...................................................................

THE ST PAUL CLIMATE NORMALS FOR TODAY
                           NORMAL    RECORD   YEAR
 MAXIMUM TEMPERATURE (F)     52        58     1979
 MINIMUM TEMPERATURE (F)     45        32     2008

SUNRISE AND SUNSET
 AUG 28 2014..........SUNRISE  8:16 AM      SUNSET 10:28 PM
 AUG 29 2014..........SUNRISE  8:18 AM      SUNSET 10:25 PM

-  INDICATES NEGATIVE NUMBERS.
R  INDICATES RECORD HAS BEEN SET OR TIED.
MM INDICATES DATA IS MISSING.
T  INDICATES TRACE OF PRECIPITATION.

&&
-------------------------------------------------------------------

AMOUNT OF DAYLIGHT TODAY  (HOUR:MIN)........14 HOURS 12 MINUTES
GAIN/LOSS SINCE YESTERDAY (HOUR:MIN:SEC)....-0:04:43

$$
HCH AUG 14
