000
CDAK48 PAFC 240118
CLISNP


CLIMATE REPORT
NATIONAL WEATHER SERVICE ANCHORAGE, AK
418 PM AKST THU NOV 23 2017


...................................

...THE SAINT PAUL ISLAND CLIMATE SUMMARY FOR NOVEMBER 23 2017...
VALID TODAY AS OF 0400 PM LOCAL TIME.

CLIMATE NORMAL PERIOD 1981 TO 2010
CLIMATE RECORD PERIOD 1892 TO 2017


WEATHER ITEM   OBSERVED TIME   RECORD YEAR NORMAL DEPARTURE LAST
                VALUE   (LST)  VALUE       VALUE  FROM      YEAR
                                                  NORMAL
..................................................................
TEMPERATURE (F)
 TODAY
  MAXIMUM         35    259 PM  44    2003  36     -1       40
                                      1970
  MINIMUM         33    819 AM  11    1972  28      5       24
  AVERAGE         34                        32      2       32

PRECIPITATION (IN)
  TODAY            2.18R         0.49 1981   0.09   2.09      T
  MONTH TO DATE    5.78                      2.27   3.51     2.71
  SINCE SEP 1     10.88                      8.37   2.51    12.45
  SINCE JAN 1     23.55                     20.80   2.75    23.19

SNOWFALL (IN)
  TODAY            T             1.8  1966   0.4   -0.4      0.0
  MONTH TO DATE    T                         5.9   -5.9      3.9
  SINCE SEP 1      2.4                       7.9   -5.5      3.9
  SINCE JUL 1      2.4                       7.9   -5.5      3.9
  SNOW DEPTH       0

DEGREE DAYS
 HEATING
  TODAY           31                        33     -2       33
  MONTH TO DATE  575                       723   -148      695
  SINCE SEP 1   1903                      2131   -228     1730
  SINCE JUL 1   2894                      3184   -290     2343

 COOLING
  TODAY            0                         0      0        0
  MONTH TO DATE    0                         0      0        0
  SINCE SEP 1      0                         0      0        0
  SINCE JAN 1      0                         0      0        0
..................................................................


WIND (MPH)
  RESULTANT WIND SPEED  35   RESULTANT WIND DIRECTION  NW (320)
  HIGHEST WIND SPEED    53   HIGHEST WIND DIRECTION    NW (310)
  HIGHEST GUST SPEED   114   HIGHEST GUST DIRECTION    NW (320)
  AVERAGE WIND SPEED    36.0



WEATHER CONDITIONS
 THE FOLLOWING WEATHER WAS RECORDED TODAY.
  HEAVY SNOW
  LIGHT SNOW
  FOG
  HAZE


..........................................................


THE SAINT PAUL ISLAND CLIMATE NORMALS FOR TOMORROW
                         NORMAL    RECORD    YEAR
 MAXIMUM TEMPERATURE (F)   36        45      1970
 MINIMUM TEMPERATURE (F)   28        12      1972


SUNRISE AND SUNSET
NOVEMBER 23 2017......SUNRISE  1021 AM AKST  SUNSET   553 PM AKST
NOVEMBER 24 2017......SUNRISE  1023 AM AKST  SUNSET   552 PM AKST


-  INDICATES NEGATIVE NUMBERS.
R  INDICATES RECORD WAS SET OR TIED.
MM INDICATES DATA IS MISSING.
T  INDICATES TRACE AMOUNT.




$$
