000
CDAK48 PASN 142224
CLISNP

CLIMATE REPORT
NATIONAL WEATHER SERVICE ST PAUL, AK
224 PM AKDT SUN SEP 14 2014

...................................
...THE ST PAUL AIRPORT CLIMATE SUMMARY FOR SEPTEMBER 14 2014...
VALID TODAY AS OF 2:00 PM LOCAL TIME

CLIMATE NORMAL PERIOD  1981 TO  2010
CLIMATE RECORD PERIOD  1892 TO  2014

WEATHER ITEM   OBSERVED TIME    RECORD YEAR NORMAL DEPARTURE LAST
               VALUE    (LST)   VALUE       VALUE  FROM      YEAR
                                                   NORMAL
...................................................................
TEMPERATURE
TODAY
 MAXIMUM            56R  1243 PM    54  1997     50       6     50
 MINIMUM            49   0345 AM    29  2000     42       7     45
 AVERAGE            53                           46       7     48

PRECIPITATION
(INCHES)
 TODAY            0.00           0.70  1953   0.10   -0.10   0.00
 MONTH TO DATE    2.53                        1.42    1.11   0.57
 SINCE SEP 1      2.53                        1.42    1.11   0.57
 SINCE JAN 1     15.76                       13.85    1.91  14.60

SNOWFALL
(INCHES)
 TODAY             0.0            0.0  2014    0.0     0.0    0.0
 MONTH TO DATE     0.0                         0.0     0.0    0.0
 SINCE SEP 1       0.0                         0.0     0.0    0.0
 SINCE JUL 1       0.0                         0.0     0.0    0.0
 SNOW DEPTH (IN)     0                                          0

DEGREE DAYS
 HEATING
  TODAY             12                          19      -7     17
  MONTH TO DATE    181                         251     -70    271
  SINCE SEP 1      181                         251     -70    271
  SINCE JUL 1      998                        1303    -305   1314

 COOLING
  TODAY              0                           0       0      0
  MONTH TO DATE      0                           0       0      0
  SINCE SEP 1        0                           0       0      0
  SINCE JAN 1        0                           0       0      0
...................................................................

WIND (MPH)
 HIGHEST WIND SPEED    25     HIGHEST WIND DIRECTION    320
 HIGHEST GUST SPEED    31     HIGHEST GUST DIRECTION    320


WEATHER CONDITIONS
 THE FOLLOWING WEATHER WAS RECORDED TODAY...RAIN

...................................................................

THE ST PAUL CLIMATE NORMALS FOR TOMORROW
                        NORMAL    RECORD   YEAR
 MAXIMUM TEMPERATURE      50        54     1995
 MINIMUM TEMPERATURE      41        32     1981

SUNRISE AND SUNSET
 SEP 14 2014..........SUNRISE  8:50 AM      SUNSET  9:42 PM
 SEP 15 2014..........SUNRISE  8:53 AM      SUNSET  9:39 PM

-  INDICATES NEGATIVE NUMBERS.
R  INDICATES RECORD HAS BEEN SET OR TIED.
MM INDICATES DATA IS MISSING.
T  INDICATES TRACE OF PRECIPITATION.

&&
-------------------------------------------------------------------

AMOUNT OF DAYLIGHT TODAY  (HOUR:MIN)........12 HOURS 52 MINUTES
GAIN/LOSS SINCE YESTERDAY (HOUR:MIN:SEC)....-0:04:48

$$
KH SEP 14
