000
CDAK48 PAFC 081307
CLISNP

CLIMATE REPORT
NATIONAL WEATHER SERVICE ANCHORAGE, AK
405 AM AKST THU DEC 8 2016


...................................

...THE SAINT PAUL ISLAND CLIMATE SUMMARY FOR DECEMBER 7 2016...

CLIMATE NORMAL PERIOD 1981 TO 2010
CLIMATE RECORD PERIOD 1892 TO 2016


WEATHER ITEM   OBSERVED TIME   RECORD YEAR NORMAL DEPARTURE LAST
                VALUE   (LST)  VALUE       VALUE  FROM      YEAR
                                                  NORMAL
..................................................................
TEMPERATURE (F)
 YESTERDAY
  MAXIMUM         34   1244 AM  42    2000  34      0       36
  MINIMUM         26    802 PM  12    2001  26      0       34
                                      1999
  AVERAGE         30                        30      0       35

PRECIPITATION (IN)
  YESTERDAY        T             1.00 1961   0.08  -0.08     0.06
  MONTH TO DATE    0.53                      0.56  -0.03     0.33
  SINCE DEC 1      0.53                      0.56  -0.03     0.33
  SINCE JAN 1     24.60                     21.98   2.62    23.34

SNOWFALL (IN)
  YESTERDAY        T             2.3  1953   0.4   -0.4       T
  MONTH TO DATE    1.9                       2.6   -0.7      1.4
  SINCE DEC 1      1.9                       2.6   -0.7      1.4
  SINCE JUL 1      8.5                      12.9   -4.4     13.4
  SNOW DEPTH       T

DEGREE DAYS
 HEATING
  YESTERDAY       35                        35      0       30
  MONTH TO DATE  239                       243     -4      238
  SINCE DEC 1    239                       243     -4      238
  SINCE JUL 1   2808                      3664   -856     2786

 COOLING
  YESTERDAY        0                         0      0        0
  MONTH TO DATE    0                         0      0        0
  SINCE DEC 1      0                         0      0        0
  SINCE JAN 1      0                         0      0        0
..................................................................


WIND (MPH)
  RESULTANT WIND SPEED  13   RESULTANT WIND DIRECTION   N (20)
  HIGHEST WIND SPEED    23   HIGHEST WIND DIRECTION     N (10)
  HIGHEST GUST SPEED    27   HIGHEST GUST DIRECTION     N (360)
  AVERAGE WIND SPEED    13.9



WEATHER CONDITIONS
 THE FOLLOWING WEATHER WAS RECORDED YESTERDAY.
  LIGHT SNOW
  FOG


..........................................................


THE SAINT PAUL ISLAND CLIMATE NORMALS FOR TODAY
                         NORMAL    RECORD    YEAR
 MAXIMUM TEMPERATURE (F)   34        43      2000
 MINIMUM TEMPERATURE (F)   26         3      1975


SUNRISE AND SUNSET
DECEMBER  8 2016......SUNRISE  1047 AM AKST  SUNSET   539 PM AKST
DECEMBER  9 2016......SUNRISE  1048 AM AKST  SUNSET   539 PM AKST

CIVIL TWILIGHT
DECEMBER 8 2016         START    959 AM GMT     END    628 PM GMT
DECEMBER 9 2016         START   1000 AM GMT     END    628 PM GMT



-  INDICATES NEGATIVE NUMBERS.
R  INDICATES RECORD WAS SET OR TIED.
MM INDICATES DATA IS MISSING.
T  INDICATES TRACE AMOUNT.




$$
&&
------------------------------------------------------
AMOUNT OF DAYLIGHT TODAY  (HOUR:MIN)........ 6:52
GAIN/LOSS SINCE YESTERDAY (HOUR:MIN:SEC)....-0:01:50

$$
