895
CDUS46 KMTR 240830
CLISNS


CLIMATE REPORT
NATIONAL WEATHER SERVICE SAN FRANCISCO BAY AREA
130 AM PDT SAT SEP 24 2016


...................................

...THE SALINAS AIRPORT CLIMATE SUMMARY FOR SEPTEMBER 23 2016...

CLIMATE NORMAL PERIOD 1981 TO 2010
CLIMATE RECORD PERIOD 1930 TO 2016


WEATHER ITEM   OBSERVED TIME   RECORD YEAR NORMAL DEPARTURE LAST
                VALUE   (LST)  VALUE       VALUE  FROM      YEAR
                                                  NORMAL
..................................................................
TEMPERATURE (F)
 YESTERDAY
  MAXIMUM         72   1126 AM  99    1978  74     -2       77
  MINIMUM         50    716 AM  40    1941  54     -4       55
  AVERAGE         61                        64     -3       66

PRECIPITATION (IN)
  YESTERDAY        0.00          0.51 1982   0.00   0.00     0.00
  MONTH TO DATE    0.00                      0.10  -0.10     0.03
  SINCE OCT 1     13.47                     12.76   0.71     9.91
  SINCE JAN 1      8.57                      8.85  -0.28     1.92

DEGREE DAYS
 HEATING
  YESTERDAY        4                         2      2        0
  MONTH TO DATE   63                        46     17       11
  SINCE SEP 1     63                        46     17       11
  SINCE JUL 1    211                       181     30       14

 COOLING
  YESTERDAY        0                         1     -1        1
  MONTH TO DATE   16                        23     -7       91
  SINCE SEP 1     16                        23     -7       91
  SINCE JAN 1     49                        92    -43      302
..................................................................


WIND (MPH)
  RESULTANT WIND SPEED   5   RESULTANT WIND DIRECTION   W (270)
  HIGHEST WIND SPEED    17   HIGHEST WIND DIRECTION    SW (230)
  HIGHEST GUST SPEED    22   HIGHEST GUST DIRECTION     W (260)
  AVERAGE WIND SPEED     6.2


SKY COVER
  POSSIBLE SUNSHINE  MM
  AVERAGE SKY COVER 0.2


WEATHER CONDITIONS
 THE FOLLOWING WEATHER WAS RECORDED YESTERDAY.
  FOG
  HAZE


RELATIVE HUMIDITY (PERCENT)
 HIGHEST    89           600 AM
 LOWEST     44          1100 AM
 AVERAGE    67

..........................................................


THE SALINAS AIRPORT CLIMATE NORMALS FOR TODAY
                         NORMAL    RECORD    YEAR
 MAXIMUM TEMPERATURE (F)   74       101      1978
 MINIMUM TEMPERATURE (F)   53        41      1931


SUNRISE AND SUNSET
SEPTEMBER 24 2016.....SUNRISE   656 AM PDT   SUNSET   659 PM PDT
SEPTEMBER 25 2016.....SUNRISE   657 AM PDT   SUNSET   658 PM PDT


-  INDICATES NEGATIVE NUMBERS.
R  INDICATES RECORD WAS SET OR TIED.
MM INDICATES DATA IS MISSING.
T  INDICATES TRACE AMOUNT.




$$
