000
CDUS46 KMTR 160842
CLISNS


CLIMATE REPORT
NATIONAL WEATHER SERVICE SAN FRANCISCO BAY AREA
1242 AM PST MON JAN 16 2017


...................................

...THE SALINAS AIRPORT CLIMATE SUMMARY FOR JANUARY 15 2017...

CLIMATE NORMAL PERIOD 1981 TO 2010
CLIMATE RECORD PERIOD 1930 TO 2017


WEATHER ITEM   OBSERVED TIME   RECORD YEAR NORMAL DEPARTURE LAST
                VALUE   (LST)  VALUE       VALUE  FROM      YEAR
                                                  NORMAL
..................................................................
TEMPERATURE (F)
 YESTERDAY
  MAXIMUM         59    406 PM  83    2014  61     -2       65
  MINIMUM         35    742 AM  27    2007  41     -6       46
  AVERAGE         47                        51     -4       56

PRECIPITATION (IN)
  YESTERDAY        0.00          1.23 1932   0.09  -0.09      T
  MONTH TO DATE    3.60                      1.24   2.36     1.12
  SINCE OCT 1      7.60                      5.15   2.45     6.02
  SINCE JAN 1      3.60                      1.24   2.36     1.12

DEGREE DAYS
 HEATING
  YESTERDAY       18                        14      4        9
  MONTH TO DATE  214                       210      4      202
  SINCE DEC 1    659                       645     14      685
  SINCE JUL 1   1229                      1263    -34     1045

 COOLING
  YESTERDAY        0                         0      0        0
  MONTH TO DATE    0                         0      0        0
  SINCE DEC 1      0                         0      0        0
  SINCE JAN 1      0                         0      0        0
..................................................................


WIND (MPH)
  RESULTANT WIND SPEED   0   RESULTANT WIND DIRECTION   W (290)
  HIGHEST WIND SPEED    16   HIGHEST WIND DIRECTION    NW (310)
  HIGHEST GUST SPEED    19   HIGHEST GUST DIRECTION    NW (320)
  AVERAGE WIND SPEED     4.5


SKY COVER
  POSSIBLE SUNSHINE  MM
  AVERAGE SKY COVER 0.0


WEATHER CONDITIONS
 THE FOLLOWING WEATHER WAS RECORDED YESTERDAY.
  FOG


RELATIVE HUMIDITY (PERCENT)
 HIGHEST    92           300 AM
 LOWEST     40           400 PM
 AVERAGE    66

..........................................................


THE SALINAS AIRPORT CLIMATE NORMALS FOR TODAY
                         NORMAL    RECORD    YEAR
 MAXIMUM TEMPERATURE (F)   61        84      2014
 MINIMUM TEMPERATURE (F)   41        25      2007


SUNRISE AND SUNSET
JANUARY 16 2017.......SUNRISE   717 AM PST   SUNSET   516 PM PST
JANUARY 17 2017.......SUNRISE   717 AM PST   SUNSET   517 PM PST


-  INDICATES NEGATIVE NUMBERS.
R  INDICATES RECORD WAS SET OR TIED.
MM INDICATES DATA IS MISSING.
T  INDICATES TRACE AMOUNT.




$$
