000
CDUS46 KMTR 280836
CLISNS


CLIMATE REPORT
NATIONAL WEATHER SERVICE SAN FRANCISCO BAY AREA
1235 AM PST FRI NOV 28 2014


...................................

...THE SALINAS AIRPORT CLIMATE SUMMARY FOR NOVEMBER 27 2014...

CLIMATE NORMAL PERIOD 1981 TO 2010
CLIMATE RECORD PERIOD 1930 TO 2014


WEATHER ITEM   OBSERVED TIME   RECORD YEAR NORMAL DEPARTURE LAST
                VALUE   (LST)  VALUE       VALUE  FROM      YEAR
                                                  NORMAL
..................................................................
TEMPERATURE (F)
 YESTERDAY
  MAXIMUM         76    121 PM  79    1954  64     12       67
  MINIMUM         47   1108 PM  30    1948  43      4       50
  AVERAGE         62                        53      9       59

PRECIPITATION (IN)
  YESTERDAY        0.00          0.66 1998   0.06  -0.06     0.00
  MONTH TO DATE    0.75                      1.23  -0.48     0.47
  SINCE JUL 1      2.00                      2.01  -0.01     0.73
  SINCE JAN 1      6.97                     10.73  -3.76     3.06

DEGREE DAYS
 HEATING
  YESTERDAY        3                        12     -9        6
  MONTH TO DATE  103                       247   -144      216
  SINCE SEP 1    148                       446   -298      398
  SINCE JUL 1    189                       581   -392      503

 COOLING
  YESTERDAY        0                         0      0        0
  MONTH TO DATE    9                         0      9        0
  SINCE SEP 1    136                        58     78       71
  SINCE JAN 1    269                       127    142      155
..................................................................


WIND (MPH)
  RESULTANT WIND SPEED   2   RESULTANT WIND DIRECTION   E (90)
  HIGHEST WIND SPEED    13   HIGHEST WIND DIRECTION     E (100)
  HIGHEST GUST SPEED    15   HIGHEST GUST DIRECTION     E (90)
  AVERAGE WIND SPEED     4.9


SKY COVER
  POSSIBLE SUNSHINE  MM
  AVERAGE SKY COVER 0.0


WEATHER CONDITIONS
 THE FOLLOWING WEATHER WAS RECORDED YESTERDAY.
  FOG W/VISIBILITY <= 1/4 MILE
  HAZE


RELATIVE HUMIDITY (PERCENT)
 HIGHEST    82          1100 PM
 LOWEST     25           100 PM
 AVERAGE    54

..........................................................


THE SALINAS AIRPORT CLIMATE NORMALS FOR TODAY
                         NORMAL    RECORD    YEAR
 MAXIMUM TEMPERATURE (F)   64        79      1935
 MINIMUM TEMPERATURE (F)   42        31      1931


SUNRISE AND SUNSET
NOVEMBER 28 2014......SUNRISE   657 AM PST   SUNSET   451 PM PST
NOVEMBER 29 2014......SUNRISE   658 AM PST   SUNSET   451 PM PST


-  INDICATES NEGATIVE NUMBERS.
R  INDICATES RECORD WAS SET OR TIED.
MM INDICATES DATA IS MISSING.
T  INDICATES TRACE AMOUNT.




$$
