000
CDUS46 KMTR 210025
CLISNS


CLIMATE REPORT
NATIONAL WEATHER SERVICE SAN FRANCISCO BAY AREA
525 PM PDT SAT SEP 20 2014


...................................

...THE SALINAS AIRPORT CLIMATE SUMMARY FOR SEPTEMBER 20 2014...
VALID TODAY AS OF 0500 PM LOCAL TIME.

CLIMATE NORMAL PERIOD 1981 TO 2010
CLIMATE RECORD PERIOD 1930 TO 2014


WEATHER ITEM   OBSERVED TIME   RECORD YEAR NORMAL DEPARTURE LAST
                VALUE   (LST)  VALUE       VALUE  FROM      YEAR
                                                  NORMAL
..................................................................
TEMPERATURE (F)
 TODAY
  MAXIMUM         71   1153 AM 100    1939  74     -3       75
  MINIMUM         61    559 AM  40    1944  54      7       56
  AVERAGE         66                        64      2       66

PRECIPITATION (IN)
  TODAY            0.00          0.01 1973   0.01  -0.01     0.00
                                      1973
                                      2010
  MONTH TO DATE    0.00                      0.08  -0.08     0.02
  SINCE JUL 1      0.01                      0.11  -0.10     0.04
  SINCE JAN 1      4.98                      8.83  -3.85     2.37

DEGREE DAYS
 HEATING
  TODAY            0                         2     -2        0
  MONTH TO DATE    5                        40    -35        1
  SINCE SEP 1      5                        40    -35        1
  SINCE JUL 1     46                       175   -129      106

 COOLING
  TODAY            1                         1      0        1
  MONTH TO DATE   32                        20     12       49
  SINCE SEP 1     32                        20     12       49
  SINCE JAN 1    165                        89     76      133
..................................................................


WIND (MPH)
  RESULTANT WIND SPEED   5   RESULTANT WIND DIRECTION   W (280)
  HIGHEST WIND SPEED    17   HIGHEST WIND DIRECTION     W (290)
  HIGHEST GUST SPEED    21   HIGHEST GUST DIRECTION    NW (300)
  AVERAGE WIND SPEED     5.7


SKY COVER
  POSSIBLE SUNSHINE  MM
  AVERAGE SKY COVER 0.9


WEATHER CONDITIONS
 THE FOLLOWING WEATHER WAS RECORDED TODAY.
  FOG


RELATIVE HUMIDITY (PERCENT)
 HIGHEST    97           600 AM
 LOWEST     66          1200 PM
 AVERAGE    82

..........................................................


THE SALINAS AIRPORT CLIMATE NORMALS FOR TOMORROW
                         NORMAL    RECORD    YEAR
 MAXIMUM TEMPERATURE (F)   74       102      1939
 MINIMUM TEMPERATURE (F)   54        41      1968


SUNRISE AND SUNSET
SEPTEMBER 20 2014.....SUNRISE   553 AM PST   SUNSET   606 PM PST
SEPTEMBER 21 2014.....SUNRISE   554 AM PST   SUNSET   605 PM PST


-  INDICATES NEGATIVE NUMBERS.
R  INDICATES RECORD WAS SET OR TIED.
MM INDICATES DATA IS MISSING.
T  INDICATES TRACE AMOUNT.




$$
