000
CDUS46 KMTR 211245
CLISNS


CLIMATE REPORT
NATIONAL WEATHER SERVICE SAN FRANCISCO BAY AREA
445 AM PST SUN JAN 21 2018


...................................

...THE SALINAS AIRPORT CLIMATE SUMMARY FOR JANUARY 20 2018...

CLIMATE NORMAL PERIOD 1981 TO 2010
CLIMATE RECORD PERIOD 1930 TO 2018


WEATHER ITEM   OBSERVED TIME   RECORD YEAR NORMAL DEPARTURE LAST
                VALUE   (LST)  VALUE       VALUE  FROM      YEAR
                                                  NORMAL
..................................................................
TEMPERATURE (F)
 YESTERDAY
  MAXIMUM         57    241 PM  79    1968  62     -5       57
  MINIMUM         39    754 AM  25    1937  42     -3       44
  AVERAGE         48                        52     -4       51

PRECIPITATION (IN)
  YESTERDAY        0.00          0.91 1997   0.09  -0.09     0.66
  MONTH TO DATE    1.44                      1.66  -0.22     4.65
  SINCE OCT 1      2.22                      5.57  -3.35     8.65
  SINCE JAN 1      1.44                      1.66  -0.22     4.65

DEGREE DAYS
 HEATING
  YESTERDAY       17                        14      3       14
  MONTH TO DATE  169                       280   -111      291
  SINCE DEC 1    511                       715   -204      736
  SINCE JUL 1    947                      1333   -386     1306

 COOLING
  YESTERDAY        0                         0      0        0
  MONTH TO DATE    0                         0      0        0
  SINCE DEC 1      0                         0      0        0
  SINCE JAN 1      0                         0      0        0
..................................................................


WIND (MPH)
  RESULTANT WIND SPEED   3   RESULTANT WIND DIRECTION   W (260)
  HIGHEST WIND SPEED    14   HIGHEST WIND DIRECTION     W (250)
  HIGHEST GUST SPEED    20   HIGHEST GUST DIRECTION     W (250)
  AVERAGE WIND SPEED     3.8


SKY COVER
  POSSIBLE SUNSHINE  MM
  AVERAGE SKY COVER 0.0


WEATHER CONDITIONS
 THE FOLLOWING WEATHER WAS RECORDED YESTERDAY.
  NO SIGNIFICANT WEATHER WAS OBSERVED.


RELATIVE HUMIDITY (PERCENT)
 HIGHEST    93           200 AM
 LOWEST     51           100 PM
 AVERAGE    72

..........................................................


THE SALINAS AIRPORT CLIMATE NORMALS FOR TODAY
                         NORMAL    RECORD    YEAR
 MAXIMUM TEMPERATURE (F)   62        76      2014
 MINIMUM TEMPERATURE (F)   42        18      1937


SUNRISE AND SUNSET
JANUARY 21 2018.......SUNRISE   715 AM PST   SUNSET   521 PM PST
JANUARY 22 2018.......SUNRISE   715 AM PST   SUNSET   522 PM PST


-  INDICATES NEGATIVE NUMBERS.
R  INDICATES RECORD WAS SET OR TIED.
MM INDICATES DATA IS MISSING.
T  INDICATES TRACE AMOUNT.




$$
