000
CDUS46 KMTR 290831
CLISNS


CLIMATE REPORT
NATIONAL WEATHER SERVICE SAN FRANCISCO BAY AREA
131 AM PDT FRI JUL 29 2016


...................................

...THE SALINAS AIRPORT CLIMATE SUMMARY FOR JULY 28 2016...

CLIMATE NORMAL PERIOD 1981 TO 2010
CLIMATE RECORD PERIOD 1930 TO 2016


WEATHER ITEM   OBSERVED TIME   RECORD YEAR NORMAL DEPARTURE LAST
                VALUE   (LST)  VALUE       VALUE  FROM      YEAR
                                                  NORMAL
..................................................................
TEMPERATURE (F)
 YESTERDAY
  MAXIMUM         72   1136 AM  92    1954  71      1       79
  MINIMUM         54    648 AM  45    1933  56     -2       54
  AVERAGE         63                        63      0       67

PRECIPITATION (IN)
  YESTERDAY        0.00          T    2009   0.00   0.00     0.00
                                      2009
                                      2013
  MONTH TO DATE    T                         0.00   0.00     0.01
  SINCE OCT 1     13.47                     12.63   0.84     9.82
  SINCE JAN 1      8.57                      8.72  -0.15     1.83

DEGREE DAYS
 HEATING
  YESTERDAY        2                         2      0        0
  MONTH TO DATE   85                        76      9        2
  SINCE JUN 1    161                       189    -28       83
  SINCE JUL 1     85                        76      9        2

 COOLING
  YESTERDAY        0                         0      0        2
  MONTH TO DATE    0                        26    -26       50
  SINCE JUN 1      8                        38    -30       62
  SINCE JAN 1     31                        54    -23       93
..................................................................


WIND (MPH)
  RESULTANT WIND SPEED   7   RESULTANT WIND DIRECTION   W (280)
  HIGHEST WIND SPEED    17   HIGHEST WIND DIRECTION    NW (300)
  HIGHEST GUST SPEED    23   HIGHEST GUST DIRECTION    NW (310)
  AVERAGE WIND SPEED     7.3


SKY COVER
  POSSIBLE SUNSHINE  MM
  AVERAGE SKY COVER 0.7


WEATHER CONDITIONS
 THE FOLLOWING WEATHER WAS RECORDED YESTERDAY.
  FOG
  HAZE


RELATIVE HUMIDITY (PERCENT)
 HIGHEST    93          1200 AM
 LOWEST     53          1200 PM
 AVERAGE    73

..........................................................


THE SALINAS AIRPORT CLIMATE NORMALS FOR TODAY
                         NORMAL    RECORD    YEAR
 MAXIMUM TEMPERATURE (F)   71        92      1977
 MINIMUM TEMPERATURE (F)   56        44      1932


SUNRISE AND SUNSET
JULY 29 2016..........SUNRISE   510 AM PST   SUNSET   715 PM PST
JULY 30 2016..........SUNRISE   511 AM PST   SUNSET   714 PM PST


-  INDICATES NEGATIVE NUMBERS.
R  INDICATES RECORD WAS SET OR TIED.
MM INDICATES DATA IS MISSING.
T  INDICATES TRACE AMOUNT.




$$
