000
CDUS46 KMTR 290039
CLISNS


CLIMATE REPORT
NATIONAL WEATHER SERVICE SAN FRANCISCO BAY AREA
538 PM PDT FRI AUG 28 2015


...................................

...THE SALINAS AIRPORT CLIMATE SUMMARY FOR AUGUST 28 2015...
VALID TODAY AS OF 0500 PM LOCAL TIME.

CLIMATE NORMAL PERIOD 1981 TO 2010
CLIMATE RECORD PERIOD 1930 TO 2015


WEATHER ITEM   OBSERVED TIME   RECORD YEAR NORMAL DEPARTURE LAST
                VALUE   (LST)  VALUE       VALUE  FROM      YEAR
                                                  NORMAL
..................................................................
TEMPERATURE (F)
 TODAY
  MAXIMUM         90   1246 PM  97    2009  73     17       75
  MINIMUM         59    520 AM  45    1939  56      3       59
  AVERAGE         75                        64     11       67

PRECIPITATION (IN)
  TODAY            0.00          0.02 1982   0.00   0.00     0.00
  MONTH TO DATE    0.06                      0.03   0.03      T
  SINCE OCT 1      9.88                     12.66  -2.78     5.81
  SINCE JAN 1      1.89                      8.75  -6.86     4.98

DEGREE DAYS
 HEATING
  TODAY            0                         2     -2        0
  MONTH TO DATE    1                        56    -55        3
  SINCE JUN 1     84                       247   -163      155
  SINCE JUL 1      3                       134   -131       41

 COOLING
  TODAY           10                         1      9        2
  MONTH TO DATE  101                        25     76       30
  SINCE JUN 1    167                        55    112       73
  SINCE JAN 1    198                        71    127      123
..................................................................


WIND (MPH)
  RESULTANT WIND SPEED   2   RESULTANT WIND DIRECTION   W (290)
  HIGHEST WIND SPEED    16   HIGHEST WIND DIRECTION    NW (300)
  HIGHEST GUST SPEED    20   HIGHEST GUST DIRECTION     W (290)
  AVERAGE WIND SPEED     7.4


SKY COVER
  POSSIBLE SUNSHINE  MM
  AVERAGE SKY COVER 0.0


WEATHER CONDITIONS
 THE FOLLOWING WEATHER WAS RECORDED TODAY.
  NO SIGNIFICANT WEATHER WAS OBSERVED.


RELATIVE HUMIDITY (PERCENT)
 HIGHEST    80           500 AM
 LOWEST     27          1000 AM
 AVERAGE    54

..........................................................


THE SALINAS AIRPORT CLIMATE NORMALS FOR TOMORROW
                         NORMAL    RECORD    YEAR
 MAXIMUM TEMPERATURE (F)   73        98      1968
 MINIMUM TEMPERATURE (F)   56        43      1945


SUNRISE AND SUNSET
AUGUST 28 2015........SUNRISE   534 AM PST   SUNSET   640 PM PST
AUGUST 29 2015........SUNRISE   535 AM PST   SUNSET   639 PM PST


-  INDICATES NEGATIVE NUMBERS.
R  INDICATES RECORD WAS SET OR TIED.
MM INDICATES DATA IS MISSING.
T  INDICATES TRACE AMOUNT.




$$
