000
CDUS46 KMTR 200845
CLISNS


CLIMATE REPORT
NATIONAL WEATHER SERVICE SAN FRANCISCO BAY AREA
1245 AM PST SAT DEC 20 2014


...................................

...THE SALINAS AIRPORT CLIMATE SUMMARY FOR DECEMBER 19 2014...

CLIMATE NORMAL PERIOD 1981 TO 2010
CLIMATE RECORD PERIOD 1930 TO 2014


WEATHER ITEM   OBSERVED TIME   RECORD YEAR NORMAL DEPARTURE LAST
                VALUE   (LST)  VALUE       VALUE  FROM      YEAR
                                                  NORMAL
..................................................................
TEMPERATURE (F)
 YESTERDAY
  MAXIMUM         61    153 PM  75    1985  61      0       59
  MINIMUM         51    648 AM  28    1935  40     11       40
  AVERAGE         56                        50      6       50

PRECIPITATION (IN)
  YESTERDAY        0.01          0.91 1969   0.07  -0.06     0.00
  MONTH TO DATE    5.87                      1.10   4.77     0.21
  SINCE JUL 1      7.96                      3.28   4.68     0.94
  SINCE JAN 1     12.93                     12.00   0.93     3.27

DEGREE DAYS
 HEATING
  YESTERDAY        9                        14     -5       15
  MONTH TO DATE  117                       260   -143      290
  SINCE DEC 1    117                       260   -143      290
  SINCE JUL 1    331                       878   -547      816

 COOLING
  YESTERDAY        0                         0      0        0
  MONTH TO DATE    1                         0      1        0
  SINCE DEC 1      1                         0      1        0
  SINCE JAN 1    270                       130    140      155
..................................................................


WIND (MPH)
  RESULTANT WIND SPEED  12   RESULTANT WIND DIRECTION   E (110)
  HIGHEST WIND SPEED    21   HIGHEST WIND DIRECTION     E (110)
  HIGHEST GUST SPEED    26   HIGHEST GUST DIRECTION     E (110)
  AVERAGE WIND SPEED    12.9


SKY COVER
  POSSIBLE SUNSHINE  MM
  AVERAGE SKY COVER 0.8


WEATHER CONDITIONS
 THE FOLLOWING WEATHER WAS RECORDED YESTERDAY.
  LIGHT RAIN
  FOG
  HAZE


RELATIVE HUMIDITY (PERCENT)
 HIGHEST    86          1100 PM
 LOWEST     72           100 PM
 AVERAGE    79

..........................................................


THE SALINAS AIRPORT CLIMATE NORMALS FOR TODAY
                         NORMAL    RECORD    YEAR
 MAXIMUM TEMPERATURE (F)   61        75      1985
 MINIMUM TEMPERATURE (F)   40        29      1968


SUNRISE AND SUNSET
DECEMBER 20 2014......SUNRISE   714 AM PST   SUNSET   454 PM PST
DECEMBER 21 2014......SUNRISE   715 AM PST   SUNSET   454 PM PST


-  INDICATES NEGATIVE NUMBERS.
R  INDICATES RECORD WAS SET OR TIED.
MM INDICATES DATA IS MISSING.
T  INDICATES TRACE AMOUNT.




$$
