000
CDUS46 KMTR 230829
CLISNS


CLIMATE REPORT
NATIONAL WEATHER SERVICE SAN FRANCISCO BAY AREA
129 AM PDT MON OCT 23 2017


...................................

...THE SALINAS AIRPORT CLIMATE SUMMARY FOR OCTOBER 22 2017...

CLIMATE NORMAL PERIOD 1981 TO 2010
CLIMATE RECORD PERIOD 1930 TO 2017


WEATHER ITEM   OBSERVED TIME   RECORD YEAR NORMAL DEPARTURE LAST
                VALUE   (LST)  VALUE       VALUE  FROM      YEAR
                                                  NORMAL
..................................................................
TEMPERATURE (F)
 YESTERDAY
  MAXIMUM         77   1243 PM  98    1965  72      5       70
  MINIMUM         45    532 AM  30    1935  49     -4       46
  AVERAGE         61                        60      1       58

PRECIPITATION (IN)
  YESTERDAY        0.00          0.50 1973   0.02  -0.02     0.00
  MONTH TO DATE    0.13                      0.35  -0.22     0.16
  SINCE OCT 1      0.13                      0.35  -0.22     0.16
  SINCE JAN 1     12.62                      9.27   3.35     8.73

DEGREE DAYS
 HEATING
  YESTERDAY        4                         5     -1        7
  MONTH TO DATE   90                        86      4       84
  SINCE SEP 1    120                       146    -26      162
  SINCE JUL 1    211                       281    -70      310

 COOLING
  YESTERDAY        0                         1     -1        0
  MONTH TO DATE   17                        22     -5       18
  SINCE SEP 1    162                        58    104       68
  SINCE JAN 1    230                       127    103      101
..................................................................


WIND (MPH)
  RESULTANT WIND SPEED   2   RESULTANT WIND DIRECTION   W (270)
  HIGHEST WIND SPEED    17   HIGHEST WIND DIRECTION     W (250)
  HIGHEST GUST SPEED    20   HIGHEST GUST DIRECTION    SW (240)
  AVERAGE WIND SPEED     4.3


SKY COVER
  POSSIBLE SUNSHINE  MM
  AVERAGE SKY COVER 0.0


WEATHER CONDITIONS
 THE FOLLOWING WEATHER WAS RECORDED YESTERDAY.
  NO SIGNIFICANT WEATHER WAS OBSERVED.


RELATIVE HUMIDITY (PERCENT)
 HIGHEST    92           400 AM
 LOWEST     41          1200 PM
 AVERAGE    67

..........................................................


THE SALINAS AIRPORT CLIMATE NORMALS FOR TODAY
                         NORMAL    RECORD    YEAR
 MAXIMUM TEMPERATURE (F)   72        99      1965
 MINIMUM TEMPERATURE (F)   49        33      1961


SUNRISE AND SUNSET
OCTOBER 23 2017.......SUNRISE   722 AM PDT   SUNSET   619 PM PDT
OCTOBER 24 2017.......SUNRISE   722 AM PDT   SUNSET   618 PM PDT


-  INDICATES NEGATIVE NUMBERS.
R  INDICATES RECORD WAS SET OR TIED.
MM INDICATES DATA IS MISSING.
T  INDICATES TRACE AMOUNT.




$$
