000
CDUS46 KMTR 050838
CLISNS


CLIMATE REPORT
NATIONAL WEATHER SERVICE SAN FRANCISCO BAY AREA
137 AM PDT WED AUG 5 2015


...................................

...THE SALINAS AIRPORT CLIMATE SUMMARY FOR AUGUST 4 2015...

CLIMATE NORMAL PERIOD 1981 TO 2010
CLIMATE RECORD PERIOD 1930 TO 2015


WEATHER ITEM   OBSERVED TIME   RECORD YEAR NORMAL DEPARTURE LAST
                VALUE   (LST)  VALUE       VALUE  FROM      YEAR
                                                  NORMAL
..................................................................
TEMPERATURE (F)
 YESTERDAY
  MAXIMUM         75    138 PM  85    1998  71      4       70
  MINIMUM         59    541 AM  45    1934  56      3       60
  AVERAGE         67                        63      4       65

PRECIPITATION (IN)
  YESTERDAY        0.00          0.09 1991   0.00   0.00     0.00
  MONTH TO DATE    0.00                      0.00   0.00     0.00
  SINCE OCT 1      9.82                     12.63  -2.81     5.81
  SINCE JAN 1      1.83                      8.72  -6.89     4.98

DEGREE DAYS
 HEATING
  YESTERDAY        0                         2     -2        0
  MONTH TO DATE    0                         8     -8        1
  SINCE JUN 1     83                       199   -116      153
  SINCE JUL 1      2                        86    -84       39

 COOLING
  YESTERDAY        2                         1      1        0
  MONTH TO DATE   12                         1     11        0
  SINCE JUN 1     78                        31     47       43
  SINCE JAN 1    109                        47     62       93
..................................................................


WIND (MPH)
  RESULTANT WIND SPEED   5   RESULTANT WIND DIRECTION   W (270)
  HIGHEST WIND SPEED    16   HIGHEST WIND DIRECTION     W (260)
  HIGHEST GUST SPEED    21   HIGHEST GUST DIRECTION    SW (240)
  AVERAGE WIND SPEED     5.4


SKY COVER
  POSSIBLE SUNSHINE  MM
  AVERAGE SKY COVER 0.0


WEATHER CONDITIONS
 THE FOLLOWING WEATHER WAS RECORDED YESTERDAY.
  NO SIGNIFICANT WEATHER WAS OBSERVED.


RELATIVE HUMIDITY (PERCENT)
 HIGHEST    78           900 PM
 LOWEST     46          1200 PM
 AVERAGE    62

..........................................................


THE SALINAS AIRPORT CLIMATE NORMALS FOR TODAY
                         NORMAL    RECORD    YEAR
 MAXIMUM TEMPERATURE (F)   71        82      1964
 MINIMUM TEMPERATURE (F)   56        47      1982


SUNRISE AND SUNSET
AUGUST  5 2015........SUNRISE   515 AM PST   SUNSET   709 PM PST
AUGUST  6 2015........SUNRISE   516 AM PST   SUNSET   708 PM PST


-  INDICATES NEGATIVE NUMBERS.
R  INDICATES RECORD WAS SET OR TIED.
MM INDICATES DATA IS MISSING.
T  INDICATES TRACE AMOUNT.




$$
