000
CDUS45 KPIH 200730
CLISNT


CLIMATE REPORT
NATIONAL WEATHER SERVICE POCATELLO ID
129 AM MDT MON OCT 20 2014


...................................

...THE STANLEY ID CLIMATE SUMMARY FOR OCTOBER 19 2014...

CLIMATE NORMAL PERIOD 1981 TO 2010
CLIMATE RECORD PERIOD 1916 TO 2014


WEATHER ITEM   OBSERVED TIME   RECORD YEAR NORMAL DEPARTURE LAST
                VALUE   (LST)  VALUE       VALUE  FROM      YEAR
                                                  NORMAL
..................................................................
TEMPERATURE (F)
 YESTERDAY
  MAXIMUM         69    239 PM  74    1977  53     16       61
  MINIMUM         20    732 AM   7    1916  23     -3       16
  AVERAGE         45                        38      7       39

PRECIPITATION (IN)
  YESTERDAY        0.00          2.08 2007   0.05  -0.05     0.00
  MONTH TO DATE    0.17                      0.64  -0.47     0.03
  SINCE OCT 1      0.17                      0.64  -0.47     0.03
  SINCE JAN 1     16.08                     12.85   3.23    10.53

SNOWFALL (IN)
  YESTERDAY       MM
  MONTH TO DATE   MM
  SINCE SEP 1     MM
  SINCE JUL 1     MM
  SNOW DEPTH      MM

DEGREE DAYS
 HEATING
  YESTERDAY       20                        27     -7       26
  MONTH TO DATE  385                       459    -74      539
  SINCE SEP 1    797                       980   -183      963
  SINCE JUL 1   1136                      1500   -364     1290

 COOLING
  YESTERDAY        0                         0      0        0
  MONTH TO DATE    0                         0      0        0
  SINCE SEP 1      0                         0      0        0
  SINCE JAN 1     16                         3     13       19
..................................................................


WIND (MPH)
  HIGHEST WIND SPEED    13   HIGHEST WIND DIRECTION     S (160)
  HIGHEST GUST SPEED    18   HIGHEST GUST DIRECTION    SE (150)
  AVERAGE WIND SPEED     3.2


SKY COVER
  POSSIBLE SUNSHINE  MM
  AVERAGE SKY COVER 0.0


WEATHER CONDITIONS
 THE FOLLOWING WEATHER WAS RECORDED YESTERDAY.
  NO SIGNIFICANT WEATHER WAS OBSERVED.


RELATIVE HUMIDITY (PERCENT)
 HIGHEST    92           600 AM
 LOWEST     15           300 PM
 AVERAGE    54

..........................................................


THE STANLEY ID CLIMATE NORMALS FOR TODAY
                         NORMAL    RECORD    YEAR
 MAXIMUM TEMPERATURE (F)   52        72      1921
 MINIMUM TEMPERATURE (F)   22         8      1996


SUNRISE AND SUNSET
OCTOBER 20 2014.......SUNRISE   801 AM MDT   SUNSET   647 PM MDT
OCTOBER 21 2014.......SUNRISE   802 AM MDT   SUNSET   646 PM MDT


-  INDICATES NEGATIVE NUMBERS.
R  INDICATES RECORD WAS SET OR TIED.
MM INDICATES DATA IS MISSING.
T  INDICATES TRACE AMOUNT.




$$
