000
CDUS45 KPIH 230733
CLISNT


CLIMATE REPORT
NATIONAL WEATHER SERVICE POCATELLO ID
1231 AM MST THU FEB 23 2017


...................................

...THE STANLEY ID CLIMATE SUMMARY FOR FEBRUARY 22 2017...

CLIMATE NORMAL PERIOD 1981 TO 2010
CLIMATE RECORD PERIOD 1916 TO 2017


WEATHER ITEM   OBSERVED TIME   RECORD YEAR NORMAL DEPARTURE LAST
                VALUE   (LST)  VALUE       VALUE  FROM      YEAR
                                                  NORMAL
..................................................................
TEMPERATURE (F)
 YESTERDAY
  MAXIMUM         32    332 PM  50    2002  36     -4       34
  MINIMUM          8    804 AM -32    1975   5      3        6
  AVERAGE         20                        20      0       20

PRECIPITATION (IN)
  YESTERDAY        0.01          1.06 1996   0.06  -0.05     0.00
  MONTH TO DATE    6.54                      1.40   5.14     1.03
  SINCE OCT 1     18.13                      7.77  10.36    11.05
  SINCE JAN 1      6.80                      2.92   3.88     3.48

SNOWFALL (IN)
  YESTERDAY       MM
  MONTH TO DATE   MM
  SINCE DEC 1     MM
  SINCE JUL 1     MM
  SNOW DEPTH      MM

DEGREE DAYS
 HEATING
  YESTERDAY       45                        45      0       45
  MONTH TO DATE  824                      1045   -221      898
  SINCE DEC 1   4350                      4177    173     3891
  SINCE JUL 1   6967                      7274   -307     6663

 COOLING
  YESTERDAY        0                         0      0        0
  MONTH TO DATE    0                         0      0        0
  SINCE DEC 1      0                         0      0        0
  SINCE JAN 1      0                         0      0        0
..................................................................


WIND (MPH)
  HIGHEST WIND SPEED     7   HIGHEST WIND DIRECTION     E (90)
  HIGHEST GUST SPEED     9   HIGHEST GUST DIRECTION    SE (130)
  AVERAGE WIND SPEED     2.2


SKY COVER
  POSSIBLE SUNSHINE  MM
  AVERAGE SKY COVER 0.0


WEATHER CONDITIONS
 THE FOLLOWING WEATHER WAS RECORDED YESTERDAY.
  NO SIGNIFICANT WEATHER WAS OBSERVED.


RELATIVE HUMIDITY (PERCENT)
 HIGHEST    92           700 AM
 LOWEST     47           300 PM
 AVERAGE    70

..........................................................


THE STANLEY ID CLIMATE NORMALS FOR TODAY
                         NORMAL    RECORD    YEAR
 MAXIMUM TEMPERATURE (F)   36        52      1921
 MINIMUM TEMPERATURE (F)    6       -29      1975


SUNRISE AND SUNSET
FEBRUARY 23 2017......SUNRISE   726 AM MST   SUNSET   620 PM MST
FEBRUARY 24 2017......SUNRISE   725 AM MST   SUNSET   622 PM MST


-  INDICATES NEGATIVE NUMBERS.
R  INDICATES RECORD WAS SET OR TIED.
MM INDICATES DATA IS MISSING.
T  INDICATES TRACE AMOUNT.




$$
