000
CDUS45 KPIH 112323
CLISNT


CLIMATE REPORT
NATIONAL WEATHER SERVICE POCATELLO ID
422 PM MST THU FEB 11 2016


...................................

...THE STANLEY ID CLIMATE SUMMARY FOR FEBRUARY 11 2016...
VALID TODAY AS OF 0400 PM LOCAL TIME.

CLIMATE NORMAL PERIOD 1981 TO 2010
CLIMATE RECORD PERIOD 1916 TO 2016


WEATHER ITEM   OBSERVED TIME   RECORD YEAR NORMAL DEPARTURE LAST
                VALUE   (LST)  VALUE       VALUE  FROM      YEAR
                                                  NORMAL
..................................................................
TEMPERATURE (F)
 TODAY
  MAXIMUM         43    323 PM  52    1921  32     11       41
  MINIMUM         10    821 AM -34    1965   3      7       16
  AVERAGE         27                        17     10       29

PRECIPITATION (IN)
  TODAY            0.00          0.36 1919   0.06  -0.06     0.00
  MONTH TO DATE    0.03                      0.83  -0.80     1.80
  SINCE OCT 1     10.05                      7.20   2.85     9.95
  SINCE JAN 1      2.48                      2.35   0.13     3.24

SNOWFALL (IN)
  TODAY           MM
  MONTH TO DATE   MM
  SINCE DEC 1     MM
  SINCE JUL 1     MM
  SNOW DEPTH      MM

DEGREE DAYS
 HEATING
  TODAY           38                        48    -10       36
  MONTH TO DATE  522                       537    -15      344
  SINCE DEC 1   3515                      3669   -154     3124
  SINCE JUL 1   6287                      6766   -479     5717

 COOLING
  TODAY            0                         0      0        0
  MONTH TO DATE    0                         0      0        0
  SINCE DEC 1      0                         0      0        0
  SINCE JAN 1      0                         0      0        0
..................................................................


WIND (MPH)
  HIGHEST WIND SPEED     7   HIGHEST WIND DIRECTION     E (90)
  HIGHEST GUST SPEED     9   HIGHEST GUST DIRECTION    SE (130)
  AVERAGE WIND SPEED     1.7


SKY COVER
  POSSIBLE SUNSHINE  MM
  AVERAGE SKY COVER 0.0


WEATHER CONDITIONS
 THE FOLLOWING WEATHER WAS RECORDED TODAY.
  NO SIGNIFICANT WEATHER WAS OBSERVED.


RELATIVE HUMIDITY (PERCENT)
 HIGHEST    92           600 AM
 LOWEST     39           300 PM
 AVERAGE    66

..........................................................


THE STANLEY ID CLIMATE NORMALS FOR TOMORROW
                         NORMAL    RECORD    YEAR
 MAXIMUM TEMPERATURE (F)   32        50      2011
                                             1921
 MINIMUM TEMPERATURE (F)    3       -24      1994


SUNRISE AND SUNSET
FEBRUARY 11 2016......SUNRISE   745 AM MST   SUNSET   603 PM MST
FEBRUARY 12 2016......SUNRISE   744 AM MST   SUNSET   604 PM MST


-  INDICATES NEGATIVE NUMBERS.
R  INDICATES RECORD WAS SET OR TIED.
MM INDICATES DATA IS MISSING.
T  INDICATES TRACE AMOUNT.




$$
