000
CDUS45 KPIH 292332
CLISNT


CLIMATE REPORT
NATIONAL WEATHER SERVICE POCATELLO ID
527 PM MDT FRI AUG 29 2014


...................................

...THE STANLEY ID CLIMATE SUMMARY FOR AUGUST 29 2014...
VALID TODAY AS OF 0500 PM LOCAL TIME.

CLIMATE NORMAL PERIOD 1981 TO 2010
CLIMATE RECORD PERIOD 1916 TO 2014


WEATHER ITEM   OBSERVED TIME   RECORD YEAR NORMAL DEPARTURE LAST
                VALUE   (LST)  VALUE       VALUE  FROM      YEAR
                                                  NORMAL
..................................................................
TEMPERATURE (F)
 TODAY
  MAXIMUM         80    245 PM  88    1998  74      6       82
  MINIMUM         34    634 AM  18    1928  32      2       38
  AVERAGE         57                        53      4       60

PRECIPITATION (IN)
  TODAY            0.00          0.45 1916   0.03  -0.03     0.00
  MONTH TO DATE    0.98                      0.62   0.36     0.22
  SINCE OCT 1     18.21                     16.08   2.13    14.64
  SINCE JAN 1     14.60                     11.23   3.37     6.45

SNOWFALL (IN)
  TODAY           MM
  MONTH TO DATE   MM
  SINCE JUN 1     MM
  SINCE JUL 1     MM
  SNOW DEPTH      MM

DEGREE DAYS
 HEATING
  TODAY            8                        12     -4        5
  MONTH TO DATE  205                       253    -48      170
  SINCE JUN 1    787                       948   -161      682
  SINCE JUL 1    317                       494   -177      313

 COOLING
  TODAY            0                         0      0        0
  MONTH TO DATE    4                         0      4        0
  SINCE JUN 1     16                         3     13       19
  SINCE JAN 1     16                         3     13       19
..................................................................


WIND (MPH)
  HIGHEST WIND SPEED    15   HIGHEST WIND DIRECTION     S (180)
  HIGHEST GUST SPEED    24   HIGHEST GUST DIRECTION    SW (210)
  AVERAGE WIND SPEED     3.2


SKY COVER
  POSSIBLE SUNSHINE  MM
  AVERAGE SKY COVER 0.0


WEATHER CONDITIONS
 THE FOLLOWING WEATHER WAS RECORDED TODAY.
  NO SIGNIFICANT WEATHER WAS OBSERVED.


RELATIVE HUMIDITY (PERCENT)
 HIGHEST    89           500 AM
 LOWEST     17           200 PM
 AVERAGE    53

..........................................................


THE STANLEY ID CLIMATE NORMALS FOR TOMORROW
                         NORMAL    RECORD    YEAR
 MAXIMUM TEMPERATURE (F)   73        89      1970
 MINIMUM TEMPERATURE (F)   31        17      1969


SUNRISE AND SUNSET
AUGUST 29 2014........SUNRISE   659 AM MDT   SUNSET   821 PM MDT
AUGUST 30 2014........SUNRISE   701 AM MDT   SUNSET   819 PM MDT


-  INDICATES NEGATIVE NUMBERS.
R  INDICATES RECORD WAS SET OR TIED.
MM INDICATES DATA IS MISSING.
T  INDICATES TRACE AMOUNT.




$$
