000
CDUS45 KPIH 202322
CLISNT


CLIMATE REPORT
NATIONAL WEATHER SERVICE POCATELLO ID
520 PM MDT SUN APR 20 2014


...................................

...THE STANLEY ID CLIMATE SUMMARY FOR APRIL 20 2014...
VALID TODAY AS OF 0500 PM LOCAL TIME.

CLIMATE NORMAL PERIOD 1981 TO 2010
CLIMATE RECORD PERIOD 1916 TO 2014


WEATHER ITEM   OBSERVED TIME   RECORD YEAR NORMAL DEPARTURE LAST
                VALUE   (LST)  VALUE       VALUE  FROM      YEAR
                                                  NORMAL
..................................................................
TEMPERATURE (F)
 TODAY
  MAXIMUM         51    356 PM  71    1994  49      2       48
  MINIMUM         24    629 AM  -8    1927  21      3       25
  AVERAGE         38                        35      3       37

PRECIPITATION (IN)
  TODAY            0.00          0.45 1965   0.05  -0.05     0.03
  MONTH TO DATE    1.20                      1.14   0.06     1.41
  SINCE OCT 1     14.34                     11.11   3.23    12.43
  SINCE JAN 1     10.73                      6.26   4.47     4.24

SNOWFALL (IN)
  TODAY           MM
  MONTH TO DATE   MM
  SINCE MAR 1     MM
  SINCE JUL 1     MM
  SNOW DEPTH      MM

DEGREE DAYS
 HEATING
  TODAY           27                        30     -3       28
  MONTH TO DATE  647                       658    -11      643
  SINCE MAR 1   1794                      1842    -48     1842
  SINCE JUL 1   8962                      9376   -414     8927

 COOLING
  TODAY            0                         0      0        0
  MONTH TO DATE    0                         0      0        0
  SINCE MAR 1      0                         0      0        0
  SINCE JAN 1      0                         0      0        0
..................................................................


WIND (MPH)
  HIGHEST WIND SPEED    12   HIGHEST WIND DIRECTION    NW (300)
  HIGHEST GUST SPEED    19   HIGHEST GUST DIRECTION     W (290)
  AVERAGE WIND SPEED     3.0


SKY COVER
  POSSIBLE SUNSHINE  MM
  AVERAGE SKY COVER 0.0


WEATHER CONDITIONS
 THE FOLLOWING WEATHER WAS RECORDED TODAY.
  NO SIGNIFICANT WEATHER WAS OBSERVED.


RELATIVE HUMIDITY (PERCENT)
 HIGHEST    81           600 AM
 LOWEST     16           300 PM
 AVERAGE    49

..........................................................


THE STANLEY ID CLIMATE NORMALS FOR TOMORROW
                         NORMAL    RECORD    YEAR
 MAXIMUM TEMPERATURE (F)   49        74      1994
 MINIMUM TEMPERATURE (F)   21        -6      1982


SUNRISE AND SUNSET
APRIL 20 2014.........SUNRISE   648 AM MDT   SUNSET   830 PM MDT
APRIL 21 2014.........SUNRISE   646 AM MDT   SUNSET   831 PM MDT


-  INDICATES NEGATIVE NUMBERS.
R  INDICATES RECORD WAS SET OR TIED.
MM INDICATES DATA IS MISSING.
T  INDICATES TRACE AMOUNT.




$$
