000
CDUS45 KPIH 262323
CLISNT


CLIMATE REPORT
NATIONAL WEATHER SERVICE POCATELLO ID
521 PM MDT MON SEP 26 2016


...................................

...THE STANLEY ID CLIMATE SUMMARY FOR SEPTEMBER 26 2016...
VALID TODAY AS OF 0500 PM LOCAL TIME.

CLIMATE NORMAL PERIOD 1981 TO 2010
CLIMATE RECORD PERIOD 1916 TO 2016


WEATHER ITEM   OBSERVED TIME   RECORD YEAR NORMAL DEPARTURE LAST
                VALUE   (LST)  VALUE       VALUE  FROM      YEAR
                                                  NORMAL
..................................................................
TEMPERATURE (F)
 TODAY
  MAXIMUM         78    327 PM  82    1994  63     15       72
  MINIMUM         30    709 AM   2    1926  27      3       37
  AVERAGE         54                        45      9       55

PRECIPITATION (IN)
  TODAY            0.00          0.29 1982   0.02  -0.02     0.00
  MONTH TO DATE    1.40                      0.82   0.58     2.09
  SINCE OCT 1     18.55                     16.96   1.59    19.32
  SINCE JAN 1     10.98                     12.11  -1.13    12.61

SNOWFALL (IN)
  TODAY           MM
  MONTH TO DATE   MM
  SINCE SEP 1     MM
  SINCE JUL 1     MM
  SNOW DEPTH      MM

DEGREE DAYS
 HEATING
  TODAY           11                        20     -9       10
  MONTH TO DATE  417                       438    -21      386
  SINCE SEP 1    417                       438    -21      386
  SINCE JUL 1    895                       958    -63      801

 COOLING
  TODAY            0                         0      0        0
  MONTH TO DATE    0                         0      0        0
  SINCE SEP 1      0                         0      0        0
  SINCE JAN 1      4                         3      1       25
..................................................................


WIND (MPH)
  HIGHEST WIND SPEED     9   HIGHEST WIND DIRECTION     E (90)
  HIGHEST GUST SPEED    13   HIGHEST GUST DIRECTION    SW (240)
  AVERAGE WIND SPEED     2.3


SKY COVER
  POSSIBLE SUNSHINE  MM
  AVERAGE SKY COVER 0.0


WEATHER CONDITIONS
 THE FOLLOWING WEATHER WAS RECORDED TODAY.
  NO SIGNIFICANT WEATHER WAS OBSERVED.


RELATIVE HUMIDITY (PERCENT)
 HIGHEST   100           300 AM
 LOWEST     19           300 PM
 AVERAGE    60

..........................................................


THE STANLEY ID CLIMATE NORMALS FOR TOMORROW
                         NORMAL    RECORD    YEAR
 MAXIMUM TEMPERATURE (F)   63        86      1967
 MINIMUM TEMPERATURE (F)   27         2      1926


SUNRISE AND SUNSET
SEPTEMBER 26 2016.....SUNRISE   732 AM MDT   SUNSET   729 PM MDT
SEPTEMBER 27 2016.....SUNRISE   733 AM MDT   SUNSET   727 PM MDT


-  INDICATES NEGATIVE NUMBERS.
R  INDICATES RECORD WAS SET OR TIED.
MM INDICATES DATA IS MISSING.
T  INDICATES TRACE AMOUNT.




$$
