000
CDUS45 KPIH 310733
CLISNT


CLIMATE REPORT
NATIONAL WEATHER SERVICE POCATELLO ID
132 AM MDT THU JUL 31 2014


...................................

...THE STANLEY ID CLIMATE SUMMARY FOR JULY 30 2014...

CLIMATE NORMAL PERIOD 1981 TO 2010
CLIMATE RECORD PERIOD 1916 TO 2014


WEATHER ITEM   OBSERVED TIME   RECORD YEAR NORMAL DEPARTURE LAST
                VALUE   (LST)  VALUE       VALUE  FROM      YEAR
                                                  NORMAL
..................................................................
TEMPERATURE (F)
 YESTERDAY
  MAXIMUM         87   1259 PM  92    2000  80      7       81
  MINIMUM         45   1149 PM  26    1963  38      7       37
                                      1916
  AVERAGE         66                        59      7       59

PRECIPITATION (IN)
  YESTERDAY        0.17          0.77 2001   0.02   0.15     0.00
  MONTH TO DATE    0.36                      0.67  -0.31     0.28
  SINCE OCT 1     17.23                     15.44   1.79    14.40
  SINCE JAN 1     13.62                     10.59   3.03     6.21

SNOWFALL (IN)
  YESTERDAY       MM
  MONTH TO DATE   MM
  SINCE JUN 1     MM
  SINCE JUL 1     MM
  SNOW DEPTH      MM

DEGREE DAYS
 HEATING
  YESTERDAY        0                         6     -6        6
  MONTH TO DATE  110                       233   -123      134
  SINCE JUN 1    580                       687   -107      503
  SINCE JUL 1    110                       233   -123      134

 COOLING
  YESTERDAY        1                         0      1        0
  MONTH TO DATE   12                         0     12       16
  SINCE JUN 1     12                         0     12       19
  SINCE JAN 1     12                         0     12       19
..................................................................


WIND (MPH)
  HIGHEST WIND SPEED    20   HIGHEST WIND DIRECTION     N (350)
  HIGHEST GUST SPEED    29   HIGHEST GUST DIRECTION     N (350)
  AVERAGE WIND SPEED     3.3


SKY COVER
  POSSIBLE SUNSHINE  MM
  AVERAGE SKY COVER 0.0


WEATHER CONDITIONS
 THE FOLLOWING WEATHER WAS RECORDED YESTERDAY.
  NO SIGNIFICANT WEATHER WAS OBSERVED.


RELATIVE HUMIDITY (PERCENT)
 HIGHEST    96           900 PM
 LOWEST     19           100 PM
 AVERAGE    58

..........................................................


THE STANLEY ID CLIMATE NORMALS FOR TODAY
                         NORMAL    RECORD    YEAR
 MAXIMUM TEMPERATURE (F)   80        92      2000
 MINIMUM TEMPERATURE (F)   38        24      1981


SUNRISE AND SUNSET
JULY 31 2014..........SUNRISE   626 AM MDT   SUNSET   905 PM MDT
AUGUST  1 2014........SUNRISE   627 AM MDT   SUNSET   904 PM MDT


-  INDICATES NEGATIVE NUMBERS.
R  INDICATES RECORD WAS SET OR TIED.
MM INDICATES DATA IS MISSING.
T  INDICATES TRACE AMOUNT.




$$
