000
CDUS45 KPIH 010739
CLISNT


CLIMATE REPORT
NATIONAL WEATHER SERVICE POCATELLO ID
136 AM MDT WED JUL 1 2015


...................................

...THE STANLEY ID CLIMATE SUMMARY FOR JUNE 30 2015...

CLIMATE NORMAL PERIOD 1981 TO 2010
CLIMATE RECORD PERIOD 1916 TO 2015


WEATHER ITEM   OBSERVED TIME   RECORD YEAR NORMAL DEPARTURE LAST
                VALUE   (LST)  VALUE       VALUE  FROM      YEAR
                                                  NORMAL
..................................................................
TEMPERATURE (F)
 YESTERDAY
  MAXIMUM         88R   313 PM  88    2013  73     15       75
  MINIMUM         52   1159 PM  22    1988  35     17       26
  AVERAGE         70                        54     16       51

PRECIPITATION (IN)
  YESTERDAY        0.00          0.24 2004   0.04  -0.04     0.00
  MONTH TO DATE    1.04                      1.39  -0.35     0.83
  SINCE OCT 1     15.52                     14.77   0.75    16.87
  SINCE JAN 1      8.81                      9.92  -1.11    13.26

SNOWFALL (IN)
  YESTERDAY       MM
  MONTH TO DATE   MM
  SINCE JUN 1     MM
  SINCE JUL 1     MM
  SNOW DEPTH      MM

DEGREE DAYS
 HEATING
  YESTERDAY        0                        11    -11       14
  MONTH TO DATE  234                       454   -220      470
  SINCE JUN 1    234                       454   -220      470
  SINCE JUL 1   8936                     10796  -1860    10391

 COOLING
  YESTERDAY        5                         0      5        0
  MONTH TO DATE   17                         0     17        0
  SINCE JUN 1     17                         0     17        0
  SINCE JAN 1     17                         0     17        0
..................................................................


WIND (MPH)
  HIGHEST WIND SPEED    15   HIGHEST WIND DIRECTION    NW (310)
  HIGHEST GUST SPEED    24   HIGHEST GUST DIRECTION    NW (310)
  AVERAGE WIND SPEED     4.7


SKY COVER
  POSSIBLE SUNSHINE  MM
  AVERAGE SKY COVER 0.0


WEATHER CONDITIONS
 THE FOLLOWING WEATHER WAS RECORDED YESTERDAY.
  NO SIGNIFICANT WEATHER WAS OBSERVED.


RELATIVE HUMIDITY (PERCENT)
 HIGHEST    77           600 AM
 LOWEST     20           600 PM
 AVERAGE    49

..........................................................


THE STANLEY ID CLIMATE NORMALS FOR TODAY
                         NORMAL    RECORD    YEAR
 MAXIMUM TEMPERATURE (F)   73        94      2013
 MINIMUM TEMPERATURE (F)   35        15      1918


SUNRISE AND SUNSET
JULY  1 2015..........SUNRISE   600 AM MDT   SUNSET   927 PM MDT
JULY  2 2015..........SUNRISE   601 AM MDT   SUNSET   927 PM MDT


-  INDICATES NEGATIVE NUMBERS.
R  INDICATES RECORD WAS SET OR TIED.
MM INDICATES DATA IS MISSING.
T  INDICATES TRACE AMOUNT.




$$
