000
CDUS45 KPIH 190731
CLISNT


CLIMATE REPORT
NATIONAL WEATHER SERVICE POCATELLO ID
130 AM MDT TUE SEP 19 2017


...................................

...THE STANLEY ID CLIMATE SUMMARY FOR SEPTEMBER 18 2017...

CLIMATE NORMAL PERIOD 1981 TO 2010
CLIMATE RECORD PERIOD 1916 TO 2017


WEATHER ITEM   OBSERVED TIME   RECORD YEAR NORMAL DEPARTURE LAST
                VALUE   (LST)  VALUE       VALUE  FROM      YEAR
                                                  NORMAL
..................................................................
TEMPERATURE (F)
 YESTERDAY
  MAXIMUM         50    522 AM  86    1981  66    -16       67
  MINIMUM         35   1151 PM  11    1971  28      7       46
  AVERAGE         43                        47     -4       57

PRECIPITATION (IN)
  YESTERDAY        0.86R         0.70 1919   0.03   0.83     0.12
  MONTH TO DATE    1.10                      0.62   0.48     0.89
  SINCE OCT 1     30.08                     16.76  13.32    18.04
  SINCE JAN 1     18.75                     11.91   6.84    10.47

SNOWFALL (IN)
  YESTERDAY       MM
  MONTH TO DATE   MM
  SINCE SEP 1     MM
  SINCE JUL 1     MM
  SNOW DEPTH      MM

DEGREE DAYS
 HEATING
  YESTERDAY       22                        18      4        8
  MONTH TO DATE  139                       284   -145      298
  SINCE SEP 1    139                       284   -145      298
  SINCE JUL 1    354                       804   -450      776

 COOLING
  YESTERDAY        0                         0      0        0
  MONTH TO DATE    0                         0      0        0
  SINCE SEP 1      0                         0      0        0
  SINCE JAN 1     25                         3     22        4
..................................................................


WIND (MPH)
  HIGHEST WIND SPEED    12   HIGHEST WIND DIRECTION     N (20)
  HIGHEST GUST SPEED    20   HIGHEST GUST DIRECTION    SW (240)
  AVERAGE WIND SPEED     3.0


SKY COVER
  POSSIBLE SUNSHINE  MM
  AVERAGE SKY COVER 0.0


WEATHER CONDITIONS
 THE FOLLOWING WEATHER WAS RECORDED YESTERDAY.
  NO SIGNIFICANT WEATHER WAS OBSERVED.


RELATIVE HUMIDITY (PERCENT)
 HIGHEST   100          1000 AM
 LOWEST     45          1200 AM
 AVERAGE    73

..........................................................


THE STANLEY ID CLIMATE NORMALS FOR TODAY
                         NORMAL    RECORD    YEAR
 MAXIMUM TEMPERATURE (F)   66        86      1922
 MINIMUM TEMPERATURE (F)   28        11      1926


SUNRISE AND SUNSET
SEPTEMBER 19 2017.....SUNRISE   724 AM MDT   SUNSET   742 PM MDT
SEPTEMBER 20 2017.....SUNRISE   725 AM MDT   SUNSET   740 PM MDT


-  INDICATES NEGATIVE NUMBERS.
R  INDICATES RECORD WAS SET OR TIED.
MM INDICATES DATA IS MISSING.
T  INDICATES TRACE AMOUNT.




$$
