000
CDUS45 KPIH 250735
CLISNT


CLIMATE REPORT
NATIONAL WEATHER SERVICE POCATELLO ID
134 AM MDT THU MAY 25 2017


...................................

...THE STANLEY ID CLIMATE SUMMARY FOR MAY 24 2017...

CLIMATE NORMAL PERIOD 1981 TO 2010
CLIMATE RECORD PERIOD 1916 TO 2017


WEATHER ITEM   OBSERVED TIME   RECORD YEAR NORMAL DEPARTURE LAST
                VALUE   (LST)  VALUE       VALUE  FROM      YEAR
                                                  NORMAL
..................................................................
TEMPERATURE (F)
 YESTERDAY
  MAXIMUM         63   1211 PM  81    2003  60      3       58
  MINIMUM         32   1159 PM  19    1964  30      2       24
  AVERAGE         48                        45      3       41

PRECIPITATION (IN)
  YESTERDAY        0.00          0.42 1917   0.05  -0.05     0.00
  MONTH TO DATE    1.14                      1.35  -0.21     0.99
  SINCE OCT 1     26.66                     13.04  13.62    16.41
  SINCE JAN 1     15.33                      8.19   7.14     8.84

SNOWFALL (IN)
  YESTERDAY       MM
  MONTH TO DATE   MM
  SINCE MAR 1     MM
  SINCE JUL 1     MM
  SNOW DEPTH      MM

DEGREE DAYS
 HEATING
  YESTERDAY       17                        20     -3       24
  MONTH TO DATE  487                       550    -63      480
  SINCE MAR 1   2439                      2676   -237     2296
  SINCE JUL 1   9696                     10210   -514     9246

 COOLING
  YESTERDAY        0                         0      0        0
  MONTH TO DATE    0                         0      0        0
  SINCE MAR 1      0                         0      0        0
  SINCE JAN 1      0                         0      0        0
..................................................................


WIND (MPH)
  HIGHEST WIND SPEED    22   HIGHEST WIND DIRECTION    NW (330)
  HIGHEST GUST SPEED    33   HIGHEST GUST DIRECTION    NW (330)
  AVERAGE WIND SPEED     6.9


SKY COVER
  POSSIBLE SUNSHINE  MM
  AVERAGE SKY COVER 0.0


WEATHER CONDITIONS
 THE FOLLOWING WEATHER WAS RECORDED YESTERDAY.
  NO SIGNIFICANT WEATHER WAS OBSERVED.


RELATIVE HUMIDITY (PERCENT)
 HIGHEST    76           300 AM
 LOWEST     12          1200 PM
 AVERAGE    44

..........................................................


THE STANLEY ID CLIMATE NORMALS FOR TODAY
                         NORMAL    RECORD    YEAR
 MAXIMUM TEMPERATURE (F)   61        79      1992
 MINIMUM TEMPERATURE (F)   30        16      1920


SUNRISE AND SUNSET
MAY 25 2017...........SUNRISE   604 AM MDT   SUNSET   910 PM MDT
MAY 26 2017...........SUNRISE   603 AM MDT   SUNSET   911 PM MDT


-  INDICATES NEGATIVE NUMBERS.
R  INDICATES RECORD WAS SET OR TIED.
MM INDICATES DATA IS MISSING.
T  INDICATES TRACE AMOUNT.




$$
