000
CDUS45 KPIH 220730
CLISNT


CLIMATE REPORT
NATIONAL WEATHER SERVICE POCATELLO ID
1229 AM MST SUN JAN 22 2017


...................................

...THE STANLEY ID CLIMATE SUMMARY FOR JANUARY 21 2017...

CLIMATE NORMAL PERIOD 1981 TO 2010
CLIMATE RECORD PERIOD 1916 TO 2017


WEATHER ITEM   OBSERVED TIME   RECORD YEAR NORMAL DEPARTURE LAST
                VALUE   (LST)  VALUE       VALUE  FROM      YEAR
                                                  NORMAL
..................................................................
TEMPERATURE (F)
 YESTERDAY
  MAXIMUM         31    122 PM  42    1978  28      3       28
  MINIMUM         12    535 AM -33    1984   2     10        3
  AVERAGE         22                        14      8       16

PRECIPITATION (IN)
  YESTERDAY       MM             0.43 2012   0.04  MM        0.00
  MONTH TO DATE    0.00                      1.09  -1.09     1.54
  SINCE OCT 1     11.33                      5.94   5.39     9.11
  SINCE JAN 1      0.00                      1.09  -1.09     1.54

SNOWFALL (IN)
  YESTERDAY       MM
  MONTH TO DATE   MM
  SINCE DEC 1     MM
  SINCE JUL 1     MM
  SNOW DEPTH      MM

DEGREE DAYS
 HEATING
  YESTERDAY       43                        50     -7       49
  MONTH TO DATE 1248                      1070    178     1027
  SINCE DEC 1   2993                      2635    358     2530
  SINCE JUL 1   5610                      5732   -122     5302

 COOLING
  YESTERDAY        0                         0      0        0
  MONTH TO DATE    0                         0      0        0
  SINCE DEC 1      0                         0      0        0
  SINCE JAN 1      0                         0      0        0
..................................................................


WIND (MPH)
  HIGHEST WIND SPEED     8   HIGHEST WIND DIRECTION    SE (140)
  HIGHEST GUST SPEED    12   HIGHEST GUST DIRECTION    SE (150)
  AVERAGE WIND SPEED     1.3


SKY COVER
  POSSIBLE SUNSHINE  MM
  AVERAGE SKY COVER 0.0


WEATHER CONDITIONS
 THE FOLLOWING WEATHER WAS RECORDED YESTERDAY.
  NO SIGNIFICANT WEATHER WAS OBSERVED.


RELATIVE HUMIDITY (PERCENT)
 HIGHEST    92           300 AM
 LOWEST     77          1200 AM
 AVERAGE    85

..........................................................


THE STANLEY ID CLIMATE NORMALS FOR TODAY
                         NORMAL    RECORD    YEAR
 MAXIMUM TEMPERATURE (F)   28        42      1919
 MINIMUM TEMPERATURE (F)    2       -44      1927


SUNRISE AND SUNSET
JANUARY 22 2017.......SUNRISE   807 AM MST   SUNSET   536 PM MST
JANUARY 23 2017.......SUNRISE   806 AM MST   SUNSET   538 PM MST


-  INDICATES NEGATIVE NUMBERS.
R  INDICATES RECORD WAS SET OR TIED.
MM INDICATES DATA IS MISSING.
T  INDICATES TRACE AMOUNT.




$$
