000
CDUS45 KCYS 290729
CLISNY


CLIMATE REPORT
NATIONAL WEATHER SERVICE CHEYENNE WY
1228 AM MST SAT NOV 29 2014


...................................

...THE SIDNEY NE AIRPORT CLIMATE SUMMARY FOR NOVEMBER 28 2014...

CLIMATE NORMAL PERIOD 1981 TO 2010
CLIMATE RECORD PERIOD 1948 TO 2014


WEATHER ITEM   OBSERVED TIME   RECORD YEAR NORMAL DEPARTURE LAST
                VALUE   (LST)  VALUE       VALUE  FROM      YEAR
                                                  NORMAL
..................................................................
TEMPERATURE (F)
 YESTERDAY
  MAXIMUM         67R  1234 PM  62    2012  45     22       45
                                      2011
                                      1998
  MINIMUM         28    204 AM  -8    1952  19      9       17
  AVERAGE         48                        32     16       31

PRECIPITATION (IN)
  YESTERDAY        0.00          0.08 1960   0.02  -0.02     0.00
  MONTH TO DATE    0.43                      0.54  -0.11     0.45
  SINCE JAN 1     15.96                     17.97  -2.01    16.92

DEGREE DAYS
 HEATING
  YESTERDAY       17                        33    -16       34
  MONTH TO DATE  915                       754    161      782
  SINCE SEP 1   1409                      1346     63     1434
  SINCE JUL 1   1421                      1357     64     1443

 COOLING
  YESTERDAY        0                         0      0        0
  MONTH TO DATE    0                         0      0        0
  SINCE SEP 1     79                        88     -9      155
  SINCE JAN 1    637                       830   -193      918
..................................................................


WIND (MPH)
  HIGHEST WIND SPEED    23   HIGHEST WIND DIRECTION     W (270)
  HIGHEST GUST SPEED    30   HIGHEST GUST DIRECTION     S (190)
  AVERAGE WIND SPEED    12.5


SKY COVER
  AVERAGE SKY COVER 0.0


WEATHER CONDITIONS
 THE FOLLOWING WEATHER WAS RECORDED YESTERDAY.
  NO SIGNIFICANT WEATHER WAS OBSERVED.


RELATIVE HUMIDITY (PERCENT)
 HIGHEST    72           500 AM
 LOWEST     16           100 PM
 AVERAGE    44

..........................................................


THE SIDNEY NE AIRPORT CLIMATE NORMALS FOR TODAY
                         NORMAL    RECORD    YEAR
 MAXIMUM TEMPERATURE (F)   44        68      2012
 MINIMUM TEMPERATURE (F)   19       -11      2004


SUNRISE AND SUNSET
NOVEMBER 29 2014......SUNRISE   656 AM MST   SUNSET   425 PM MST
NOVEMBER 30 2014......SUNRISE   657 AM MST   SUNSET   424 PM MST


-  INDICATES NEGATIVE NUMBERS.
R  INDICATES RECORD WAS SET OR TIED.
MM INDICATES DATA IS MISSING.
T  INDICATES TRACE AMOUNT.




$$
