000
CDUS45 KCYS 212122
CLISNY


CLIMATE REPORT
NATIONAL WEATHER SERVICE CHEYENNE WY
322 PM MDT TUE OCT 21 2014


...................................

...THE SIDNEY NE AIRPORT CLIMATE SUMMARY FOR OCTOBER 21 2014...
VALID AS OF 0300 PM LOCAL TIME.

CLIMATE NORMAL PERIOD 1981 TO 2010
CLIMATE RECORD PERIOD 1948 TO 2014


WEATHER ITEM   OBSERVED TIME   RECORD YEAR NORMAL DEPARTURE LAST
                VALUE   (LST)  VALUE       VALUE  FROM      YEAR
                                                  NORMAL
..................................................................
TEMPERATURE (F)
 TODAY
  MAXIMUM         78    155 PM  84    2003  63     15       59
  MINIMUM         42    531 AM  17    1987  34      8       31
                                      1948
  AVERAGE         60                        48     12       45

PRECIPITATION (IN)
  TODAY            0.00          1.74 1953   0.03  -0.03     0.00
  MONTH TO DATE    0.81                      0.79   0.02     1.23
  SINCE JAN 1     15.48                     17.20  -1.72    16.45

DEGREE DAYS
 HEATING
  TODAY            5                        17    -12       20
  MONTH TO DATE  239                       278    -39      364
  SINCE SEP 1    344                       407    -63      459
  SINCE JUL 1    356                       418    -62      468

 COOLING
  TODAY            0                         0      0        0
  MONTH TO DATE    0                         1     -1        0
  SINCE SEP 1     79                        85     -6      155
  SINCE JAN 1    637                       827   -190      918
..................................................................


WIND (MPH)
  HIGHEST WIND SPEED    18   HIGHEST WIND DIRECTION    SW (210)
  HIGHEST GUST SPEED    23   HIGHEST GUST DIRECTION    SW (210)
  AVERAGE WIND SPEED    10.2


SKY COVER
  AVERAGE SKY COVER 0.0


WEATHER CONDITIONS
 THE FOLLOWING WEATHER WAS RECORDED TODAY.
  NO SIGNIFICANT WEATHER WAS OBSERVED.


RELATIVE HUMIDITY (PERCENT)
 HIGHEST    93           700 AM
 LOWEST     28           200 PM
 AVERAGE    61

..........................................................


THE SIDNEY NE AIRPORT CLIMATE NORMALS FOR TOMORROW
                         NORMAL    RECORD    YEAR
 MAXIMUM TEMPERATURE (F)   63        85      2003
 MINIMUM TEMPERATURE (F)   33        15      1976


SUNRISE AND SUNSET
OCTOBER 21 2014.......SUNRISE   710 AM MDT   SUNSET   602 PM MDT
OCTOBER 22 2014.......SUNRISE   711 AM MDT   SUNSET   601 PM MDT


-  INDICATES NEGATIVE NUMBERS.
R  INDICATES RECORD WAS SET OR TIED.
MM INDICATES DATA IS MISSING.
T  INDICATES TRACE AMOUNT.




$$
