000
CDUS45 KCYS 241758
CLISNY


CLIMATE REPORT
NATIONAL WEATHER SERVICE CHEYENNE WY
1157 AM MDT FRI OCT 24 2014


...................................

...THE SIDNEY NE AIRPORT CLIMATE SUMMARY FOR OCTOBER 23 2014...

CLIMATE NORMAL PERIOD 1981 TO 2010
CLIMATE RECORD PERIOD 1948 TO 2014


WEATHER ITEM   OBSERVED TIME   RECORD YEAR NORMAL DEPARTURE LAST
                VALUE   (LST)  VALUE       VALUE  FROM      YEAR
                                                  NORMAL
..................................................................
TEMPERATURE (F)
 YESTERDAY
  MAXIMUM         74    146 PM  90    2003  62     12       66
  MINIMUM         32    448 AM  19    2006  33     -1       29
                                      2005
                                      1981
  AVERAGE         53                        48      5       48

PRECIPITATION (IN)
  YESTERDAY        0.00          0.40 1995   0.03  -0.03     0.00
  MONTH TO DATE    0.83                      0.84  -0.01     1.23
  SINCE JAN 1     15.50                     17.25  -1.75    16.45

DEGREE DAYS
 HEATING
  YESTERDAY       12                        17     -5       17
  MONTH TO DATE  263                       312    -49      395
  SINCE SEP 1    368                       441    -73      490
  SINCE JUL 1    380                       452    -72      499

 COOLING
  YESTERDAY        0                         0      0        0
  MONTH TO DATE    0                         1     -1        0
  SINCE SEP 1     79                        85     -6      155
  SINCE JAN 1    637                       827   -190      918
..................................................................


WIND (MPH)
  HIGHEST WIND SPEED    22   HIGHEST WIND DIRECTION    SW (210)
  HIGHEST GUST SPEED    27   HIGHEST GUST DIRECTION    SW (230)
  AVERAGE WIND SPEED     9.6


SKY COVER
  AVERAGE SKY COVER 0.0


WEATHER CONDITIONS
 THE FOLLOWING WEATHER WAS RECORDED YESTERDAY.
  NO SIGNIFICANT WEATHER WAS OBSERVED.


RELATIVE HUMIDITY (PERCENT)
 HIGHEST    89           200 AM
 LOWEST     27           200 PM
 AVERAGE    58

..........................................................


THE SIDNEY NE AIRPORT CLIMATE NORMALS FOR TODAY
                         NORMAL    RECORD    YEAR
 MAXIMUM TEMPERATURE (F)   62        80      2011
                                             1999
                                             1952
 MINIMUM TEMPERATURE (F)   33        11      1980


SUNRISE AND SUNSET
OCTOBER 24 2014.......SUNRISE   714 AM MDT   SUNSET   558 PM MDT
OCTOBER 25 2014.......SUNRISE   715 AM MDT   SUNSET   557 PM MDT


-  INDICATES NEGATIVE NUMBERS.
R  INDICATES RECORD WAS SET OR TIED.
MM INDICATES DATA IS MISSING.
T  INDICATES TRACE AMOUNT.




$$
