000
CDUS45 KCYS 270338
CLISNY


CLIMATE REPORT
NATIONAL WEATHER SERVICE CHEYENNE WY
937 PM MDT FRI AUG 26 2016


...................................

...THE SIDNEY NE AIRPORT CLIMATE SUMMARY FOR AUGUST 26 2016...
VALID TODAY AS OF 0900 PM LOCAL TIME.

CLIMATE NORMAL PERIOD 1981 TO 2010
CLIMATE RECORD PERIOD 1948 TO 2016


WEATHER ITEM   OBSERVED TIME   RECORD YEAR NORMAL DEPARTURE LAST
                VALUE   (LST)  VALUE       VALUE  FROM      YEAR
                                                  NORMAL
..................................................................
TEMPERATURE (F)
 TODAY
  MAXIMUM         70    319 PM 101    2015  87    -17      101
  MINIMUM         51    105 AM  41    1975  56     -5       51
  AVERAGE         61                        72    -11       76

PRECIPITATION (IN)
  TODAY            0.42          0.95 2002   0.07   0.35     0.00
  MONTH TO DATE    2.22                      1.93   0.29     0.54
  SINCE JAN 1     11.42                     14.83  -3.41    19.27

DEGREE DAYS
 HEATING
  TODAY            4                         0      4        0
  MONTH TO DATE   26                         0     26       31
  SINCE JUN 1     36                        62    -26       38
  SINCE JUL 1     26                         3     23       38

 COOLING
  TODAY            0                         7     -7       11
  MONTH TO DATE  159                       232    -73      179
  SINCE JUN 1    680                       688     -8      528
  SINCE JAN 1    684                       710    -26      528
..................................................................


WIND (MPH)
  HIGHEST WIND SPEED    18   HIGHEST WIND DIRECTION    SE (130)
  HIGHEST GUST SPEED    23   HIGHEST GUST DIRECTION    SE (120)
  AVERAGE WIND SPEED     9.3


SKY COVER
  AVERAGE SKY COVER 0.6


WEATHER CONDITIONS
 THE FOLLOWING WEATHER WAS RECORDED TODAY.
  HEAVY RAIN
  RAIN
  LIGHT RAIN
  FOG


RELATIVE HUMIDITY (PERCENT)
 HIGHEST    93          1000 AM
 LOWEST     64           700 AM
 AVERAGE    79

..........................................................


THE SIDNEY NE AIRPORT CLIMATE NORMALS FOR TOMORROW
                         NORMAL    RECORD    YEAR
 MAXIMUM TEMPERATURE (F)   87       101      2012
                                             2010
 MINIMUM TEMPERATURE (F)   56        40      1964


SUNRISE AND SUNSET
AUGUST 26 2016........SUNRISE   613 AM MDT   SUNSET   733 PM MDT
AUGUST 27 2016........SUNRISE   614 AM MDT   SUNSET   732 PM MDT


-  INDICATES NEGATIVE NUMBERS.
R  INDICATES RECORD WAS SET OR TIED.
MM INDICATES DATA IS MISSING.
T  INDICATES TRACE AMOUNT.




$$
