000
CDUS45 KCYS 210730
CLISNY


CLIMATE REPORT
NATIONAL WEATHER SERVICE CHEYENNE WY
1229 AM MST FRI NOV 21 2014


...................................

...THE SIDNEY NE AIRPORT CLIMATE SUMMARY FOR NOVEMBER 20 2014...

CLIMATE NORMAL PERIOD 1981 TO 2010
CLIMATE RECORD PERIOD 1948 TO 2014


WEATHER ITEM   OBSERVED TIME   RECORD YEAR NORMAL DEPARTURE LAST
                VALUE   (LST)  VALUE       VALUE  FROM      YEAR
                                                  NORMAL
..................................................................
TEMPERATURE (F)
 YESTERDAY
  MAXIMUM         55    143 PM  74    1989  49      6       63
  MINIMUM         12    608 AM  -8    1985  22    -10       21
  AVERAGE         34                        36     -2       42

PRECIPITATION (IN)
  YESTERDAY        0.00          0.50 1975   0.02  -0.02     0.00
  MONTH TO DATE    0.35                      0.39  -0.04     0.31
  SINCE JAN 1     15.88                     17.82  -1.94    16.78

DEGREE DAYS
 HEATING
  YESTERDAY       31                        30      1       23
  MONTH TO DATE  681                       502    179      477
  SINCE SEP 1   1175                      1094     81     1129
  SINCE JUL 1   1187                      1105     82     1138

 COOLING
  YESTERDAY        0                         0      0        0
  MONTH TO DATE    0                         0      0        0
  SINCE SEP 1     79                        88     -9      155
  SINCE JAN 1    637                       830   -193      918
..................................................................


WIND (MPH)
  HIGHEST WIND SPEED    15   HIGHEST WIND DIRECTION    SW (220)
  HIGHEST GUST SPEED    19   HIGHEST GUST DIRECTION    SW (230)
  AVERAGE WIND SPEED     7.5


SKY COVER
  AVERAGE SKY COVER 0.0


WEATHER CONDITIONS
 THE FOLLOWING WEATHER WAS RECORDED YESTERDAY.
  NO SIGNIFICANT WEATHER WAS OBSERVED.


RELATIVE HUMIDITY (PERCENT)
 HIGHEST    92           300 AM
 LOWEST     22           200 PM
 AVERAGE    57

..........................................................


THE SIDNEY NE AIRPORT CLIMATE NORMALS FOR TODAY
                         NORMAL    RECORD    YEAR
 MAXIMUM TEMPERATURE (F)   48        72      2012
 MINIMUM TEMPERATURE (F)   22        -4      1977


SUNRISE AND SUNSET
NOVEMBER 21 2014......SUNRISE   647 AM MST   SUNSET   429 PM MST
NOVEMBER 22 2014......SUNRISE   648 AM MST   SUNSET   428 PM MST


-  INDICATES NEGATIVE NUMBERS.
R  INDICATES RECORD WAS SET OR TIED.
MM INDICATES DATA IS MISSING.
T  INDICATES TRACE AMOUNT.




$$
