000
CDUS45 KCYS 302245
CLISNY


CLIMATE REPORT
NATIONAL WEATHER SERVICE CHEYENNE WY
445 PM MDT FRI SEP 30 2016


...................................

...THE SIDNEY NE AIRPORT CLIMATE SUMMARY FOR SEPTEMBER 30 2016...
VALID TODAY AS OF 0400 PM LOCAL TIME.

CLIMATE NORMAL PERIOD 1981 TO 2010
CLIMATE RECORD PERIOD 1948 TO 2016


WEATHER ITEM   OBSERVED TIME   RECORD YEAR NORMAL DEPARTURE LAST
                VALUE   (LST)  VALUE       VALUE  FROM      YEAR
                                                  NORMAL
..................................................................
TEMPERATURE (F)
 TODAY
  MAXIMUM         73    300 PM  88    2009  72      1       71
                                      1981
                                      1967
  MINIMUM         41        MM  13    1985  41      0       52
  AVERAGE         57                        57      0       62

PRECIPITATION (IN)
  TODAY            0.00          0.48 2004   0.03  -0.03     0.00
  MONTH TO DATE    0.60                      1.25  -0.65     0.25
  SINCE JAN 1     12.11                     16.41  -4.30    19.52

DEGREE DAYS
 HEATING
  TODAY            8                         9     -1        3
  MONTH TO DATE  108                       129    -21       49
  SINCE SEP 1    108                       129    -21       49
  SINCE JUL 1    134                       140     -6       87

 COOLING
  TODAY            0                         1     -1        0
  MONTH TO DATE   61                        84    -23       98
  SINCE SEP 1     61                        84    -23       98
  SINCE JAN 1    764                       826    -62      666
..................................................................


WIND (MPH)
  HIGHEST WIND SPEED    15   HIGHEST WIND DIRECTION    SE (150)
  HIGHEST GUST SPEED    MM   HIGHEST GUST DIRECTION    MM
  AVERAGE WIND SPEED     8.6


SKY COVER
  AVERAGE SKY COVER 0.0


WEATHER CONDITIONS
 THE FOLLOWING WEATHER WAS RECORDED TODAY.
  NO SIGNIFICANT WEATHER WAS OBSERVED.


RELATIVE HUMIDITY (PERCENT)
 HIGHEST    83           700 AM
 LOWEST     35           300 PM
 AVERAGE    59

..........................................................


THE SIDNEY NE AIRPORT CLIMATE NORMALS FOR TOMORROW
                         NORMAL    RECORD    YEAR
 MAXIMUM TEMPERATURE (F)   71        91      1989
                                             1980
 MINIMUM TEMPERATURE (F)   41        20      1985


SUNRISE AND SUNSET
SEPTEMBER 30 2016.....SUNRISE   648 AM MDT   SUNSET   635 PM MDT
OCTOBER  1 2016.......SUNRISE   649 AM MDT   SUNSET   633 PM MDT


-  INDICATES NEGATIVE NUMBERS.
R  INDICATES RECORD WAS SET OR TIED.
MM INDICATES DATA IS MISSING.
T  INDICATES TRACE AMOUNT.




$$
