000
CDUS45 KPUB 041155
CLISPD


CLIMATE REPORT
NATIONAL WEATHER SERVICE PUEBLO
455 AM MST WED MAR 4 2015


...................................

...THE SPRINGFIELD CO CLIMATE SUMMARY FOR MARCH 3 2015...

CLIMATE NORMAL PERIOD 1981 TO 2010
CLIMATE RECORD PERIOD 9999 TO 9999


WEATHER ITEM   OBSERVED TIME   NORMAL DEPARTURE LAST
                VALUE   (LST)  VALUE  FROM      YEAR
                                      NORMAL
......................................................
TEMPERATURE (F)
 YESTERDAY
  MAXIMUM         54   1118 AM  54      0       55
  MINIMUM         24   1159 PM  24      0       -4
  AVERAGE         39                            26

PRECIPITATION (IN)
  YESTERDAY        0.00          0.02  -0.02     0.00
  MONTH TO DATE    0.00          0.06  -0.06     0.07
  SINCE MAR 1      0.00          0.06  -0.06     0.07
  SINCE JAN 1      1.84          0.87   0.97     0.40

DEGREE DAYS
 HEATING
  YESTERDAY       26            26      0       39
  MONTH TO DATE  101            78     23      149
  SINCE MAR 1    101            78     23      149
  SINCE JUL 1   4005          4084    -79     4146

 COOLING
  YESTERDAY        0             0      0        0
  MONTH TO DATE    0             0      0        0
  SINCE MAR 1      0             0      0        0
  SINCE JAN 1      0             0      0        0
......................................................


WIND (MPH)
  HIGHEST WIND SPEED    29   HIGHEST WIND DIRECTION    NE (40)
  HIGHEST GUST SPEED    36   HIGHEST GUST DIRECTION     N (10)
  AVERAGE WIND SPEED    13.5


SKY COVER
  POSSIBLE SUNSHINE  MM



RELATIVE HUMIDITY (PERCENT)
 HIGHEST   100           400 PM
 LOWEST     30          1100 AM
 AVERAGE    65

..........................................................


THE SPRINGFIELD CO CLIMATE NORMALS FOR TODAY
                         NORMAL    RECORD    YEAR
 MAXIMUM TEMPERATURE (F)   54        MM        MM
 MINIMUM TEMPERATURE (F)   25        MM        MM


SUNRISE AND SUNSET
MARCH  4 2015.........SUNRISE   618 AM MST   SUNSET   547 PM MST
MARCH  5 2015.........SUNRISE   616 AM MST   SUNSET   548 PM MST


-  INDICATES NEGATIVE NUMBERS.
R  INDICATES RECORD WAS SET OR TIED.
MM INDICATES DATA IS MISSING.
T  INDICATES TRACE AMOUNT.




$$
