000
CDUS45 KPUB 291026
CLISPD


CLIMATE REPORT
NATIONAL WEATHER SERVICE PUEBLO
425 AM MDT MON JUN 29 2015


...................................

...THE SPRINGFIELD CO CLIMATE SUMMARY FOR JUNE 28 2015...

CLIMATE NORMAL PERIOD 1981 TO 2010
CLIMATE RECORD PERIOD 9999 TO 9999


WEATHER ITEM   OBSERVED TIME   NORMAL DEPARTURE LAST
                VALUE   (LST)  VALUE  FROM      YEAR
                                      NORMAL
......................................................
TEMPERATURE (F)
 YESTERDAY
  MAXIMUM         94    129 PM  90      4       87
  MINIMUM         61    443 AM  59      2       54
  AVERAGE         78                            71

PRECIPITATION (IN)
  YESTERDAY        0.00          0.07  -0.07     0.00
  MONTH TO DATE    0.86          2.33  -1.47     1.45
  SINCE JUN 1      0.86          2.33  -1.47     1.45
  SINCE JAN 1      8.43          7.90   0.53     5.34

DEGREE DAYS
 HEATING
  YESTERDAY        0             0      0        0
  MONTH TO DATE    0            19    -19       22
  SINCE JUN 1      0            19    -19       22
  SINCE JUL 1   5128          5281   -153     5320

 COOLING
  YESTERDAY       13            10      3        6
  MONTH TO DATE  228           190     38      186
  SINCE JUN 1    228           190     38      186
  SINCE JAN 1    229           244    -15      244
......................................................


WIND (MPH)
  HIGHEST WIND SPEED    25   HIGHEST WIND DIRECTION     N (340)
  HIGHEST GUST SPEED    34   HIGHEST GUST DIRECTION     N (340)
  AVERAGE WIND SPEED    11.0


SKY COVER
  POSSIBLE SUNSHINE  MM



RELATIVE HUMIDITY (PERCENT)
 HIGHEST    78           500 AM
 LOWEST     15           400 PM
 AVERAGE    47

..........................................................


THE SPRINGFIELD CO CLIMATE NORMALS FOR TODAY
                         NORMAL    RECORD    YEAR
 MAXIMUM TEMPERATURE (F)   90        MM        MM
 MINIMUM TEMPERATURE (F)   60        MM        MM


SUNRISE AND SUNSET
JUNE 29 2015..........SUNRISE   533 AM MDT   SUNSET   815 PM MDT
JUNE 30 2015..........SUNRISE   533 AM MDT   SUNSET   815 PM MDT


-  INDICATES NEGATIVE NUMBERS.
R  INDICATES RECORD WAS SET OR TIED.
MM INDICATES DATA IS MISSING.
T  INDICATES TRACE AMOUNT.




$$
