000
CDUS45 KPUB 301036
CLISPD


CLIMATE REPORT
NATIONAL WEATHER SERVICE PUEBLO
436 AM MDT SAT AUG 30 2014


...................................

...THE SPRINGFIELD CO CLIMATE SUMMARY FOR AUGUST 29 2014...

CLIMATE NORMAL PERIOD 1981 TO 2010
CLIMATE RECORD PERIOD 9999 TO 9999


WEATHER ITEM   OBSERVED TIME   NORMAL DEPARTURE LAST
                VALUE   (LST)  VALUE  FROM      YEAR
                                      NORMAL
......................................................
TEMPERATURE (F)
 YESTERDAY
  MAXIMUM         86    402 PM  86      0       99
  MINIMUM         56    547 AM  58     -2       62
  AVERAGE         71                            81

PRECIPITATION (IN)
  YESTERDAY        0.00          0.07  -0.07     0.00
  MONTH TO DATE    1.23          2.71  -1.48     2.29
  SINCE JUN 1      6.75          8.04  -1.29     7.76
  SINCE JAN 1     10.64         13.61  -2.97     9.74

DEGREE DAYS
 HEATING
  YESTERDAY        0             0      0        0
  MONTH TO DATE    0             0      0        1
  SINCE JUN 1     28            23      5       20
  SINCE JUL 1      6             2      4        1

 COOLING
  YESTERDAY        6             7     -1       16
  MONTH TO DATE  299           276     23      304
  SINCE JUN 1    836           833      3     1014
  SINCE JAN 1    894           887      7     1131
......................................................


WIND (MPH)
  HIGHEST WIND SPEED    22   HIGHEST WIND DIRECTION     N (340)
  HIGHEST GUST SPEED    29   HIGHEST GUST DIRECTION    NW (320)
  AVERAGE WIND SPEED    10.4


SKY COVER
  POSSIBLE SUNSHINE  MM



RELATIVE HUMIDITY (PERCENT)
 HIGHEST    86           100 AM
 LOWEST     21           200 PM
 AVERAGE    54

..........................................................


THE SPRINGFIELD CO CLIMATE NORMALS FOR TODAY
                         NORMAL    RECORD    YEAR
 MAXIMUM TEMPERATURE (F)   86        MM        MM
 MINIMUM TEMPERATURE (F)   58        MM        MM


SUNRISE AND SUNSET
AUGUST 30 2014........SUNRISE   619 AM MDT   SUNSET   722 PM MDT
AUGUST 31 2014........SUNRISE   620 AM MDT   SUNSET   721 PM MDT


-  INDICATES NEGATIVE NUMBERS.
R  INDICATES RECORD WAS SET OR TIED.
MM INDICATES DATA IS MISSING.
T  INDICATES TRACE AMOUNT.




$$
