000
CDUS43 KILX 030633
CLISPI


CLIMATE REPORT
NATIONAL WEATHER SERVICE LINCOLN IL
132 AM CDT MON AUG 3 2015


...................................

...THE SPRINGFIELD IL CLIMATE SUMMARY FOR AUGUST 2 2015...

CLIMATE NORMAL PERIOD 1981 TO 2010
CLIMATE RECORD PERIOD 1879 TO 2015


WEATHER ITEM   OBSERVED TIME   RECORD YEAR NORMAL DEPARTURE LAST
                VALUE   (LST)  VALUE       VALUE  FROM      YEAR
                                                  NORMAL
..................................................................
TEMPERATURE (F)
 YESTERDAY
  MAXIMUM         92    301 PM 101    1964  86      6       84
                                      1947
  MINIMUM         69   1225 AM  53    1948  65      4       57
                                      1927
  AVERAGE         81                        75      6       71

PRECIPITATION (IN)
  YESTERDAY        T             4.40 1981   0.12  -0.12     0.00
  MONTH TO DATE    T                         0.23  -0.23     0.67
  SINCE JUN 1     13.30                      8.63   4.67    12.07
  SINCE JAN 1     26.21                     22.64   3.57    26.36

SNOWFALL (IN)
  YESTERDAY        0.0           0.0    MM   0.0    0.0      0.0
  MONTH TO DATE    0.0                       0.0    0.0      0.0
  SINCE JUN 1      0.0                       0.0    0.0      0.0
  SINCE JUL 1      0.0                       0.0    0.0      0.0
  SNOW DEPTH       0

DEGREE DAYS
 HEATING
  YESTERDAY        0                         0      0        0
  MONTH TO DATE    0                         0      0        0
  SINCE JUN 1      7                        16     -9        3
  SINCE JUL 1      4                         1      3        3

 COOLING
  YESTERDAY       16                        10      6        6
  MONTH TO DATE   26                        20      6       13
  SINCE JUN 1    688                       595     93      531
  SINCE JAN 1    854                       699    155      707
..................................................................


WIND (MPH)
  HIGHEST WIND SPEED    16   HIGHEST WIND DIRECTION     W (250)
  HIGHEST GUST SPEED    22   HIGHEST GUST DIRECTION    SW (220)
  AVERAGE WIND SPEED     7.9


SKY COVER
  POSSIBLE SUNSHINE  MM
  AVERAGE SKY COVER 0.0


WEATHER CONDITIONS
 THE FOLLOWING WEATHER WAS RECORDED YESTERDAY.
  THUNDERSTORM
  LIGHT RAIN


RELATIVE HUMIDITY (PERCENT)
 HIGHEST    87           700 AM
 LOWEST     52           300 PM
 AVERAGE    70

..........................................................


THE SPRINGFIELD IL CLIMATE NORMALS FOR TODAY
                         NORMAL    RECORD    YEAR
 MAXIMUM TEMPERATURE (F)   85       103      1964
 MINIMUM TEMPERATURE (F)   65        50      1950


SUNRISE AND SUNSET
AUGUST  3 2015........SUNRISE   559 AM CDT   SUNSET   810 PM CDT
AUGUST  4 2015........SUNRISE   600 AM CDT   SUNSET   809 PM CDT


-  INDICATES NEGATIVE NUMBERS.
R  INDICATES RECORD WAS SET OR TIED.
MM INDICATES DATA IS MISSING.
T  INDICATES TRACE AMOUNT.




$$
