000
CDUS43 KILX 010640
CLISPI


CLIMATE REPORT
NATIONAL WEATHER SERVICE LINCOLN IL
140 AM CDT WED OCT 1 2014


...................................

...THE SPRINGFIELD IL CLIMATE SUMMARY FOR SEPTEMBER 30 2014...

CLIMATE NORMAL PERIOD 1981 TO 2010
CLIMATE RECORD PERIOD 1879 TO 2014


WEATHER ITEM   OBSERVED TIME   RECORD YEAR NORMAL DEPARTURE LAST
                VALUE   (LST)  VALUE       VALUE  FROM      YEAR
                                                  NORMAL
..................................................................
TEMPERATURE (F)
 YESTERDAY
  MAXIMUM         77    354 PM  92    1971  73      4       77
                                      1952
  MINIMUM         56   1159 PM  31    1899  48      8       44
  AVERAGE         67                        61      6       61

PRECIPITATION (IN)
  YESTERDAY        0.00          2.74 1881   0.09  -0.09     0.00
  MONTH TO DATE    5.18                      2.90   2.28     1.25
  SINCE SEP 1      5.18                      2.90   2.28     1.25
  SINCE JAN 1     37.51                     28.55   8.96    31.92

SNOWFALL (IN)
  YESTERDAY        0.0           0.0    MM   0.0    0.0      0.0
  MONTH TO DATE    0.0                       0.0    0.0      0.0
  SINCE SEP 1      0.0                       0.0    0.0      0.0
  SINCE JUL 1      0.0                       0.0    0.0      0.0
  SNOW DEPTH       0

DEGREE DAYS
 HEATING
  YESTERDAY        0                         6     -6        4
  MONTH TO DATE   77                        77      0       39
  SINCE SEP 1     77                        76      1       39
  SINCE JUL 1     80                        81     -1       50

 COOLING
  YESTERDAY        2                         2      0        0
  MONTH TO DATE  116                       129    -13      160
  SINCE SEP 1    116                       129    -13      160
  SINCE JAN 1   1149                      1099     50     1100
..................................................................


WIND (MPH)
  HIGHEST WIND SPEED    16   HIGHEST WIND DIRECTION     E (80)
  HIGHEST GUST SPEED    21   HIGHEST GUST DIRECTION     E (80)
  AVERAGE WIND SPEED     7.1


SKY COVER
  POSSIBLE SUNSHINE  MM
  AVERAGE SKY COVER 0.3


WEATHER CONDITIONS
 THE FOLLOWING WEATHER WAS RECORDED YESTERDAY.
  FOG


RELATIVE HUMIDITY (PERCENT)
 HIGHEST   100           600 AM
 LOWEST     54           300 PM
 AVERAGE    77

..........................................................


THE SPRINGFIELD IL CLIMATE NORMALS FOR TODAY
                         NORMAL    RECORD    YEAR
 MAXIMUM TEMPERATURE (F)   73        91      1897
 MINIMUM TEMPERATURE (F)   48        32      2003


SUNRISE AND SUNSET
OCTOBER  1 2014.......SUNRISE   655 AM CDT   SUNSET   641 PM CDT
OCTOBER  2 2014.......SUNRISE   656 AM CDT   SUNSET   640 PM CDT


-  INDICATES NEGATIVE NUMBERS.
R  INDICATES RECORD WAS SET OR TIED.
MM INDICATES DATA IS MISSING.
T  INDICATES TRACE AMOUNT.




$$
