000
CDUS43 KILX 030646
CLISPI


CLIMATE REPORT
NATIONAL WEATHER SERVICE LINCOLN IL
145 AM CDT THU SEP 3 2015


...................................

...THE SPRINGFIELD IL CLIMATE SUMMARY FOR SEPTEMBER 2 2015...

CLIMATE NORMAL PERIOD 1981 TO 2010
CLIMATE RECORD PERIOD 1879 TO 2015


WEATHER ITEM   OBSERVED TIME   RECORD YEAR NORMAL DEPARTURE LAST
                VALUE   (LST)  VALUE       VALUE  FROM      YEAR
                                                  NORMAL
..................................................................
TEMPERATURE (F)
 YESTERDAY
  MAXIMUM         94    108 PM 101    2011  83     11       84
  MINIMUM         71    529 AM  48    2009  60     11       68
                                      1967
                                      1955
  AVERAGE         83                        72     11       76

PRECIPITATION (IN)
  YESTERDAY        0.00          3.55 2010   0.09  -0.09     0.10
  MONTH TO DATE    0.00                      0.19  -0.19     0.29
  SINCE SEP 1      0.00                      0.19  -0.19     0.29
  SINCE JAN 1     27.78                     25.84   1.94    32.62

SNOWFALL (IN)
  YESTERDAY        0.0           0.0    MM   0.0    0.0      0.0
  MONTH TO DATE    0.0                       0.0    0.0      0.0
  SINCE SEP 1      0.0                       0.0    0.0      0.0
  SINCE JUL 1      0.0                       0.0    0.0      0.0
  SNOW DEPTH       0

DEGREE DAYS
 HEATING
  YESTERDAY        0                         0      0        0
  MONTH TO DATE    0                         0      0        0
  SINCE SEP 1      0                         0      0        0
  SINCE JUL 1      6                         5      1        3

 COOLING
  YESTERDAY       18                         7     11       11
  MONTH TO DATE   36                        14     22       24
  SINCE SEP 1     36                        14     22       24
  SINCE JAN 1   1131                       984    147     1057
..................................................................


WIND (MPH)
  HIGHEST WIND SPEED    16   HIGHEST WIND DIRECTION    SW (210)
  HIGHEST GUST SPEED    23   HIGHEST GUST DIRECTION     S (200)
  AVERAGE WIND SPEED     5.9


SKY COVER
  POSSIBLE SUNSHINE  MM
  AVERAGE SKY COVER 0.0


WEATHER CONDITIONS
 THE FOLLOWING WEATHER WAS RECORDED YESTERDAY.
  NO SIGNIFICANT WEATHER WAS OBSERVED.


RELATIVE HUMIDITY (PERCENT)
 HIGHEST    93           400 AM
 LOWEST     44           300 PM
 AVERAGE    69

..........................................................


THE SPRINGFIELD IL CLIMATE NORMALS FOR TODAY
                         NORMAL    RECORD    YEAR
 MAXIMUM TEMPERATURE (F)   83       100      2011
 MINIMUM TEMPERATURE (F)   60        40      1952


SUNRISE AND SUNSET
SEPTEMBER  3 2015.....SUNRISE   628 AM CDT   SUNSET   727 PM CDT
SEPTEMBER  4 2015.....SUNRISE   629 AM CDT   SUNSET   726 PM CDT


-  INDICATES NEGATIVE NUMBERS.
R  INDICATES RECORD WAS SET OR TIED.
MM INDICATES DATA IS MISSING.
T  INDICATES TRACE AMOUNT.




$$
