000
CDUS43 KILX 242132
CLISPI


CLIMATE REPORT
NATIONAL WEATHER SERVICE LINCOLN IL
432 PM CDT THU JUL 24 2014


...................................

...THE SPRINGFIELD IL CLIMATE SUMMARY FOR JULY 24 2014...
VALID TODAY AS OF 0400 PM LOCAL TIME.

CLIMATE NORMAL PERIOD 1981 TO 2010
CLIMATE RECORD PERIOD 1879 TO 2014


WEATHER ITEM   OBSERVED TIME   RECORD YEAR NORMAL DEPARTURE LAST
                VALUE   (LST)  VALUE       VALUE  FROM      YEAR
                                                  NORMAL
..................................................................
TEMPERATURE (F)
 TODAY
  MAXIMUM         80    254 PM 107    1934  86     -6       77
  MINIMUM         57    531 AM  50    2000  65     -8       58
  AVERAGE         69                        76     -7       68

PRECIPITATION (IN)
  TODAY            0.00          1.90 1896   0.13  -0.13     0.00
  MONTH TO DATE    1.07                      3.12  -2.05     1.30
  SINCE JUN 1      9.94                      7.58   2.36     3.35
  SINCE JAN 1     24.23                     21.59   2.64    28.37

SNOWFALL (IN)
  TODAY            0.0           0.0    MM   0.0    0.0      0.0
  MONTH TO DATE    0.0                       0.0    0.0      0.0
  SINCE JUN 1      0.0                       0.0    0.0      0.0
  SINCE JUL 1      0.0                       0.0    0.0      0.0
  SNOW DEPTH       0

DEGREE DAYS
 HEATING
  TODAY            0                         0      0        0
  MONTH TO DATE    3                         0      3        0
  SINCE JUN 1      3                        15    -12       12
  SINCE JUL 1      3                         0      3        0

 COOLING
  TODAY            4                        11     -7        3
  MONTH TO DATE  172                       264    -92      275
  SINCE JUN 1    478                       504    -26      533
  SINCE JAN 1    654                       608     46      659
..................................................................


WIND (MPH)
  HIGHEST WIND SPEED    16   HIGHEST WIND DIRECTION    NE (30)
  HIGHEST GUST SPEED    21   HIGHEST GUST DIRECTION    NE (30)
  AVERAGE WIND SPEED     7.8


SKY COVER
  POSSIBLE SUNSHINE  MM
  AVERAGE SKY COVER 0.0


WEATHER CONDITIONS
 THE FOLLOWING WEATHER WAS RECORDED TODAY.
  NO SIGNIFICANT WEATHER WAS OBSERVED.


RELATIVE HUMIDITY (PERCENT)
 HIGHEST    86           100 AM
 LOWEST     39           300 PM
 AVERAGE    63

..........................................................


THE SPRINGFIELD IL CLIMATE NORMALS FOR TOMORROW
                         NORMAL    RECORD    YEAR
 MAXIMUM TEMPERATURE (F)   86       103      2012
                                             1936
 MINIMUM TEMPERATURE (F)   65        54      2013
                                             2000
                                             1991


SUNRISE AND SUNSET
JULY 24 2014..........SUNRISE   550 AM CDT   SUNSET   820 PM CDT
JULY 25 2014..........SUNRISE   551 AM CDT   SUNSET   819 PM CDT


-  INDICATES NEGATIVE NUMBERS.
R  INDICATES RECORD WAS SET OR TIED.
MM INDICATES DATA IS MISSING.
T  INDICATES TRACE AMOUNT.




$$
