000
CDUS43 KILX 302149
CLISPI


CLIMATE REPORT
NATIONAL WEATHER SERVICE LINCOLN IL
438 PM CDT TUE AUG 30 2016


...................................

...THE SPRINGFIELD IL CLIMATE SUMMARY FOR AUGUST 30 2016...
VALID TODAY AS OF 0400 PM LOCAL TIME.

CLIMATE NORMAL PERIOD 1981 TO 2010
CLIMATE RECORD PERIOD 1879 TO 2016


WEATHER ITEM   OBSERVED TIME   RECORD YEAR NORMAL DEPARTURE LAST
                VALUE   (LST)  VALUE       VALUE  FROM      YEAR
                                                  NORMAL
..................................................................
TEMPERATURE (F)
 TODAY
  MAXIMUM         80    259 PM  98    1947  84     -4       88
  MINIMUM         71   1000 AM  48    1986  61     10       64
  AVERAGE         76                        72      4       76

PRECIPITATION (IN)
  TODAY            0.56          1.77 1965   0.10   0.46     0.00
  MONTH TO DATE   10.82                      3.13   7.69     1.57
  SINCE JUN 1     22.26                     11.53  10.73    14.87
  SINCE JAN 1     35.85                     25.54  10.31    27.78

SNOWFALL (IN)
  TODAY            0.0           0.0    MM   0.0    0.0      0.0
  MONTH TO DATE    0.0                       0.0    0.0      0.0
  SINCE JUN 1      0.0                       0.0    0.0      0.0
  SINCE JUL 1      0.0                       0.0    0.0      0.0
  SNOW DEPTH       0

DEGREE DAYS
 HEATING
  TODAY            0                         0      0        0
  MONTH TO DATE    0                         0      0        2
  SINCE JUN 1      1                        16    -15        9
  SINCE JUL 1      1                         1      0        6

 COOLING
  TODAY           11                         8      3       11
  MONTH TO DATE  381                       283     98      251
  SINCE JUN 1   1141                       858    283      913
  SINCE JAN 1   1266                       962    304     1079
..................................................................


WIND (MPH)
  HIGHEST WIND SPEED    23   HIGHEST WIND DIRECTION     N (360)
  HIGHEST GUST SPEED    29   HIGHEST GUST DIRECTION     N (10)
  AVERAGE WIND SPEED     2.3


SKY COVER
  POSSIBLE SUNSHINE  MM
  AVERAGE SKY COVER 0.3


WEATHER CONDITIONS
 THE FOLLOWING WEATHER WAS RECORDED TODAY.
  THUNDERSTORM
  HEAVY RAIN
  RAIN
  LIGHT RAIN
  FOG
  HAZE


RELATIVE HUMIDITY (PERCENT)
 HIGHEST    93          1200 AM
 LOWEST     85           800 AM
 AVERAGE    89

..........................................................


THE SPRINGFIELD IL CLIMATE NORMALS FOR TOMORROW
                         NORMAL    RECORD    YEAR
 MAXIMUM TEMPERATURE (F)   84        99      2011
                                             1943
 MINIMUM TEMPERATURE (F)   61        46      1967
                                             1915


SUNRISE AND SUNSET
AUGUST 30 2016........SUNRISE   625 AM CDT   SUNSET   732 PM CDT
AUGUST 31 2016........SUNRISE   626 AM CDT   SUNSET   731 PM CDT


-  INDICATES NEGATIVE NUMBERS.
R  INDICATES RECORD WAS SET OR TIED.
MM INDICATES DATA IS MISSING.
T  INDICATES TRACE AMOUNT.




$$
