286
CDUS43 KILX 200659
CLISPI


CLIMATE REPORT
NATIONAL WEATHER SERVICE LINCOLN IL
1258 AM CST FRI JAN 20 2017


...................................

...THE SPRINGFIELD IL CLIMATE SUMMARY FOR JANUARY 19 2017...

CLIMATE NORMAL PERIOD 1981 TO 2010
CLIMATE RECORD PERIOD 1879 TO 2017


WEATHER ITEM   OBSERVED TIME   RECORD YEAR NORMAL DEPARTURE LAST
                VALUE   (LST)  VALUE       VALUE  FROM      YEAR
                                                  NORMAL
..................................................................
TEMPERATURE (F)
 YESTERDAY
  MAXIMUM         45    707 PM  69    1952  35     10       23
  MINIMUM         37   1231 AM -18    1985  18     19        6
  AVERAGE         41                        26     15       15

PRECIPITATION (IN)
  YESTERDAY        0.10          1.31 1988   0.06   0.04     0.33
  MONTH TO DATE    0.95                      1.17  -0.22     1.06
  SINCE DEC 1      1.86                      3.69  -1.83     7.62
  SINCE JAN 1      0.95                      1.17  -0.22     1.06

SNOWFALL (IN)
  YESTERDAY        0.0           5.8  1987   0.2   -0.2      3.6
  MONTH TO DATE    0.9                       3.9   -3.0      6.3
  SINCE DEC 1      3.6                       9.5   -5.9      6.4
  SINCE JUL 1      3.6                      10.1   -6.5      6.9
  SNOW DEPTH       0

DEGREE DAYS
 HEATING
  YESTERDAY       24                        38    -14       50
  MONTH TO DATE  646                       729    -83      716
  SINCE DEC 1   1694                      1801   -107     1408
  SINCE JUL 1   2345                      2869   -524     2178

 COOLING
  YESTERDAY        0                         0      0        0
  MONTH TO DATE    0                         0      0        0
  SINCE DEC 1      0                         0      0        0
  SINCE JAN 1      0                         0      0        0
..................................................................


WIND (MPH)
  HIGHEST WIND SPEED    16   HIGHEST WIND DIRECTION    SE (140)
  HIGHEST GUST SPEED    22   HIGHEST GUST DIRECTION    SE (140)
  AVERAGE WIND SPEED     8.1


SKY COVER
  POSSIBLE SUNSHINE  MM
  AVERAGE SKY COVER 0.8


WEATHER CONDITIONS
 THE FOLLOWING WEATHER WAS RECORDED YESTERDAY.
  LIGHT RAIN
  FOG
  HAZE


RELATIVE HUMIDITY (PERCENT)
 HIGHEST    92           100 AM
 LOWEST     82           900 AM
 AVERAGE    87

..........................................................


THE SPRINGFIELD IL CLIMATE NORMALS FOR TODAY
                         NORMAL    RECORD    YEAR
 MAXIMUM TEMPERATURE (F)   35        71      1906
 MINIMUM TEMPERATURE (F)   18       -21      1985


SUNRISE AND SUNSET
JANUARY 20 2017.......SUNRISE   716 AM CST   SUNSET   504 PM CST
JANUARY 21 2017.......SUNRISE   715 AM CST   SUNSET   506 PM CST


-  INDICATES NEGATIVE NUMBERS.
R  INDICATES RECORD WAS SET OR TIED.
MM INDICATES DATA IS MISSING.
T  INDICATES TRACE AMOUNT.




$$
