000
CDUS43 KILX 260640
CLISPI


CLIMATE REPORT
NATIONAL WEATHER SERVICE LINCOLN IL
1239 AM CST WED NOV 26 2014


...................................

...THE SPRINGFIELD IL CLIMATE SUMMARY FOR NOVEMBER 25 2014...

CLIMATE NORMAL PERIOD 1981 TO 2010
CLIMATE RECORD PERIOD 1879 TO 2014


WEATHER ITEM   OBSERVED TIME   RECORD YEAR NORMAL DEPARTURE LAST
                VALUE   (LST)  VALUE       VALUE  FROM      YEAR
                                                  NORMAL
..................................................................
TEMPERATURE (F)
 YESTERDAY
  MAXIMUM         36    301 PM  69    2006  47    -11       34
  MINIMUM         23   1010 PM   0    1950  30     -7       24
  AVERAGE         30                        38     -8       29

PRECIPITATION (IN)
  YESTERDAY        0.00          0.90 1986   0.11  -0.11      T
  MONTH TO DATE    1.61                      2.67  -1.06     1.23
  SINCE SEP 1     10.91                      8.72   2.19     6.08
  SINCE JAN 1     43.24                     34.37   8.87    36.75

SNOWFALL (IN)
  YESTERDAY        0.0           1.9  1972   0.1   -0.1       T
  MONTH TO DATE    0.6                       0.4    0.2      0.7
  SINCE SEP 1      0.6                       0.4    0.2      0.7
  SINCE JUL 1      0.6                       0.4    0.2      0.7
  SNOW DEPTH       0

DEGREE DAYS
 HEATING
  YESTERDAY       35                        27      8       36
  MONTH TO DATE  699                       519    180      598
  SINCE SEP 1   1077                       924    153      994
  SINCE JUL 1   1080                       929    151     1005

 COOLING
  YESTERDAY        0                         0      0        0
  MONTH TO DATE    0                         0      0        0
  SINCE SEP 1    129                       151    -22      205
  SINCE JAN 1   1162                      1121     41     1145
..................................................................


WIND (MPH)
  HIGHEST WIND SPEED    22   HIGHEST WIND DIRECTION    NW (310)
  HIGHEST GUST SPEED    28   HIGHEST GUST DIRECTION    NW (300)
  AVERAGE WIND SPEED     8.6


SKY COVER
  POSSIBLE SUNSHINE  MM
  AVERAGE SKY COVER 0.6


WEATHER CONDITIONS
 THE FOLLOWING WEATHER WAS RECORDED YESTERDAY.
  NO SIGNIFICANT WEATHER WAS OBSERVED.


RELATIVE HUMIDITY (PERCENT)
 HIGHEST    92          1100 PM
 LOWEST     64           100 PM
 AVERAGE    78

..........................................................


THE SPRINGFIELD IL CLIMATE NORMALS FOR TODAY
                         NORMAL    RECORD    YEAR
 MAXIMUM TEMPERATURE (F)   47        71      1894
 MINIMUM TEMPERATURE (F)   29         2      1898


SUNRISE AND SUNSET
NOVEMBER 26 2014......SUNRISE   656 AM CST   SUNSET   436 PM CST
NOVEMBER 27 2014......SUNRISE   657 AM CST   SUNSET   436 PM CST


-  INDICATES NEGATIVE NUMBERS.
R  INDICATES RECORD WAS SET OR TIED.
MM INDICATES DATA IS MISSING.
T  INDICATES TRACE AMOUNT.




$$
