000
CDUS43 KILX 280652
CLISPI


CLIMATE REPORT
NATIONAL WEATHER SERVICE LINCOLN IL
1240 AM CST WED JAN 28 2015


...................................

...THE SPRINGFIELD IL CLIMATE SUMMARY FOR JANUARY 27 2015...

CLIMATE NORMAL PERIOD 1981 TO 2010
CLIMATE RECORD PERIOD 1879 TO 2015


WEATHER ITEM   OBSERVED TIME   RECORD YEAR NORMAL DEPARTURE LAST
                VALUE   (LST)  VALUE       VALUE  FROM      YEAR
                                                  NORMAL
..................................................................
TEMPERATURE (F)
 YESTERDAY
  MAXIMUM         36    358 AM  65    1944  35      1       17
  MINIMUM         27   1159 PM -10    1963  19      8       -1
                                      1936
  AVERAGE         32                        27      5        8

PRECIPITATION (IN)
  YESTERDAY        0.00          0.89 1949   0.05  -0.05     0.00
  MONTH TO DATE    1.18                      1.60  -0.42     2.11
  SINCE DEC 1      3.13                      4.12  -0.99     3.71
  SINCE JAN 1      1.18                      1.60  -0.42     2.11

SNOWFALL (IN)
  YESTERDAY        0.0           4.7  1979   0.3   -0.3      0.0
  MONTH TO DATE    3.4                       5.6   -2.2     15.9
  SINCE DEC 1      3.9                      11.2   -7.3     24.1
  SINCE JUL 1      7.6                      11.8   -4.2     24.8
  SNOW DEPTH       T

DEGREE DAYS
 HEATING
  YESTERDAY       33                        38     -5       57
  MONTH TO DATE 1034                      1033      1     1172
  SINCE DEC 1   1970                      2105   -135     2336
  SINCE JUL 1   3206                      3173     33     3518

 COOLING
  YESTERDAY        0                         0      0        0
  MONTH TO DATE    0                         0      0        0
  SINCE DEC 1      0                         0      0        0
  SINCE JAN 1      0                         0      0        0
..................................................................


WIND (MPH)
  HIGHEST WIND SPEED    14   HIGHEST WIND DIRECTION     N (360)
  HIGHEST GUST SPEED    18   HIGHEST GUST DIRECTION     N (350)
  AVERAGE WIND SPEED     6.9


SKY COVER
  POSSIBLE SUNSHINE  MM
  AVERAGE SKY COVER 0.9


WEATHER CONDITIONS
 THE FOLLOWING WEATHER WAS RECORDED YESTERDAY.
  FOG
  HAZE


RELATIVE HUMIDITY (PERCENT)
 HIGHEST    92          1200 AM
 LOWEST     72           700 PM
 AVERAGE    82

..........................................................


THE SPRINGFIELD IL CLIMATE NORMALS FOR TODAY
                         NORMAL    RECORD    YEAR
 MAXIMUM TEMPERATURE (F)   35        67      1970
 MINIMUM TEMPERATURE (F)   19       -17      1963


SUNRISE AND SUNSET
JANUARY 28 2015.......SUNRISE   711 AM CST   SUNSET   513 PM CST
JANUARY 29 2015.......SUNRISE   710 AM CST   SUNSET   514 PM CST


-  INDICATES NEGATIVE NUMBERS.
R  INDICATES RECORD WAS SET OR TIED.
MM INDICATES DATA IS MISSING.
T  INDICATES TRACE AMOUNT.




$$
