000
CDUS43 KILX 210648
CLISPI


CLIMATE REPORT
NATIONAL WEATHER SERVICE LINCOLN IL
139 AM CDT MON APR 21 2014


...................................

...THE SPRINGFIELD IL CLIMATE SUMMARY FOR APRIL 20 2014...

CLIMATE NORMAL PERIOD 1981 TO 2010
CLIMATE RECORD PERIOD 1879 TO 2014


WEATHER ITEM   OBSERVED TIME   RECORD YEAR NORMAL DEPARTURE LAST
                VALUE   (LST)  VALUE       VALUE  FROM      YEAR
                                                  NORMAL
..................................................................
TEMPERATURE (F)
 YESTERDAY
  MAXIMUM         82    319 PM  89    1936  66     16       51
  MINIMUM         51    411 AM  28    1956  44      7       30
                                      1897
  AVERAGE         67                        55     12       41

PRECIPITATION (IN)
  YESTERDAY        0.00          1.86 1964   0.13  -0.13     0.00
  MONTH TO DATE    2.34                      2.23   0.11     4.36
  SINCE MAR 1      4.13                      4.86  -0.73     7.69
  SINCE JAN 1      9.56                      8.49   1.07    13.41

SNOWFALL (IN)
  YESTERDAY        0.0           T    1943   0.0    0.0      0.0
  MONTH TO DATE    0.1                       0.3   -0.2       T
  SINCE MAR 1      3.4                       2.8    0.6     19.6
  SINCE JUL 1     45.7                      20.9   24.8     33.1
  SNOW DEPTH       0

DEGREE DAYS
 HEATING
  YESTERDAY        0                        11    -11       24
  MONTH TO DATE  241                       277    -36      294
  SINCE MAR 1   1096                       988    108     1202
  SINCE JUL 1   6043                      5259    784     5111

 COOLING
  YESTERDAY        2                         1      1        0
  MONTH TO DATE    6                         9     -3        7
  SINCE MAR 1      6                        11     -5        7
  SINCE JAN 1      6                        11     -5        7
..................................................................


WIND (MPH)
  HIGHEST WIND SPEED    18   HIGHEST WIND DIRECTION     S (170)
  HIGHEST GUST SPEED    23   HIGHEST GUST DIRECTION     S (190)
  AVERAGE WIND SPEED    10.3


SKY COVER
  POSSIBLE SUNSHINE  MM
  AVERAGE SKY COVER 0.0


WEATHER CONDITIONS
 THE FOLLOWING WEATHER WAS RECORDED YESTERDAY.
  NO SIGNIFICANT WEATHER WAS OBSERVED.


RELATIVE HUMIDITY (PERCENT)
 HIGHEST    59           300 AM
 LOWEST     23           100 PM
 AVERAGE    41

..........................................................


THE SPRINGFIELD IL CLIMATE NORMALS FOR TODAY
                         NORMAL    RECORD    YEAR
 MAXIMUM TEMPERATURE (F)   67        87      1902
 MINIMUM TEMPERATURE (F)   44        28      1904


SUNRISE AND SUNSET
APRIL 21 2014.........SUNRISE   612 AM CDT   SUNSET   743 PM CDT
APRIL 22 2014.........SUNRISE   611 AM CDT   SUNSET   744 PM CDT


-  INDICATES NEGATIVE NUMBERS.
R  INDICATES RECORD WAS SET OR TIED.
MM INDICATES DATA IS MISSING.
T  INDICATES TRACE AMOUNT.




$$
