000
CDUS43 KILX 070642
CLISPI


CLIMATE REPORT
NATIONAL WEATHER SERVICE LINCOLN IL
1242 AM CST WED DEC 7 2016


...................................

...THE SPRINGFIELD IL CLIMATE SUMMARY FOR DECEMBER 6 2016...

CLIMATE NORMAL PERIOD 1981 TO 2010
CLIMATE RECORD PERIOD 1879 TO 2016


WEATHER ITEM   OBSERVED TIME   RECORD YEAR NORMAL DEPARTURE LAST
                VALUE   (LST)  VALUE       VALUE  FROM      YEAR
                                                  NORMAL
..................................................................
TEMPERATURE (F)
 YESTERDAY
  MAXIMUM         41    336 PM  70    1980  41      0       47
  MINIMUM         32   1145 PM  -1    1984  25      7       32
  AVERAGE         37                        33      4       40

PRECIPITATION (IN)
  YESTERDAY        0.00          1.05 1994   0.09  -0.09     0.05
  MONTH TO DATE    0.43                      0.56  -0.13     0.11
  SINCE DEC 1      0.43                      0.56  -0.13     0.11
  SINCE JAN 1     42.29                     35.47   6.82    37.66

SNOWFALL (IN)
  YESTERDAY        0.0           5.4  1976   0.1   -0.1      0.0
  MONTH TO DATE    2.3                       0.7    1.6      0.1
  SINCE DEC 1      2.3                       0.7    1.6      0.1
  SINCE JUL 1      2.3                       1.3    1.0      0.6
  SNOW DEPTH       0

DEGREE DAYS
 HEATING
  YESTERDAY       28                        32     -4       25
  MONTH TO DATE  165                       184    -19      165
  SINCE DEC 1    165                       184    -19      165
  SINCE JUL 1    816                      1252   -436      935

 COOLING
  YESTERDAY        0                         0      0        0
  MONTH TO DATE    0                         0      0        0
  SINCE DEC 1      0                         0      0        0
  SINCE JAN 1   1626                      1122    504     1375
..................................................................


WIND (MPH)
  HIGHEST WIND SPEED    20   HIGHEST WIND DIRECTION     W (290)
  HIGHEST GUST SPEED    23   HIGHEST GUST DIRECTION     W (280)
  AVERAGE WIND SPEED     8.4


SKY COVER
  POSSIBLE SUNSHINE  MM
  AVERAGE SKY COVER 0.5


WEATHER CONDITIONS
 THE FOLLOWING WEATHER WAS RECORDED YESTERDAY.
  FOG
  HAZE


RELATIVE HUMIDITY (PERCENT)
 HIGHEST    96           300 AM
 LOWEST     61          1000 PM
 AVERAGE    79

..........................................................


THE SPRINGFIELD IL CLIMATE NORMALS FOR TODAY
                         NORMAL    RECORD    YEAR
 MAXIMUM TEMPERATURE (F)   41        67      1916
 MINIMUM TEMPERATURE (F)   25        -7      1882


SUNRISE AND SUNSET
DECEMBER  7 2016......SUNRISE   707 AM CST   SUNSET   434 PM CST
DECEMBER  8 2016......SUNRISE   708 AM CST   SUNSET   434 PM CST


-  INDICATES NEGATIVE NUMBERS.
R  INDICATES RECORD WAS SET OR TIED.
MM INDICATES DATA IS MISSING.
T  INDICATES TRACE AMOUNT.




$$
