000
CDUS44 KOUN 232218
CLISPS

CLIMATE REPORT
NATIONAL WEATHER SERVICE NORMAN OK
516 PM CDT SAT JUL 23 2016


...................................

...THE WICHITA FALLS CLIMATE SUMMARY FOR JULY 23 2016...
VALID TODAY AS OF 0500 PM LOCAL TIME.

CLIMATE NORMAL PERIOD 1981 TO 2010
CLIMATE RECORD PERIOD 1897 TO 2016


WEATHER ITEM   OBSERVED TIME   RECORD YEAR NORMAL DEPARTURE LAST
                VALUE   (LST)  VALUE       VALUE  FROM      YEAR
                                                  NORMAL
..................................................................
TEMPERATURE (F)
 TODAY
  MAXIMUM        101    202 PM 110    1974  98      3       98
  MINIMUM         72    549 AM  54    1970  72      0       77
  AVERAGE         87                        85      2       88

PRECIPITATION (IN)
  TODAY            0.00          2.09 1950   0.05  -0.05     0.00
  MONTH TO DATE    1.72                      1.20   0.52     2.75
  SINCE JAN 1     21.50                     16.84   4.66    32.05

DEGREE DAYS
 COOLING
  TODAY           22                        20      2       23
  MONTH TO DATE  473                       440     33      433
  SINCE JAN 1   1190                      1195     -5     1125
..................................................................


WIND (MPH)
  HIGHEST WIND SPEED    18   HIGHEST WIND DIRECTION     S (160)
  HIGHEST GUST SPEED    24   HIGHEST GUST DIRECTION     S (170)
  AVERAGE WIND SPEED    10.1


SKY COVER
  AVERAGE SKY COVER 0.0


WEATHER CONDITIONS
 THE FOLLOWING WEATHER WAS RECORDED TODAY.
  NO SIGNIFICANT WEATHER WAS OBSERVED.


RELATIVE HUMIDITY (PERCENT)
 HIGHEST    79           600 AM
 LOWEST     31           300 PM
 AVERAGE    55

..........................................................


THE WICHITA FALLS CLIMATE NORMALS FOR TOMORROW
                         NORMAL    RECORD    YEAR
 MAXIMUM TEMPERATURE (F)   98       109      1969
 MINIMUM TEMPERATURE (F)   73        60      1970


SUNRISE AND SUNSET
JULY 23 2016..........SUNRISE   639 AM CDT   SUNSET   841 PM CDT
JULY 24 2016..........SUNRISE   640 AM CDT   SUNSET   840 PM CDT


-  INDICATES NEGATIVE NUMBERS.
R  INDICATES RECORD WAS SET OR TIED.
MM INDICATES DATA IS MISSING.
T  INDICATES TRACE AMOUNT.




$$
