000
CDUS44 KOUN 252210 RRA
CLISPS

CLIMATE REPORT
NATIONAL WEATHER SERVICE NORMAN OK
509 PM CDT SAT OCT 25 2014


...................................

...THE WICHITA FALLS CLIMATE SUMMARY FOR OCTOBER 25 2014...
VALID TODAY AS OF 0500 PM LOCAL TIME.

CLIMATE NORMAL PERIOD 1981 TO 2010
CLIMATE RECORD PERIOD 1897 TO 2014


WEATHER ITEM   OBSERVED TIME   RECORD YEAR NORMAL DEPARTURE LAST
                VALUE   (LST)  VALUE       VALUE  FROM      YEAR
                                                  NORMAL
..................................................................
TEMPERATURE (F)
 TODAY
  MAXIMUM         91    342 PM  92    1927  74     17       69
  MINIMUM         56    658 AM  34    2005  49      7       43
  AVERAGE         74                        62     12       56

PRECIPITATION (IN)
  TODAY            0.00          1.68 1953   0.10  -0.10     0.00
  MONTH TO DATE    1.30                      2.55  -1.25     1.65
  SINCE JAN 1     18.58                     25.09  -6.51    19.10

SNOWFALL (IN)
  TODAY            0.0                       0.0    0.0      0.0
  MONTH TO DATE    0.0                       0.0    0.0      0.0
  SINCE JUL 1      T                         0.0    0.0      0.0
  SNOW DEPTH       0

DEGREE DAYS
 HEATING
  TODAY            0                         5     -5        9
  MONTH TO DATE   18                        74    -56       93
  SINCE JUL 1     26                        87    -61       93

 COOLING
  TODAY            9                         2      7        0
  MONTH TO DATE  150                        89     61       97
  SINCE JAN 1   2536                      2368    168     2602
..................................................................


WIND (MPH)
  HIGHEST WIND SPEED    16   HIGHEST WIND DIRECTION     S (190)
  HIGHEST GUST SPEED    21   HIGHEST GUST DIRECTION     W (250)
  AVERAGE WIND SPEED     7.8


SKY COVER
  AVERAGE SKY COVER 0.0


WEATHER CONDITIONS
 THE FOLLOWING WEATHER WAS RECORDED TODAY.
  NO SIGNIFICANT WEATHER WAS OBSERVED.


RELATIVE HUMIDITY (PERCENT)
 HIGHEST   100           700 AM
 LOWEST     28           300 PM
 AVERAGE    64

..........................................................


THE WICHITA FALLS CLIMATE NORMALS FOR TOMORROW
                         NORMAL    RECORD    YEAR
 MAXIMUM TEMPERATURE (F)   74        93      1950
 MINIMUM TEMPERATURE (F)   49        27      1957


SUNRISE AND SUNSET
OCTOBER 25 2014.......SUNRISE   747 AM CDT   SUNSET   648 PM CDT
OCTOBER 26 2014.......SUNRISE   748 AM CDT   SUNSET   647 PM CDT


-  INDICATES NEGATIVE NUMBERS.
R  INDICATES RECORD WAS SET OR TIED.
MM INDICATES DATA IS MISSING.
T  INDICATES TRACE AMOUNT.

$$
