000
CDUS44 KOUN 230634 RRA
CLISPS

CLIMATE REPORT
NATIONAL WEATHER SERVICE NORMAN OK
1232 AM CST TUE JAN 23 2018


...................................

...THE WICHITA FALLS CLIMATE SUMMARY FOR JANUARY 22 2018...

CLIMATE NORMAL PERIOD 1981 TO 2010
CLIMATE RECORD PERIOD 1897 TO 2018


WEATHER ITEM   OBSERVED TIME   RECORD YEAR NORMAL DEPARTURE LAST
                VALUE   (LST)  VALUE       VALUE  FROM      YEAR
                                                  NORMAL
..................................................................
TEMPERATURE (F)
 YESTERDAY
  MAXIMUM         56    446 PM  85    2009  55      1       63
  MINIMUM         36    806 AM   0    1930  30      6       41
  AVERAGE         46                        42      4       52

PRECIPITATION (IN)
  YESTERDAY        0.00          2.25 1919   0.04  -0.04     0.00
  MONTH TO DATE    0.01                      0.79  -0.78     1.87
  SINCE DEC 1      0.98                      2.41  -1.43     2.70
  SINCE JAN 1      0.01                      0.79  -0.78     1.87

SNOWFALL (IN)
  YESTERDAY        0.0           1.6  1983   0.0    0.0      0.0
  MONTH TO DATE    0.0                       1.0   -1.0       T
  SINCE DEC 1      T                         2.0   -2.0       T
  SINCE JUL 1      T                         2.3   -2.3       T

DEGREE DAYS
 HEATING
  YESTERDAY       19                        23     -4       13
  MONTH TO DATE  581                       514     67      462
  SINCE DEC 1   1241                      1204     37     1130
  SINCE JUL 1   1655                      1711    -56     1381

 COOLING
  YESTERDAY        0                         0      0        0
  MONTH TO DATE    0                         0      0        0
  SINCE DEC 1      1                         1      0        3
  SINCE JAN 1      0                         0      0        0
..................................................................


WIND (MPH)
  HIGHEST WIND SPEED    32   HIGHEST WIND DIRECTION    NW (300)
  HIGHEST GUST SPEED    41   HIGHEST GUST DIRECTION    NW (300)
  AVERAGE WIND SPEED    18.3


SKY COVER
  AVERAGE SKY COVER 0.0


WEATHER CONDITIONS
 THE FOLLOWING WEATHER WAS RECORDED YESTERDAY.
  NO SIGNIFICANT WEATHER WAS OBSERVED.


RELATIVE HUMIDITY (PERCENT)
 HIGHEST    52           600 AM
 LOWEST     22           400 PM
 AVERAGE    37

..........................................................


THE WICHITA FALLS CLIMATE NORMALS FOR TODAY
                         NORMAL    RECORD    YEAR
 MAXIMUM TEMPERATURE (F)   55        87      1943
 MINIMUM TEMPERATURE (F)   30        -5      1966


SUNRISE AND SUNSET
JANUARY 23 2018.......SUNRISE   736 AM CST   SUNSET   556 PM CST
JANUARY 24 2018.......SUNRISE   736 AM CST   SUNSET   557 PM CST


-  INDICATES NEGATIVE NUMBERS.
R  INDICATES RECORD WAS SET OR TIED.
MM INDICATES DATA IS MISSING.
T  INDICATES TRACE AMOUNT.




$$
