000
CDUS44 KOUN 250634
CLISPS

CLIMATE REPORT
NATIONAL WEATHER SERVICE NORMAN OK
131 AM CDT FRI APR 25 2014


...................................

...THE WICHITA FALLS CLIMATE SUMMARY FOR APRIL 24 2014...

CLIMATE NORMAL PERIOD 1981 TO 2010
CLIMATE RECORD PERIOD 1897 TO 2014


WEATHER ITEM   OBSERVED TIME   RECORD YEAR NORMAL DEPARTURE LAST
                VALUE   (LST)  VALUE       VALUE  FROM      YEAR
                                                  NORMAL
..................................................................
TEMPERATURE (F)
 YESTERDAY
  MAXIMUM         80    323 PM  96    1984  78      2       62
  MINIMUM         57   1148 PM  29    2013  52      5       29
  AVERAGE         69                        65      4       46

PRECIPITATION (IN)
  YESTERDAY        0.00          2.04 1964   0.11  -0.11     0.00
  MONTH TO DATE    1.48                      1.92  -0.44     2.43
  SINCE JAN 1      4.01                      7.01  -3.00     5.64

SNOWFALL (IN)
  YESTERDAY        0.0                       0.0    0.0      0.0
  MONTH TO DATE    0.0                       0.0    0.0       T
  SINCE JUL 1      5.0                       3.9    1.1      3.5
  SNOW DEPTH       0

DEGREE DAYS
 HEATING
  YESTERDAY        0                         3     -3       19
  MONTH TO DATE  111                       128    -17      210
  SINCE JUL 1   3329                      2931    398     2787

 COOLING
  YESTERDAY        4                         3      1        0
  MONTH TO DATE   65                        49     16       29
  SINCE JAN 1     81                        71     10       49
..................................................................


WIND (MPH)
  HIGHEST WIND SPEED    35   HIGHEST WIND DIRECTION    NW (320)
  HIGHEST GUST SPEED    44   HIGHEST GUST DIRECTION    NW (330)
  AVERAGE WIND SPEED    15.1


SKY COVER
  AVERAGE SKY COVER 0.0


WEATHER CONDITIONS
 THE FOLLOWING WEATHER WAS RECORDED YESTERDAY.
  HAZE
  SANDSTORM


RELATIVE HUMIDITY (PERCENT)
 HIGHEST    87           400 AM
 LOWEST     22           500 PM
 AVERAGE    55

..........................................................


THE WICHITA FALLS CLIMATE NORMALS FOR TODAY
                         NORMAL    RECORD    YEAR
 MAXIMUM TEMPERATURE (F)   78        98      2012
 MINIMUM TEMPERATURE (F)   53        38      2013


SUNRISE AND SUNSET
APRIL 25 2014.........SUNRISE   651 AM CDT   SUNSET   813 PM CDT
APRIL 26 2014.........SUNRISE   650 AM CDT   SUNSET   814 PM CDT


-  INDICATES NEGATIVE NUMBERS.
R  INDICATES RECORD WAS SET OR TIED.
MM INDICATES DATA IS MISSING.
T  INDICATES TRACE AMOUNT.




$$
