000
CDUS44 KOUN 230629
CLISPS

CLIMATE REPORT
NATIONAL WEATHER SERVICE NORMAN OK
128 AM CDT SUN APR 23 2017


...................................

...THE WICHITA FALLS CLIMATE SUMMARY FOR APRIL 22 2017...

CLIMATE NORMAL PERIOD 1981 TO 2010
CLIMATE RECORD PERIOD 1897 TO 2017


WEATHER ITEM   OBSERVED TIME   RECORD YEAR NORMAL DEPARTURE LAST
                VALUE   (LST)  VALUE       VALUE  FROM      YEAR
                                                  NORMAL
..................................................................
TEMPERATURE (F)
 YESTERDAY
  MAXIMUM         64    503 PM 100    2009  78    -14       80
  MINIMUM         44   1015 PM  35    1931  51     -7       52
  AVERAGE         54                        64    -10       66

PRECIPITATION (IN)
  YESTERDAY        0.00          2.80 1915   0.10  -0.10     0.00
  MONTH TO DATE    0.90                      1.70  -0.80     6.89
  SINCE JAN 1      5.62                      6.79  -1.17     9.94

DEGREE DAYS
 HEATING
  YESTERDAY       11                         3      8        0
  MONTH TO DATE   60                       122    -62       78
  SINCE JUL 1   2108                      2925   -817     2268

 COOLING
  YESTERDAY        0                         3     -3        1
  MONTH TO DATE   55                        43     12       16
  SINCE JAN 1    130                        65     65       37
..................................................................


WIND (MPH)
  HIGHEST WIND SPEED    29   HIGHEST WIND DIRECTION     N (10)
  HIGHEST GUST SPEED    35   HIGHEST GUST DIRECTION     N (10)
  AVERAGE WIND SPEED    17.0


SKY COVER
  AVERAGE SKY COVER 0.8


WEATHER CONDITIONS
 THE FOLLOWING WEATHER WAS RECORDED YESTERDAY.
  NO SIGNIFICANT WEATHER WAS OBSERVED.


RELATIVE HUMIDITY (PERCENT)
 HIGHEST    80           300 AM
 LOWEST     43           600 PM
 AVERAGE    62

..........................................................


THE WICHITA FALLS CLIMATE NORMALS FOR TODAY
                         NORMAL    RECORD    YEAR
 MAXIMUM TEMPERATURE (F)   78        94      2009
 MINIMUM TEMPERATURE (F)   52        36      2013


SUNRISE AND SUNSET
APRIL 23 2017.........SUNRISE   653 AM CDT   SUNSET   812 PM CDT
APRIL 24 2017.........SUNRISE   652 AM CDT   SUNSET   812 PM CDT


-  INDICATES NEGATIVE NUMBERS.
R  INDICATES RECORD WAS SET OR TIED.
MM INDICATES DATA IS MISSING.
T  INDICATES TRACE AMOUNT.

$$
