000
CDUS44 KOUN 260639
CLISPS

CLIMATE REPORT
NATIONAL WEATHER SERVICE NORMAN OK
1238 AM CST THU FEB 26 2015

...................................

...THE WICHITA FALLS CLIMATE SUMMARY FOR FEBRUARY 25 2015...

CLIMATE NORMAL PERIOD 1981 TO 2010
CLIMATE RECORD PERIOD 1897 TO 2015


WEATHER ITEM   OBSERVED TIME   RECORD YEAR NORMAL DEPARTURE LAST
                VALUE   (LST)  VALUE       VALUE  FROM      YEAR
                                                  NORMAL
..................................................................
TEMPERATURE (F)
 YESTERDAY
  MAXIMUM         61    502 PM  87    2008  61      0       45
  MINIMUM         27    558 AM   7    1960  36     -9       35
  AVERAGE         44                        48     -4       40

PRECIPITATION (IN)
  YESTERDAY        0.00          0.73 1982   0.07  -0.07     0.00
  MONTH TO DATE    0.30                      1.51  -1.21     0.35
  SINCE JAN 1      2.47                      2.65  -0.18     0.35

SNOWFALL (IN)
  YESTERDAY        0.0                       0.0    0.0      0.0
  MONTH TO DATE    0.6                       0.6    0.0      4.3
  SINCE JUL 1      2.9                       3.3   -0.4      5.0
  SNOW DEPTH       0

DEGREE DAYS
 HEATING
  YESTERDAY       21                        17      4       25
  MONTH TO DATE  512                       489     23      606
  SINCE JUL 1   2328                      2399    -71     2703
..................................................................


WIND (MPH)
  HIGHEST WIND SPEED    17   HIGHEST WIND DIRECTION     N (10)
  HIGHEST GUST SPEED    21   HIGHEST GUST DIRECTION     N (360)
  AVERAGE WIND SPEED     4.9


SKY COVER
  AVERAGE SKY COVER 0.2


WEATHER CONDITIONS
 THE FOLLOWING WEATHER WAS RECORDED YESTERDAY.
  FOG
  HAZE


RELATIVE HUMIDITY (PERCENT)
 HIGHEST    92           200 AM
 LOWEST     27           500 PM
 AVERAGE    60

..........................................................


THE WICHITA FALLS CLIMATE NORMALS FOR TODAY
                         NORMAL    RECORD    YEAR
 MAXIMUM TEMPERATURE (F)   61        91      2009
 MINIMUM TEMPERATURE (F)   36        16      1934


SUNRISE AND SUNSET
FEBRUARY 26 2015......SUNRISE   706 AM CST   SUNSET   628 PM CST
FEBRUARY 27 2015......SUNRISE   705 AM CST   SUNSET   628 PM CST


-  INDICATES NEGATIVE NUMBERS.
R  INDICATES RECORD WAS SET OR TIED.
MM INDICATES DATA IS MISSING.
T  INDICATES TRACE AMOUNT.




$$
