000
CDUS42 KTBW 302123
CLISRQ


CLIMATE REPORT
NATIONAL WEATHER SERVICE TAMPA BAY FL
520 PM EDT TUE AUG 30 2016


...................................

...THE SARASOTA BRADENTON CLIMATE SUMMARY FOR AUGUST 30 2016...
VALID TODAY AS OF 0500 PM LOCAL TIME.

CLIMATE NORMAL PERIOD 1981 TO 2010
CLIMATE RECORD PERIOD 1911 TO 2016


WEATHER ITEM   OBSERVED TIME   RECORD YEAR NORMAL DEPARTURE LAST
                VALUE   (LST)  VALUE       VALUE  FROM      YEAR
                                                  NORMAL
..................................................................
TEMPERATURE (F)
 TODAY
  MAXIMUM         89   1149 AM  97    2014  90     -1       89
  MINIMUM         77    650 AM  64    1930  75      2       74
  AVERAGE         83                        82      1       82

PRECIPITATION (IN)
  TODAY            T             4.36 1959   0.30  -0.30     0.00
  MONTH TO DATE    6.58                      8.86  -2.28     4.42
  SINCE JUN 1     19.52                     24.35  -4.83    14.96
  SINCE JAN 1     31.80                     38.05  -6.25    27.28

DEGREE DAYS
 HEATING
  TODAY            0                         0      0        0
  MONTH TO DATE    0                         0      0        0
  SINCE JUN 1      0                         0      0        0
  SINCE JUL 1      0                         0      0        0

 COOLING
  TODAY           18                        17      1       17
  MONTH TO DATE  605                       510     95      530
  SINCE JUN 1   1802                      1521    281     1578
  SINCE JAN 1   2766                      2272    494     2618
..................................................................


WIND (MPH)
  RESULTANT WIND SPEED   7   RESULTANT WIND DIRECTION  SE (120)
  HIGHEST WIND SPEED    20   HIGHEST WIND DIRECTION     S (190)
  HIGHEST GUST SPEED    25   HIGHEST GUST DIRECTION     S (190)
  AVERAGE WIND SPEED    10.1


SKY COVER
  POSSIBLE SUNSHINE  MM
  AVERAGE SKY COVER 0.4


WEATHER CONDITIONS
 THE FOLLOWING WEATHER WAS RECORDED TODAY.
  LIGHT RAIN


RELATIVE HUMIDITY (PERCENT)
 HIGHEST    88           200 AM
 LOWEST     63          1100 AM

..........................................................


THE SARASOTA BRADENTON CLIMATE NORMALS FOR TOMORROW
                         NORMAL    RECORD    YEAR
 MAXIMUM TEMPERATURE (F)   90        97      1970
 MINIMUM TEMPERATURE (F)   75        65      1927


SUNRISE AND SUNSET
AUGUST 30 2016........SUNRISE   709 AM EDT   SUNSET   752 PM EDT
AUGUST 31 2016........SUNRISE   709 AM EDT   SUNSET   751 PM EDT


-  INDICATES NEGATIVE NUMBERS.
R  INDICATES RECORD WAS SET OR TIED.
MM INDICATES DATA IS MISSING.
T  INDICATES TRACE AMOUNT.




$$


&&
------------------------------------------------------------------
******************** SUPPLEMENTAL DATA ***************************

...GULF WATER TEMPERATURE AT VENICE 86 DEGREES
