000
CDUS42 KTBW 252118
CLISRQ


CLIMATE REPORT
NATIONAL WEATHER SERVICE TAMPA BAY FL
515 PM EDT MON MAY 25 2015


...................................

...THE SARASOTA BRADENTON CLIMATE SUMMARY FOR MAY 25 2015...
VALID TODAY AS OF 0500 PM LOCAL TIME.

CLIMATE NORMAL PERIOD 1981 TO 2010
CLIMATE RECORD PERIOD 1911 TO 2015


WEATHER ITEM   OBSERVED TIME   RECORD YEAR NORMAL DEPARTURE LAST
                VALUE   (LST)  VALUE       VALUE  FROM      YEAR
                                                  NORMAL
..................................................................
TEMPERATURE (F)
 TODAY
  MAXIMUM         91    116 PM  94    2013  87      4       90
                                      2012
  MINIMUM         72    602 AM  58    1931  69      3       73
  AVERAGE         82                        78      4       82

PRECIPITATION (IN)
  TODAY            T             1.55 1963   0.08  -0.08     0.11
  MONTH TO DATE    4.05                      1.62   2.43     5.35
  SINCE MAR 1      6.69                      7.92  -1.23    13.06
  SINCE JAN 1     11.57                     13.11  -1.54    16.68

DEGREE DAYS
 HEATING
  TODAY            0                         0      0        0
  MONTH TO DATE    0                         0      0        0
  SINCE MAR 1     13                        59    -46       37
  SINCE JUL 1    470                       477     -7      345

 COOLING
  TODAY           17                        13      4       17
  MONTH TO DATE  326                       273     53      308
  SINCE MAR 1    882                       566    316      610
  SINCE JAN 1    951                       670    281      726
..................................................................


WIND (MPH)
  RESULTANT WIND SPEED   6   RESULTANT WIND DIRECTION   E (110)
  HIGHEST WIND SPEED    16   HIGHEST WIND DIRECTION     E (100)
  HIGHEST GUST SPEED    21   HIGHEST GUST DIRECTION    SE (120)
  AVERAGE WIND SPEED    10.2


SKY COVER
  POSSIBLE SUNSHINE  MM
  AVERAGE SKY COVER 0.2


WEATHER CONDITIONS
 THE FOLLOWING WEATHER WAS RECORDED TODAY.
  THUNDERSTORM


RELATIVE HUMIDITY (PERCENT)
 HIGHEST   100           600 AM
 LOWEST     49           100 PM

..........................................................


THE SARASOTA BRADENTON CLIMATE NORMALS FOR TOMORROW
                         NORMAL    RECORD    YEAR
 MAXIMUM TEMPERATURE (F)   87        94      2012
                                             1995
                                             1986
 MINIMUM TEMPERATURE (F)   69        55      1979


SUNRISE AND SUNSET
MAY 25 2015...........SUNRISE   637 AM EDT   SUNSET   817 PM EDT
MAY 26 2015...........SUNRISE   637 AM EDT   SUNSET   818 PM EDT


-  INDICATES NEGATIVE NUMBERS.
R  INDICATES RECORD WAS SET OR TIED.
MM INDICATES DATA IS MISSING.
T  INDICATES TRACE AMOUNT.




$$


&&
------------------------------------------------------------------
******************** SUPPLEMENTAL DATA ***************************

...GULF WATER TEMPERATURE AT NEW PASS 86
