000
CDUS42 KJAX 250529
CLISSI


CLIMATE REPORT
NATIONAL WEATHER SERVICE JACKSONVILLE FL
1228 AM EST SUN FEB 25 2018


...................................

...THE ST SIMONS ISLAND CLIMATE SUMMARY FOR FEBRUARY 24 2018...

CLIMATE NORMAL PERIOD 1981 TO 2010
CLIMATE RECORD PERIOD 1948 TO 2018


WEATHER ITEM   OBSERVED TIME   RECORD YEAR NORMAL DEPARTURE LAST
                VALUE   (LST)  VALUE       VALUE  FROM      YEAR
                                                  NORMAL
..................................................................
TEMPERATURE (F)
 YESTERDAY
  MAXIMUM         77   1252 PM  84    2012  65     12       75
  MINIMUM         64    543 AM  26    1989  48     16       63
  AVERAGE         71                        56     15       69

PRECIPITATION (IN)
  YESTERDAY        0.00          1.66 1963   0.13  -0.13     0.00
  MONTH TO DATE    0.90                      2.95  -2.05     0.86
  SINCE DEC 1      7.20                      8.81  -1.61     8.88
  SINCE JAN 1      4.37                      6.17  -1.80     5.86

SNOWFALL (IN)
  YESTERDAY        0.0           0.0    MM                   0.0
  MONTH TO DATE    0.0                                       0.0
  SINCE DEC 1      0.0                                       0.0
  SINCE JUL 1      0.0                                       0.0
  SNOW DEPTH       0

DEGREE DAYS
 HEATING
  YESTERDAY        0                         9     -9        0
  MONTH TO DATE   93                       266   -173       98
  SINCE DEC 1    919                      1037   -118      501
  SINCE JUL 1   1049                      1217   -168      606

 COOLING
  YESTERDAY        6                         0      6        4
  MONTH TO DATE   49                         0     49       24
  SINCE DEC 1     66                        16     50       68
  SINCE JAN 1     50                         3     47       43
..................................................................


WIND (MPH)
  HIGHEST WIND SPEED    15   HIGHEST WIND DIRECTION    SE (140)
  HIGHEST GUST SPEED    21   HIGHEST GUST DIRECTION    SE (150)
  AVERAGE WIND SPEED     7.1


SKY COVER
  POSSIBLE SUNSHINE  MM
  AVERAGE SKY COVER 0.0


WEATHER CONDITIONS
 THE FOLLOWING WEATHER WAS RECORDED YESTERDAY.
  FOG


RELATIVE HUMIDITY (PERCENT)
 HIGHEST   100           300 AM
 LOWEST     74          1100 AM
 AVERAGE    87

..........................................................


THE ST SIMONS ISLAND CLIMATE NORMALS FOR TODAY
                         NORMAL    RECORD    YEAR
 MAXIMUM TEMPERATURE (F)   65        80      2017
                                             1956
 MINIMUM TEMPERATURE (F)   48        26      1989


SUNRISE AND SUNSET
FEBRUARY 25 2018......SUNRISE   657 AM EST   SUNSET   621 PM EST
FEBRUARY 26 2018......SUNRISE   656 AM EST   SUNSET   622 PM EST


-  INDICATES NEGATIVE NUMBERS.
R  INDICATES RECORD WAS SET OR TIED.
MM INDICATES DATA IS MISSING.
T  INDICATES TRACE AMOUNT.




$$
