000
CDUS42 KJAX 202126
CLISSI


CLIMATE REPORT
NATIONAL WEATHER SERVICE JACKSONVILLE
526 PM EDT SUN APR 20 2014


...................................

...THE ST SIMONS ISLAND CLIMATE SUMMARY FOR APRIL 20 2014...
VALID TODAY AS OF 0500 PM LOCAL TIME.

CLIMATE NORMAL PERIOD 1981 TO 2010
CLIMATE RECORD PERIOD 1948 TO 2014


WEATHER ITEM   OBSERVED TIME   RECORD YEAR NORMAL DEPARTURE LAST
                VALUE   (LST)  VALUE       VALUE  FROM      YEAR
                                                  NORMAL
..................................................................
TEMPERATURE (F)
 TODAY
  MAXIMUM         62    356 PM  93    1968  76    -14       64
  MINIMUM         54    956 AM  45    1983  59     -5       50
  AVERAGE         58                        68    -10       57

PRECIPITATION (IN)
  TODAY            T             0.92 1970   0.07  -0.07     0.49
  MONTH TO DATE    7.92                      1.80   6.12     2.16
  SINCE MAR 1     10.46                      5.68   4.78     4.27
  SINCE JAN 1     16.94                     12.37   4.57     8.38

SNOWFALL (IN)
  TODAY            0.0           0.0    MM                   0.0
  MONTH TO DATE    0.0                                       0.0
  SINCE MAR 1      0.0                                       0.0
  SINCE JUL 1      T                                         0.0

DEGREE DAYS
 HEATING
  TODAY            7                         1      6        8
  MONTH TO DATE   36                        47    -11       29
  SINCE MAR 1    264                       224     40      342
  SINCE JUL 1   1492                      1475     17     1257

 COOLING
  TODAY            0                         4     -4        0
  MONTH TO DATE   44                        55    -11       73
  SINCE MAR 1     58                        86    -28       84
  SINCE JAN 1     66                        95    -29      112
..................................................................


WIND (MPH)
  HIGHEST WIND SPEED    15   HIGHEST WIND DIRECTION     N (360)
  HIGHEST GUST SPEED    21   HIGHEST GUST DIRECTION     N (360)
  AVERAGE WIND SPEED     8.9


SKY COVER
  POSSIBLE SUNSHINE  MM
  AVERAGE SKY COVER 1.0


WEATHER CONDITIONS
 THE FOLLOWING WEATHER WAS RECORDED TODAY.
  LIGHT RAIN
  FOG


RELATIVE HUMIDITY (PERCENT)
 HIGHEST   100          1200 AM
 LOWEST     78           400 PM
 AVERAGE    89

..........................................................


THE ST SIMONS ISLAND CLIMATE NORMALS FOR TOMORROW
                         NORMAL    RECORD    YEAR
 MAXIMUM TEMPERATURE (F)   76        93      2002
 MINIMUM TEMPERATURE (F)   59        40      1953


SUNRISE AND SUNSET
APRIL 20 2014.........SUNRISE   652 AM EDT   SUNSET   757 PM EDT
APRIL 21 2014.........SUNRISE   651 AM EDT   SUNSET   758 PM EDT


-  INDICATES NEGATIVE NUMBERS.
R  INDICATES RECORD WAS SET OR TIED.
MM INDICATES DATA IS MISSING.
T  INDICATES TRACE AMOUNT.




$$
