000
CDUS42 KJAX 140536
CLISSI


CLIMATE REPORT
NATIONAL WEATHER SERVICE JACKSONVILLE FL
1230 AM EST SUN FEB 14 2016


...................................

...THE ST SIMONS ISLAND CLIMATE SUMMARY FOR FEBRUARY 13 2016...

CLIMATE NORMAL PERIOD 1981 TO 2010
CLIMATE RECORD PERIOD 1948 TO 2016


WEATHER ITEM   OBSERVED TIME   RECORD YEAR NORMAL DEPARTURE LAST
                VALUE   (LST)  VALUE       VALUE  FROM      YEAR
                                                  NORMAL
..................................................................
TEMPERATURE (F)
 YESTERDAY
  MAXIMUM         56    220 PM  83    2013  63     -7       45
  MINIMUM         38   1157 PM  22    1955  45     -7       31
  AVERAGE         47                        54     -7       38

PRECIPITATION (IN)
  YESTERDAY        0.00          1.78 1983   0.12  -0.12     0.00
  MONTH TO DATE    3.39                      1.53   1.86     0.98
  SINCE DEC 1      7.89                      7.39   0.50     5.33
  SINCE JAN 1      6.54                      4.75   1.79     4.01

SNOWFALL (IN)
  YESTERDAY        0.0           1.5  1958                   0.0
  MONTH TO DATE    0.0                                       0.0
  SINCE DEC 1      0.0                                       0.0
  SINCE JUL 1      0.0                                       0.0
  SNOW DEPTH       0

DEGREE DAYS
 HEATING
  YESTERDAY       18                        11      7       27
  MONTH TO DATE  165                       155     10      192
  SINCE DEC 1    697                       926   -229      849
  SINCE JUL 1    762                      1106   -344     1135

 COOLING
  YESTERDAY        0                         0      0        0
  MONTH TO DATE    0                         0      0        0
  SINCE DEC 1     90                        16     74       12
  SINCE JAN 1      0                         3     -3        6
..................................................................


WIND (MPH)
  HIGHEST WIND SPEED    16   HIGHEST WIND DIRECTION    NW (330)
  HIGHEST GUST SPEED    24   HIGHEST GUST DIRECTION     W (290)
  AVERAGE WIND SPEED     5.8


SKY COVER
  POSSIBLE SUNSHINE  MM
  AVERAGE SKY COVER 0.0


WEATHER CONDITIONS
 THE FOLLOWING WEATHER WAS RECORDED YESTERDAY.
  NO SIGNIFICANT WEATHER WAS OBSERVED.


RELATIVE HUMIDITY (PERCENT)
 HIGHEST    86          1200 AM
 LOWEST     28           100 PM
 AVERAGE    57

..........................................................


THE ST SIMONS ISLAND CLIMATE NORMALS FOR TODAY
                         NORMAL    RECORD    YEAR
 MAXIMUM TEMPERATURE (F)   63        84      1962
 MINIMUM TEMPERATURE (F)   46        25      1958


SUNRISE AND SUNSET
FEBRUARY 14 2016......SUNRISE   708 AM EST   SUNSET   612 PM EST
FEBRUARY 15 2016......SUNRISE   707 AM EST   SUNSET   613 PM EST


-  INDICATES NEGATIVE NUMBERS.
R  INDICATES RECORD WAS SET OR TIED.
MM INDICATES DATA IS MISSING.
T  INDICATES TRACE AMOUNT.




$$
