000
CDUS42 KJAX 282156
CLISSI


CLIMATE REPORT
NATIONAL WEATHER SERVICE JACKSONVILLE FL
556 PM EDT THU MAY 28 2015


...................................

...THE ST SIMONS ISLAND CLIMATE SUMMARY FOR MAY 28 2015...
VALID TODAY AS OF 0500 PM LOCAL TIME.

CLIMATE NORMAL PERIOD 1981 TO 2010
CLIMATE RECORD PERIOD 1948 TO 2015


WEATHER ITEM   OBSERVED TIME   RECORD YEAR NORMAL DEPARTURE LAST
                VALUE   (LST)  VALUE       VALUE  FROM      YEAR
                                                  NORMAL
..................................................................
TEMPERATURE (F)
 TODAY
  MAXIMUM         83    332 PM  97    1964  85     -2       85
  MINIMUM         74    559 AM  54    1961  70      4       73
  AVERAGE         79                        78      1       79

PRECIPITATION (IN)
  TODAY            0.00          1.33 1992   0.08  -0.08     0.00
  MONTH TO DATE    1.22                      1.57  -0.35     1.55
  SINCE MAR 1      7.02                      7.94  -0.92    12.01
  SINCE JAN 1     12.74                     14.63  -1.89    18.49

SNOWFALL (IN)
  TODAY           MM             0.0    MM                   0.0
  MONTH TO DATE    0.0                                       0.0
  SINCE MAR 1      0.0                                       0.0
  SINCE JUL 1      0.0                                        T

DEGREE DAYS
 HEATING
  TODAY            0                         0      0        0
  MONTH TO DATE    1                         2     -1        1
  SINCE MAR 1    115                       235   -120      266
  SINCE JUL 1   1495                      1486      9     1494

 COOLING
  TODAY           14                        12      2       14
  MONTH TO DATE  300                       259     41      263
  SINCE MAR 1    505                       393    112      393
  SINCE JAN 1    511                       402    109      401
..................................................................


WIND (MPH)
  HIGHEST WIND SPEED    15   HIGHEST WIND DIRECTION     E (80)
  HIGHEST GUST SPEED   110   HIGHEST GUST DIRECTION    NE (23)
  AVERAGE WIND SPEED    MM


SKY COVER
  POSSIBLE SUNSHINE  MM
  AVERAGE SKY COVER  MM


WEATHER CONDITIONS
 THE FOLLOWING WEATHER WAS RECORDED TODAY.
  NO SIGNIFICANT WEATHER WAS OBSERVED.


RELATIVE HUMIDITY (PERCENT)
 HIGHEST    MM
 LOWEST     MM
 AVERAGE    MM

..........................................................


THE ST SIMONS ISLAND CLIMATE NORMALS FOR TOMORROW
                         NORMAL    RECORD    YEAR
 MAXIMUM TEMPERATURE (F)   85        93      1986
 MINIMUM TEMPERATURE (F)   70        57      1968


SUNRISE AND SUNSET
MAY 28 2015...........SUNRISE   624 AM EDT   SUNSET   822 PM EDT
MAY 29 2015...........SUNRISE   623 AM EDT   SUNSET   823 PM EDT


-  INDICATES NEGATIVE NUMBERS.
R  INDICATES RECORD WAS SET OR TIED.
MM INDICATES DATA IS MISSING.
T  INDICATES TRACE AMOUNT.




$$
