000
CDUS42 KJAX 180532
CLISSI


CLIMATE REPORT
NATIONAL WEATHER SERVICE JACKSONVILLE FL
132 AM EDT THU SEP 18 2014


...................................

...THE ST SIMONS ISLAND CLIMATE SUMMARY FOR SEPTEMBER 17 2014...

CLIMATE NORMAL PERIOD 1981 TO 2010
CLIMATE RECORD PERIOD 1948 TO 2014


WEATHER ITEM   OBSERVED TIME   RECORD YEAR NORMAL DEPARTURE LAST
                VALUE   (LST)  VALUE       VALUE  FROM      YEAR
                                                  NORMAL
..................................................................
TEMPERATURE (F)
 YESTERDAY
  MAXIMUM         86    232 PM  93    1972  85      1       84
  MINIMUM         72    706 AM  61    2001  72      0       73
  AVERAGE         79                        78      1       79

PRECIPITATION (IN)
  YESTERDAY        0.01          3.63 1977   0.18  -0.17     1.76
  MONTH TO DATE    3.12                      3.43  -0.31     5.47
  SINCE SEP 1      3.12                      3.43  -0.31     5.47
  SINCE JAN 1     33.87                     33.54   0.33    40.41

SNOWFALL (IN)
  YESTERDAY        0.0           0.0    MM                   0.0
  MONTH TO DATE    0.0                                       0.0
  SINCE SEP 1      0.0                                       0.0
  SINCE JUL 1      0.0                                       0.0
  SNOW DEPTH       0

DEGREE DAYS
 HEATING
  YESTERDAY        0                         0      0        0
  MONTH TO DATE    0                         0      0        0
  SINCE SEP 1      0                         0      0        0
  SINCE JUL 1      0                         0      0        0

 COOLING
  YESTERDAY       14                        13      1       14
  MONTH TO DATE  261                       246     15      282
  SINCE SEP 1    261                       246     15      282
  SINCE JAN 1   2266                      2222     44     2227
..................................................................


WIND (MPH)
  HIGHEST WIND SPEED    15   HIGHEST WIND DIRECTION    NW (320)
  HIGHEST GUST SPEED    24   HIGHEST GUST DIRECTION    NW (310)
  AVERAGE WIND SPEED     5.5


SKY COVER
  POSSIBLE SUNSHINE  MM
  AVERAGE SKY COVER 0.1


WEATHER CONDITIONS
 THE FOLLOWING WEATHER WAS RECORDED YESTERDAY.
  THUNDERSTORM
  LIGHT RAIN


RELATIVE HUMIDITY (PERCENT)
 HIGHEST    94          1200 AM
 LOWEST     57           100 PM
 AVERAGE    76

..........................................................


THE ST SIMONS ISLAND CLIMATE NORMALS FOR TODAY
                         NORMAL    RECORD    YEAR
 MAXIMUM TEMPERATURE (F)   84        93      1972
 MINIMUM TEMPERATURE (F)   71        61      1981


SUNRISE AND SUNSET
SEPTEMBER 18 2014.....SUNRISE   711 AM EDT   SUNSET   727 PM EDT
SEPTEMBER 19 2014.....SUNRISE   712 AM EDT   SUNSET   726 PM EDT


-  INDICATES NEGATIVE NUMBERS.
R  INDICATES RECORD WAS SET OR TIED.
MM INDICATES DATA IS MISSING.
T  INDICATES TRACE AMOUNT.




$$
