000
CDUS43 KMPX 200644
CLISTC


CLIMATE REPORT
NATIONAL WEATHER SERVICE CHANHASSEN MN
142 AM CDT WED AUG 20 2014


...................................

...THE ST CLOUD MN CLIMATE SUMMARY FOR AUGUST 19 2014...

CLIMATE NORMAL PERIOD 1981 TO 2010
CLIMATE RECORD PERIOD 1893 TO 2014


WEATHER ITEM   OBSERVED TIME   RECORD YEAR NORMAL DEPARTURE LAST
                VALUE   (LST)  VALUE       VALUE  FROM      YEAR
                                                  NORMAL
..................................................................
TEMPERATURE (F)
 YESTERDAY
  MAXIMUM         83    455 PM 100    1900  79      4       88
  MINIMUM         61    421 AM  37    2004  56      5       65
  AVERAGE         72                        68      4       77

PRECIPITATION (IN)
  YESTERDAY        T             4.12 1935   0.12  -0.12      T
  MONTH TO DATE    1.26                      2.22  -0.96     0.58
  SINCE JUN 1      8.69                      9.70  -1.01     7.77
  SINCE JAN 1     25.04                     18.01   7.03    20.06

SNOWFALL (IN)
  YESTERDAY        0.0           0.0    MM   0.0    0.0      0.0
  MONTH TO DATE    0.0                       0.0    0.0      0.0
  SINCE JUN 1      0.0                       0.0    0.0      0.0
  SINCE JUL 1      0.0                       0.0    0.0      0.0
  SNOW DEPTH       0

DEGREE DAYS
 HEATING
  YESTERDAY        0                         1     -1        0
  MONTH TO DATE    0                        19    -19       23
  SINCE JUN 1     33                       114    -81      136
  SINCE JUL 1      7                        36    -29       49

 COOLING
  YESTERDAY        7                         4      3       12
  MONTH TO DATE  135                        89     46       27
  SINCE JUN 1    443                       366     77      343
  SINCE JAN 1    487                       391     96      354
..................................................................


WIND (MPH)
  HIGHEST WIND SPEED    16   HIGHEST WIND DIRECTION    NW (310)
  HIGHEST GUST SPEED    19   HIGHEST GUST DIRECTION    NW (310)
  AVERAGE WIND SPEED     4.8


SKY COVER
  POSSIBLE SUNSHINE  MM
  AVERAGE SKY COVER 0.4


WEATHER CONDITIONS
 THE FOLLOWING WEATHER WAS RECORDED YESTERDAY.
  FOG


RELATIVE HUMIDITY (PERCENT)
 HIGHEST    93           200 AM
 LOWEST     51           300 PM
 AVERAGE    72

..........................................................


THE ST CLOUD MN CLIMATE NORMALS FOR TODAY
                         NORMAL    RECORD    YEAR
 MAXIMUM TEMPERATURE (F)   79        97      1901
 MINIMUM TEMPERATURE (F)   56        34      1950


SUNRISE AND SUNSET
AUGUST 20 2014........SUNRISE   623 AM CDT   SUNSET   815 PM CDT
AUGUST 21 2014........SUNRISE   624 AM CDT   SUNSET   814 PM CDT


-  INDICATES NEGATIVE NUMBERS.
R  INDICATES RECORD WAS SET OR TIED.
MM INDICATES DATA IS MISSING.
T  INDICATES TRACE AMOUNT.




$$
