000
CDUS43 KMPX 010056
CLISTC


CLIMATE REPORT
NATIONAL WEATHER SERVICE CHANHASSEN MN
756 PM CDT FRI OCT 31 2014


...................................

...THE ST CLOUD MN CLIMATE SUMMARY FOR OCTOBER 31 2014...
VALID TODAY AS OF 0700 PM LOCAL TIME.

CLIMATE NORMAL PERIOD 1981 TO 2010
CLIMATE RECORD PERIOD 1893 TO 2014


WEATHER ITEM   OBSERVED TIME   RECORD YEAR NORMAL DEPARTURE LAST
                VALUE   (LST)  VALUE       VALUE  FROM      YEAR
                                                  NORMAL
..................................................................
TEMPERATURE (F)
 TODAY
  MAXIMUM         42    402 PM  77    1950  49     -7       43
  MINIMUM         24    718 AM  10    1951  30     -6       38
  AVERAGE         33                        39     -6       41

PRECIPITATION (IN)
  TODAY            0.00          1.42 1922   0.06  -0.06      T
  MONTH TO DATE    0.65                      2.49  -1.84     4.34
  SINCE SEP 1      4.71                      5.95  -1.24     6.21
  SINCE JAN 1     34.08                     25.53   8.55    26.54

SNOWFALL (IN)
  TODAY            0.0           3.1  1991   0.1   -0.1      0.0
  MONTH TO DATE    0.0                       0.8   -0.8      0.8
  SINCE SEP 1      0.0                       0.8   -0.8      0.8
  SINCE JUL 1      0.0                       0.8   -0.8      0.8
  SNOW DEPTH       0

DEGREE DAYS
 HEATING
  TODAY           32                        26      6       24
  MONTH TO DATE  514                       599    -85      614
  SINCE SEP 1    666                       827   -161      743
  SINCE JUL 1    675                       885   -210      792

 COOLING
  TODAY            0                         0      0        0
  MONTH TO DATE    0                         2     -2        0
  SINCE SEP 1     43                        36      7       74
  SINCE JAN 1    597                       465    132      578
..................................................................


WIND (MPH)
  HIGHEST WIND SPEED    15   HIGHEST WIND DIRECTION     N (350)
  HIGHEST GUST SPEED    20   HIGHEST GUST DIRECTION     N (340)
  AVERAGE WIND SPEED     6.2


SKY COVER
  POSSIBLE SUNSHINE  MM
  AVERAGE SKY COVER 0.0


WEATHER CONDITIONS
 THE FOLLOWING WEATHER WAS RECORDED TODAY.
  NO SIGNIFICANT WEATHER WAS OBSERVED.


RELATIVE HUMIDITY (PERCENT)
 HIGHEST    68           300 AM
 LOWEST     34           200 PM
 AVERAGE    51

..........................................................


THE ST CLOUD MN CLIMATE NORMALS FOR TOMORROW
                         NORMAL    RECORD    YEAR
 MAXIMUM TEMPERATURE (F)   48        73      1944
 MINIMUM TEMPERATURE (F)   29         2      1951


SUNRISE AND SUNSET
OCTOBER 31 2014.......SUNRISE   754 AM CDT   SUNSET   605 PM CDT
NOVEMBER  1 2014......SUNRISE   756 AM CDT   SUNSET   603 PM CDT


-  INDICATES NEGATIVE NUMBERS.
R  INDICATES RECORD WAS SET OR TIED.
MM INDICATES DATA IS MISSING.
T  INDICATES TRACE AMOUNT.




$$
