000
CDUS43 KMPX 250638
CLISTC


CLIMATE REPORT
NATIONAL WEATHER SERVICE CHANHASSEN MN
138 AM CDT THU MAY 25 2017


...................................

...THE ST CLOUD MN CLIMATE SUMMARY FOR MAY 24 2017...

CLIMATE NORMAL PERIOD 1981 TO 2010
CLIMATE RECORD PERIOD 1893 TO 2017


WEATHER ITEM   OBSERVED TIME   RECORD YEAR NORMAL DEPARTURE LAST
                VALUE   (LST)  VALUE       VALUE  FROM      YEAR
                                                  NORMAL
..................................................................
TEMPERATURE (F)
 YESTERDAY
  MAXIMUM         61    450 PM  94    2010  71    -10       80
  MINIMUM         46    304 AM  30    1949  47     -1       57
  AVERAGE         54                        59     -5       69

PRECIPITATION (IN)
  YESTERDAY        0.00          1.29 1973   0.10  -0.10     0.00
  MONTH TO DATE    4.32                      2.25   2.07     0.93
  SINCE MAR 1      8.26                      6.37   1.89     4.17
  SINCE JAN 1      9.58                      7.61   1.97     5.11

SNOWFALL (IN)
  YESTERDAY        0.0           0.0    MM   0.0    0.0      0.0
  MONTH TO DATE    1.0                       0.0    1.0      0.0
  SINCE MAR 1      3.0                      11.5   -8.5      4.6
  SINCE JUL 1     31.9                      45.7  -13.8     30.3
  SNOW DEPTH       0

DEGREE DAYS
 HEATING
  YESTERDAY       11                         7      4        0
  MONTH TO DATE  262                       244     18      256
  SINCE MAR 1   1885                      1965    -80     1678
  SINCE JUL 1   7241                      8411  -1170     7129

 COOLING
  YESTERDAY        0                         1     -1        4
  MONTH TO DATE    3                        16    -13       17
  SINCE MAR 1      3                        18    -15       22
  SINCE JAN 1      3                        18    -15       22
..................................................................


WIND (MPH)
  HIGHEST WIND SPEED    12   HIGHEST WIND DIRECTION     E (90)
  HIGHEST GUST SPEED    16   HIGHEST GUST DIRECTION    NE (60)
  AVERAGE WIND SPEED     5.7


SKY COVER
  POSSIBLE SUNSHINE  MM
  AVERAGE SKY COVER 1.0


WEATHER CONDITIONS
 THE FOLLOWING WEATHER WAS RECORDED YESTERDAY.
  NO SIGNIFICANT WEATHER WAS OBSERVED.


RELATIVE HUMIDITY (PERCENT)
 HIGHEST    93           300 AM
 LOWEST     51           500 PM
 AVERAGE    72

..........................................................


THE ST CLOUD MN CLIMATE NORMALS FOR TODAY
                         NORMAL    RECORD    YEAR
 MAXIMUM TEMPERATURE (F)   71        93      1978
 MINIMUM TEMPERATURE (F)   47        31      1913


SUNRISE AND SUNSET
MAY 25 2017...........SUNRISE   535 AM CDT   SUNSET   852 PM CDT
MAY 26 2017...........SUNRISE   535 AM CDT   SUNSET   853 PM CDT


-  INDICATES NEGATIVE NUMBERS.
R  INDICATES RECORD WAS SET OR TIED.
MM INDICATES DATA IS MISSING.
T  INDICATES TRACE AMOUNT.




$$
