000
CDUS43 KEAX 140056
CLISTJ


CLIMATE REPORT
NATIONAL WEATHER SERVICE KANSAS CITY/PLEASANT HILL MO
656 PM CST WED DEC 13 2017


...................................

...THE ST. JOSEPH MO CLIMATE SUMMARY FOR DECEMBER 13 2017...
VALID TODAY AS OF 0600 PM LOCAL TIME.

CLIMATE NORMAL PERIOD 1981 TO 2010
CLIMATE RECORD PERIOD 1892 TO 2017


WEATHER ITEM   OBSERVED TIME   RECORD YEAR NORMAL DEPARTURE LAST
                VALUE   (LST)  VALUE       VALUE  FROM      YEAR
                                                  NORMAL
..................................................................
TEMPERATURE (F)
 TODAY
  MAXIMUM         58    137 PM  68    1921  40     18       29
  MINIMUM         28    125 AM -12    1961  20      8        9
  AVERAGE         43                        30     13       19

PRECIPITATION (IN)
  TODAY            0.00          1.51 2015   0.05  -0.05     0.00
  MONTH TO DATE    T                         0.64  -0.64     0.59
  SINCE DEC 1      T                         0.64  -0.64     0.59
  SINCE JAN 1     25.86                     34.72  -8.86    41.57

DEGREE DAYS
 HEATING
  TODAY           22                        35    -13       46
  MONTH TO DATE  364                       430    -66      479
  SINCE DEC 1    364                       430    -66      479
  SINCE JUL 1   1339                      1541   -202     1154

 COOLING
  TODAY            0                         0      0        0
  MONTH TO DATE    0                         0      0        0
  SINCE DEC 1      0                         0      0        0
  SINCE JAN 1   1271                      1221     50     1547
..................................................................


WIND (MPH)
  HIGHEST WIND SPEED    40   HIGHEST WIND DIRECTION    NW (310)
  HIGHEST GUST SPEED    48   HIGHEST GUST DIRECTION    NW (320)
  AVERAGE WIND SPEED    15.2


SKY COVER
  AVERAGE SKY COVER 0.0


WEATHER CONDITIONS
 THE FOLLOWING WEATHER WAS RECORDED TODAY.
  NO SIGNIFICANT WEATHER WAS OBSERVED.


RELATIVE HUMIDITY (PERCENT)
 HIGHEST    85          1200 AM
 LOWEST     33           200 PM
 AVERAGE    59

..........................................................


THE ST. JOSEPH MO CLIMATE NORMALS FOR TOMORROW
                         NORMAL    RECORD    YEAR
 MAXIMUM TEMPERATURE (F)   39        64      1933
 MINIMUM TEMPERATURE (F)   20        -8      1914


SUNRISE AND SUNSET
DECEMBER 13 2017......SUNRISE   732 AM CST   SUNSET   456 PM CST
DECEMBER 14 2017......SUNRISE   733 AM CST   SUNSET   456 PM CST


-  INDICATES NEGATIVE NUMBERS.
R  INDICATES RECORD WAS SET OR TIED.
MM INDICATES DATA IS MISSING.
T  INDICATES TRACE AMOUNT.




$$
