000
CDUS43 KEAX 250633
CLISTJ


CLIMATE REPORT
NATIONAL WEATHER SERVICE KANSAS CITY/PLEASANT HILL MO
1232 AM CST SUN JAN 25 2015


...................................

...THE ST. JOSEPH MO CLIMATE SUMMARY FOR JANUARY 24 2015...

CLIMATE NORMAL PERIOD 1981 TO 2010
CLIMATE RECORD PERIOD 1892 TO 2015


WEATHER ITEM   OBSERVED TIME   RECORD YEAR NORMAL DEPARTURE LAST
                VALUE   (LST)  VALUE       VALUE  FROM      YEAR
                                                  NORMAL
..................................................................
TEMPERATURE (F)
 YESTERDAY
  MAXIMUM         59    235 PM  68    1981  38     21       45
  MINIMUM         22    524 AM  -9    1963  18      4        3
  AVERAGE         41                        28     13       24

PRECIPITATION (IN)
  YESTERDAY        0.03          0.53 1967   0.02   0.01      T
  MONTH TO DATE    0.03                      0.41  -0.38     0.01
  SINCE DEC 1      0.99                      1.93  -0.94     0.38
  SINCE JAN 1      0.03                      0.41  -0.38     0.01

DEGREE DAYS
 HEATING
  YESTERDAY       24                        37    -13       41
  MONTH TO DATE  930                       911     19     1026
  SINCE DEC 1   1896                      2013   -117     2285
  SINCE JUL 1   3142                      3124     18     3454

 COOLING
  YESTERDAY        0                         0      0        0
  MONTH TO DATE    0                         0      0        0
  SINCE DEC 1      0                         0      0        0
  SINCE JAN 1      0                         0      0        0
..................................................................


WIND (MPH)
  HIGHEST WIND SPEED    18   HIGHEST WIND DIRECTION    SW (240)
  HIGHEST GUST SPEED    26   HIGHEST GUST DIRECTION     W (250)
  AVERAGE WIND SPEED     8.0


SKY COVER
  POSSIBLE SUNSHINE  MM
  AVERAGE SKY COVER 0.2


WEATHER CONDITIONS
 THE FOLLOWING WEATHER WAS RECORDED YESTERDAY.
  LIGHT RAIN


RELATIVE HUMIDITY (PERCENT)
 HIGHEST   100           800 AM
 LOWEST     35           400 PM
 AVERAGE    68

..........................................................


THE ST. JOSEPH MO CLIMATE NORMALS FOR TODAY
                         NORMAL    RECORD    YEAR
 MAXIMUM TEMPERATURE (F)   38        60      1943
 MINIMUM TEMPERATURE (F)   18       -13      1940


SUNRISE AND SUNSET
JANUARY 25 2015.......SUNRISE   734 AM CST   SUNSET   531 PM CST
JANUARY 26 2015.......SUNRISE   733 AM CST   SUNSET   532 PM CST


-  INDICATES NEGATIVE NUMBERS.
R  INDICATES RECORD WAS SET OR TIED.
MM INDICATES DATA IS MISSING.
T  INDICATES TRACE AMOUNT.




$$
