000
CDUS43 KEAX 240032
CLISTJ


CLIMATE REPORT
NATIONAL WEATHER SERVICE KANSAS CITY/PLEASANT HILL MO
731 PM CDT SAT MAY 23 2015


...................................

...THE ST. JOSEPH MO CLIMATE SUMMARY FOR MAY 23 2015...
VALID TODAY AS OF 0700 PM LOCAL TIME.

CLIMATE NORMAL PERIOD 1981 TO 2010
CLIMATE RECORD PERIOD 1892 TO 2015


WEATHER ITEM   OBSERVED TIME   RECORD YEAR NORMAL DEPARTURE LAST
                VALUE   (LST)  VALUE       VALUE  FROM      YEAR
                                                  NORMAL
..................................................................
TEMPERATURE (F)
 TODAY
  MAXIMUM         68    428 PM  92    1967  78    -10       80
  MINIMUM         56    523 AM  37    1963  56      0       56
  AVERAGE         62                        67     -5       68

PRECIPITATION (IN)
  TODAY            0.14          2.07 1995   0.19  -0.05     0.00
  MONTH TO DATE    6.74                      4.09   2.65     2.20
  SINCE MAR 1     10.92                     10.13   0.79     6.59
  SINCE JAN 1     12.67                     11.62   1.05     7.41

DEGREE DAYS
 HEATING
  TODAY            3                         2      1        0
  MONTH TO DATE   91                       101    -10      122
  SINCE MAR 1    970                      1131   -161     1329
  SINCE JUL 1   5494                      5439     55     6269

 COOLING
  TODAY            0                         4     -4        3
  MONTH TO DATE   42                        52    -10       75
  SINCE MAR 1     47                        73    -26       83
  SINCE JAN 1     47                        73    -26       83
..................................................................


WIND (MPH)
  HIGHEST WIND SPEED    17   HIGHEST WIND DIRECTION    SE (140)
  HIGHEST GUST SPEED    20   HIGHEST GUST DIRECTION    SE (150)
  AVERAGE WIND SPEED     8.4


SKY COVER
  AVERAGE SKY COVER 1.0


WEATHER CONDITIONS
 THE FOLLOWING WEATHER WAS RECORDED TODAY.
  RAIN
  LIGHT RAIN
  FOG


RELATIVE HUMIDITY (PERCENT)
 HIGHEST    87           900 AM
 LOWEST     72           100 AM
 AVERAGE    80

..........................................................


THE ST. JOSEPH MO CLIMATE NORMALS FOR TOMORROW
                         NORMAL    RECORD    YEAR
 MAXIMUM TEMPERATURE (F)   78        97      1967
 MINIMUM TEMPERATURE (F)   56        38      1924


SUNRISE AND SUNSET
MAY 23 2015...........SUNRISE   559 AM CDT   SUNSET   835 PM CDT
MAY 24 2015...........SUNRISE   558 AM CDT   SUNSET   835 PM CDT


-  INDICATES NEGATIVE NUMBERS.
R  INDICATES RECORD WAS SET OR TIED.
MM INDICATES DATA IS MISSING.
T  INDICATES TRACE AMOUNT.




$$
