000
CDUS43 KEAX 240633
CLISTJ


CLIMATE REPORT
NATIONAL WEATHER SERVICE KANSAS CITY/PLEASANT HILL MO
132 AM CDT WED MAY 24 2017


...................................

...THE ST. JOSEPH MO CLIMATE SUMMARY FOR MAY 23 2017...

CLIMATE NORMAL PERIOD 1981 TO 2010
CLIMATE RECORD PERIOD 1892 TO 2017


WEATHER ITEM   OBSERVED TIME   RECORD YEAR NORMAL DEPARTURE LAST
                VALUE   (LST)  VALUE       VALUE  FROM      YEAR
                                                  NORMAL
..................................................................
TEMPERATURE (F)
 YESTERDAY
  MAXIMUM         66    313 PM  92    1967  78    -12       71
  MINIMUM         49   1159 PM  37    1963  56     -7       62
  AVERAGE         58                        67     -9       67

PRECIPITATION (IN)
  YESTERDAY        T             2.07 1995   0.19  -0.19     0.39
  MONTH TO DATE    3.45                      4.09  -0.64     2.28
  SINCE MAR 1     10.66                     10.13   0.53     9.58
  SINCE JAN 1     11.68                     11.62   0.06    10.49

DEGREE DAYS
 HEATING
  YESTERDAY        7                         2      5        0
  MONTH TO DATE  105                       101      4      126
  SINCE MAR 1    952                      1131   -179      901
  SINCE JUL 1   4249                      5439  -1190     4519

 COOLING
  YESTERDAY        0                         4     -4        2
  MONTH TO DATE   76                        52     24       16
  SINCE MAR 1     94                        73     21       35
  SINCE JAN 1     94                        73     21       35
..................................................................


WIND (MPH)
  HIGHEST WIND SPEED    23   HIGHEST WIND DIRECTION    NW (320)
  HIGHEST GUST SPEED    26   HIGHEST GUST DIRECTION    NW (330)
  AVERAGE WIND SPEED    11.1


SKY COVER
  POSSIBLE SUNSHINE  MM
  AVERAGE SKY COVER 0.7


WEATHER CONDITIONS
 THE FOLLOWING WEATHER WAS RECORDED YESTERDAY.
  FOG


RELATIVE HUMIDITY (PERCENT)
 HIGHEST   100          1200 AM
 LOWEST     56           100 PM
 AVERAGE    78

..........................................................


THE ST. JOSEPH MO CLIMATE NORMALS FOR TODAY
                         NORMAL    RECORD    YEAR
 MAXIMUM TEMPERATURE (F)   78        97      1967
 MINIMUM TEMPERATURE (F)   56        38      1924


SUNRISE AND SUNSET
MAY 24 2017...........SUNRISE   558 AM CDT   SUNSET   836 PM CDT
MAY 25 2017...........SUNRISE   557 AM CDT   SUNSET   837 PM CDT


-  INDICATES NEGATIVE NUMBERS.
R  INDICATES RECORD WAS SET OR TIED.
MM INDICATES DATA IS MISSING.
T  INDICATES TRACE AMOUNT.




$$
