000
CDUS43 KEAX 290640
CLISTJ


CLIMATE REPORT
NATIONAL WEATHER SERVICE KANSAS CITY/PLEASANT HILL MO
139 AM CDT SUN MAR 29 2015


...................................

...THE ST. JOSEPH MO CLIMATE SUMMARY FOR MARCH 28 2015...

CLIMATE NORMAL PERIOD 1981 TO 2010
CLIMATE RECORD PERIOD 1892 TO 2015


WEATHER ITEM   OBSERVED TIME   RECORD YEAR NORMAL DEPARTURE LAST
                VALUE   (LST)  VALUE       VALUE  FROM      YEAR
                                                  NORMAL
..................................................................
TEMPERATURE (F)
 YESTERDAY
  MAXIMUM         54    354 PM  84    1968  60     -6       53
  MINIMUM         35    706 AM  16    1921  36     -1       35
  AVERAGE         45                        48     -3       44

PRECIPITATION (IN)
  YESTERDAY        0.00          3.01 1914   0.10  -0.10     0.00
  MONTH TO DATE    1.33                      1.96  -0.63     0.41
  SINCE MAR 1      1.33                      1.96  -0.63     0.41
  SINCE JAN 1      3.08                      3.45  -0.37     1.23

DEGREE DAYS
 HEATING
  YESTERDAY       20                        17      3       21
  MONTH TO DATE  589                       635    -46      787
  SINCE MAR 1    589                       635    -46      787
  SINCE JUL 1   5113                      4943    170     5727

 COOLING
  YESTERDAY        0                         0      0        0
  MONTH TO DATE    1                         0      1        0
  SINCE MAR 1      1                         0      1        0
  SINCE JAN 1      1                         0      1        0
..................................................................


WIND (MPH)
  HIGHEST WIND SPEED    20   HIGHEST WIND DIRECTION    SE (130)
  HIGHEST GUST SPEED    25   HIGHEST GUST DIRECTION    SE (130)
  AVERAGE WIND SPEED    11.6


SKY COVER
  POSSIBLE SUNSHINE  MM
  AVERAGE SKY COVER 0.5


WEATHER CONDITIONS
 THE FOLLOWING WEATHER WAS RECORDED YESTERDAY.
  NO SIGNIFICANT WEATHER WAS OBSERVED.


RELATIVE HUMIDITY (PERCENT)
 HIGHEST    75           600 AM
 LOWEST     44           200 PM
 AVERAGE    60

..........................................................


THE ST. JOSEPH MO CLIMATE NORMALS FOR TODAY
                         NORMAL    RECORD    YEAR
 MAXIMUM TEMPERATURE (F)   60        88      1986
 MINIMUM TEMPERATURE (F)   37        18      1969


SUNRISE AND SUNSET
MARCH 29 2015.........SUNRISE   709 AM CDT   SUNSET   741 PM CDT
MARCH 30 2015.........SUNRISE   707 AM CDT   SUNSET   742 PM CDT


-  INDICATES NEGATIVE NUMBERS.
R  INDICATES RECORD WAS SET OR TIED.
MM INDICATES DATA IS MISSING.
T  INDICATES TRACE AMOUNT.




$$
