000
CDUS43 KEAX 280633
CLISTJ


CLIMATE REPORT
NATIONAL WEATHER SERVICE KANSAS CITY/PLEASANT HILL MO
133 AM CDT MON JUL 28 2014


...................................

...THE ST. JOSEPH MO CLIMATE SUMMARY FOR JULY 27 2014...

CLIMATE NORMAL PERIOD 1981 TO 2010
CLIMATE RECORD PERIOD 1892 TO 2014


WEATHER ITEM   OBSERVED TIME   RECORD YEAR NORMAL DEPARTURE LAST
                VALUE   (LST)  VALUE       VALUE  FROM      YEAR
                                                  NORMAL
..................................................................
TEMPERATURE (F)
 YESTERDAY
  MAXIMUM         86    223 PM 106    1930  87     -1       77
  MINIMUM         60   1159 PM  47    1971  67     -7       51
  AVERAGE         73                        77     -4       64

PRECIPITATION (IN)
  YESTERDAY        0.00          1.83 1967   0.18  -0.18     0.00
  MONTH TO DATE    4.41                      4.51  -0.10     0.25
  SINCE JUN 1     12.32                      8.69   3.63     2.34
  SINCE JAN 1     20.09                     21.64  -1.55    16.39

DEGREE DAYS
 HEATING
  YESTERDAY        0                         0      0        1
  MONTH TO DATE    6                         0      6        1
  SINCE JUN 1      7                         8     -1       16
  SINCE JUL 1      6                         0      6        1

 COOLING
  YESTERDAY        8                        12     -4        0
  MONTH TO DATE  245                       322    -77      327
  SINCE JUN 1    524                       589    -65      602
  SINCE JAN 1    685                       702    -17      728
..................................................................


WIND (MPH)
  HIGHEST WIND SPEED    22   HIGHEST WIND DIRECTION    NW (330)
  HIGHEST GUST SPEED    30   HIGHEST GUST DIRECTION    NW (310)
  AVERAGE WIND SPEED     9.9


SKY COVER
  POSSIBLE SUNSHINE  MM
  AVERAGE SKY COVER 0.2


WEATHER CONDITIONS
 THE FOLLOWING WEATHER WAS RECORDED YESTERDAY.
  FOG
  FOG W/VISIBILITY <= 1/4 MILE
  HAZE


RELATIVE HUMIDITY (PERCENT)
 HIGHEST   100           400 AM
 LOWEST     40           100 PM
 AVERAGE    70

..........................................................


THE ST. JOSEPH MO CLIMATE NORMALS FOR TODAY
                         NORMAL    RECORD    YEAR
 MAXIMUM TEMPERATURE (F)   87       103      1931
 MINIMUM TEMPERATURE (F)   67        48      2013


SUNRISE AND SUNSET
JULY 28 2014..........SUNRISE   615 AM CDT   SUNSET   837 PM CDT
JULY 29 2014..........SUNRISE   616 AM CDT   SUNSET   836 PM CDT


-  INDICATES NEGATIVE NUMBERS.
R  INDICATES RECORD WAS SET OR TIED.
MM INDICATES DATA IS MISSING.
T  INDICATES TRACE AMOUNT.




$$
