000
CDUS43 KEAX 221231
CLISTJ


CLIMATE REPORT
NATIONAL WEATHER SERVICE KANSAS CITY/PLEASANT HILL MO
731 AM CDT MON SEP 22 2014


...................................

...THE ST. JOSEPH MO CLIMATE SUMMARY FOR SEPTEMBER 22 2014...
VALID AS OF 0700 AM LOCAL TIME.

CLIMATE NORMAL PERIOD 1981 TO 2010
CLIMATE RECORD PERIOD 1892 TO 2014


WEATHER ITEM   OBSERVED TIME   RECORD YEAR NORMAL DEPARTURE LAST
                VALUE   (LST)  VALUE       VALUE  FROM      YEAR
                                                  NORMAL
..................................................................
TEMPERATURE (F)
 TODAY
  MAXIMUM         51   1213 AM  99    1937  77    -26       78
  MINIMUM         41    509 AM  31    1974  51    -10       49
  AVERAGE         46                        64    -18       64

PRECIPITATION (IN)
  TODAY            0.00          2.57 1970   0.09  -0.09     0.00
  MONTH TO DATE    1.67                      2.70  -1.03     3.48
  SINCE SEP 1      1.67                      2.70  -1.03     3.48
  SINCE JAN 1     24.22                     29.00  -4.78    23.15

DEGREE DAYS
 HEATING
  TODAY           19                         4     15        1
  MONTH TO DATE   88                        36     52       19
  SINCE SEP 1     88                        36     52       19
  SINCE JUL 1     94                        41     53       21

 COOLING
  TODAY            0                         3     -3        0
  MONTH TO DATE   89                       103    -14      169
  SINCE SEP 1     89                       103    -14      169
  SINCE JAN 1   1138                      1180    -42     1239
..................................................................


WIND (MPH)
  HIGHEST WIND SPEED     6   HIGHEST WIND DIRECTION     N (10)
  HIGHEST GUST SPEED     6   HIGHEST GUST DIRECTION     N (20)
  AVERAGE WIND SPEED     0.5


SKY COVER
  AVERAGE SKY COVER 0.1


WEATHER CONDITIONS
 THE FOLLOWING WEATHER WAS RECORDED TODAY.
  FOG


RELATIVE HUMIDITY (PERCENT)
 HIGHEST   100           200 AM
 LOWEST     86          1200 AM
 AVERAGE    93

..........................................................


THE ST. JOSEPH MO CLIMATE NORMALS FOR TOMORROW
                         NORMAL    RECORD    YEAR
 MAXIMUM TEMPERATURE (F)   76        91      1938
 MINIMUM TEMPERATURE (F)   51        31      2012


SUNRISE AND SUNSET
SEPTEMBER 22 2014.....SUNRISE   707 AM CDT   SUNSET   717 PM CDT
SEPTEMBER 23 2014.....SUNRISE   708 AM CDT   SUNSET   715 PM CDT


-  INDICATES NEGATIVE NUMBERS.
R  INDICATES RECORD WAS SET OR TIED.
MM INDICATES DATA IS MISSING.
T  INDICATES TRACE AMOUNT.




$$
