000
CDUS43 KLSX 310739
CLISTL


CLIMATE REPORT
NATIONAL WEATHER SERVICE ST LOUIS MO
237 AM CDT WED AUG 31 2016


...................................

...THE ST. LOUIS CLIMATE SUMMARY FOR AUGUST 30 2016...

CLIMATE NORMAL PERIOD 1981 TO 2010
CLIMATE RECORD PERIOD 1874 TO 2016


WEATHER ITEM   OBSERVED TIME   RECORD YEAR NORMAL DEPARTURE LAST
                VALUE   (LST)  VALUE       VALUE  FROM      YEAR
                                                  NORMAL
..................................................................
TEMPERATURE (F)
 YESTERDAY
  MAXIMUM         93   1210 PM 102    2013  86      7       89
  MINIMUM         73   1159 PM  50    1934  67      6       73
  AVERAGE         83                        77      6       81

PRECIPITATION (IN)
  YESTERDAY        0.18          1.04 1994   0.09   0.09     0.00
  MONTH TO DATE    5.77                      2.89   2.88     6.67
  SINCE JUN 1     15.43                     11.28   4.15    23.94
  SINCE JAN 1     28.48                     27.65   0.83    38.93

SNOWFALL (IN)
  YESTERDAY        0.0           0.0  2015   0.0    0.0      0.0
  MONTH TO DATE    0.0                       0.0    0.0      0.0
  SINCE JUN 1      0.0                       0.0    0.0      0.0
  SINCE JUL 1      0.0                       0.0    0.0      0.0
  SNOW DEPTH       0

DEGREE DAYS
 HEATING
  YESTERDAY        0                         0      0        0
  MONTH TO DATE    0                         0      0        0
  SINCE JUN 1      0                         5     -5        3
  SINCE JUL 1      0                         0      0        0

 COOLING
  YESTERDAY       18                        12      6       16
  MONTH TO DATE  480                       414     66      385
  SINCE JUN 1   1497                      1215    282     1265
  SINCE JAN 1   1691                      1389    302     1489
..................................................................


WIND (MPH)
  HIGHEST WIND SPEED    30   HIGHEST WIND DIRECTION     N (360)
  HIGHEST GUST SPEED    36   HIGHEST GUST DIRECTION     N (10)
  AVERAGE WIND SPEED     4.0


SKY COVER
  AVERAGE SKY COVER 0.5


WEATHER CONDITIONS
 THE FOLLOWING WEATHER WAS RECORDED YESTERDAY.
  THUNDERSTORM
  LIGHT RAIN
  FOG
  HAZE


RELATIVE HUMIDITY (PERCENT)
 HIGHEST    93           800 PM
 LOWEST     49          1100 AM
 AVERAGE    71

..........................................................


THE ST. LOUIS CLIMATE NORMALS FOR TODAY
                         NORMAL    RECORD    YEAR
 MAXIMUM TEMPERATURE (F)   86       103      2013
                                             2011
 MINIMUM TEMPERATURE (F)   67        49      1967


SUNRISE AND SUNSET
AUGUST 31 2016........SUNRISE   630 AM CDT   SUNSET   732 PM CDT
SEPTEMBER  1 2016.....SUNRISE   631 AM CDT   SUNSET   731 PM CDT


-  INDICATES NEGATIVE NUMBERS.
R  INDICATES RECORD WAS SET OR TIED.
MM INDICATES DATA IS MISSING.
T  INDICATES TRACE AMOUNT.




$$
