000
CDUS43 KLSX 220744
CLISTL


CLIMATE REPORT
NATIONAL WEATHER SERVICE ST LOUIS MO
143 AM CST SAT NOV 22 2014


...................................

...THE ST. LOUIS CLIMATE SUMMARY FOR NOVEMBER 21 2014...

CLIMATE NORMAL PERIOD 1981 TO 2010
CLIMATE RECORD PERIOD 1874 TO 2014


WEATHER ITEM   OBSERVED TIME   RECORD YEAR NORMAL DEPARTURE LAST
                VALUE   (LST)  VALUE       VALUE  FROM      YEAR
                                                  NORMAL
..................................................................
TEMPERATURE (F)
 YESTERDAY
  MAXIMUM         43   1159 PM  75    1990  53    -10       52
                                      1913
  MINIMUM         22    305 AM   9    1880  36    -14       50
  AVERAGE         33                        44    -11       51

PRECIPITATION (IN)
  YESTERDAY        0.04          2.41 1883   0.13  -0.09     0.37
  MONTH TO DATE    0.79                      2.72  -1.93     1.02
  SINCE SEP 1     10.07                      9.18   0.89     6.11
  SINCE JAN 1     39.04                     36.93   2.11    40.72

SNOWFALL (IN)
  YESTERDAY        0.0           0.8  1926   0.0    0.0      0.0
  MONTH TO DATE    2.4                       0.3    2.1       T
  SINCE SEP 1      2.4                       0.3    2.1       T
  SINCE JUL 1      2.4                       0.3    2.1       T
  SNOW DEPTH       0

DEGREE DAYS
 HEATING
  YESTERDAY       32                        21     11       14
  MONTH TO DATE  531                       340    191      337
  SINCE SEP 1    767                       615    152      580
  SINCE JUL 1    767                       616    151      580

 COOLING
  YESTERDAY        0                         0      0        0
  MONTH TO DATE    0                         0      0        0
  SINCE SEP 1    227                       243    -16      342
  SINCE JAN 1   1732                      1642     90     1728
..................................................................


WIND (MPH)
  HIGHEST WIND SPEED    18   HIGHEST WIND DIRECTION     S (160)
  HIGHEST GUST SPEED    23   HIGHEST GUST DIRECTION    SE (130)
  AVERAGE WIND SPEED    11.4


SKY COVER
  AVERAGE SKY COVER 0.5


WEATHER CONDITIONS
 THE FOLLOWING WEATHER WAS RECORDED YESTERDAY.
  LIGHT RAIN


RELATIVE HUMIDITY (PERCENT)
 HIGHEST    76          1100 PM
 LOWEST     39           200 PM
 AVERAGE    58

..........................................................


THE ST. LOUIS CLIMATE NORMALS FOR TODAY
                         NORMAL    RECORD    YEAR
 MAXIMUM TEMPERATURE (F)   52        77      1900
 MINIMUM TEMPERATURE (F)   35        10      1880


SUNRISE AND SUNSET
NOVEMBER 22 2014......SUNRISE   651 AM CST   SUNSET   444 PM CST
NOVEMBER 23 2014......SUNRISE   653 AM CST   SUNSET   443 PM CST


-  INDICATES NEGATIVE NUMBERS.
R  INDICATES RECORD WAS SET OR TIED.
MM INDICATES DATA IS MISSING.
T  INDICATES TRACE AMOUNT.




$$
