000
CDUS46 KMTR 280825
CLISTS


CLIMATE REPORT
NATIONAL WEATHER SERVICE SAN FRANCISCO BAY AREA
1225 AM PST TUE FEB 28 2017


...................................

...THE SANTA ROSA AIRPORT CLIMATE SUMMARY FOR FEBRUARY 27 2017...

CLIMATE NORMAL PERIOD 1981 TO 2010
CLIMATE RECORD PERIOD 1998 TO 2017


WEATHER ITEM   OBSERVED TIME   RECORD YEAR NORMAL DEPARTURE LAST
                VALUE   (LST)  VALUE       VALUE  FROM      YEAR
                                                  NORMAL
..................................................................
TEMPERATURE (F)
 YESTERDAY
  MAXIMUM         57    343 PM  78    2002  62     -5       68
  MINIMUM         31    634 AM  27    2012  41    -10       46
  AVERAGE         44                        52     -8       57

PRECIPITATION (IN)
  YESTERDAY        0.00          1.89 2006   0.22  -0.22     0.00
  MONTH TO DATE   14.69                      6.17   8.52     0.74
  SINCE OCT 1     52.07                     26.97  25.10    20.19
  SINCE JAN 1     33.65                     13.22  20.43    11.61

DEGREE DAYS
 HEATING
  YESTERDAY       21                                         8
  MONTH TO DATE  361                                       270
  SINCE DEC 1   1514                                      1266
  SINCE JUL 1   2007                                      1711

 COOLING
  YESTERDAY        0                                         0
  MONTH TO DATE    0                                         3
  SINCE DEC 1      0                                         3
  SINCE JAN 1      0                                         3
..................................................................


WIND (MPH)
  RESULTANT WIND SPEED   2   RESULTANT WIND DIRECTION   W (290)
  HIGHEST WIND SPEED    14   HIGHEST WIND DIRECTION    SW (240)
  HIGHEST GUST SPEED    17   HIGHEST GUST DIRECTION     W (250)
  AVERAGE WIND SPEED     3.7


SKY COVER
  POSSIBLE SUNSHINE  MM
  AVERAGE SKY COVER 0.3


WEATHER CONDITIONS
 THE FOLLOWING WEATHER WAS RECORDED YESTERDAY.
  LIGHT RAIN
  FOG
  FOG W/VISIBILITY <= 1/4 MILE


RELATIVE HUMIDITY (PERCENT)
 HIGHEST   100           200 AM
 LOWEST     36           200 PM
 AVERAGE    68

..........................................................


THE SANTA ROSA AIRPORT CLIMATE NORMALS FOR TODAY
                         NORMAL    RECORD    YEAR
 MAXIMUM TEMPERATURE (F)   62        74      2008
 MINIMUM TEMPERATURE (F)   41        31      2012


SUNRISE AND SUNSET
FEBRUARY 28 2017......SUNRISE   644 AM PST   SUNSET   604 PM PST
MARCH  1 2017.........SUNRISE   643 AM PST   SUNSET   605 PM PST


-  INDICATES NEGATIVE NUMBERS.
R  INDICATES RECORD WAS SET OR TIED.
MM INDICATES DATA IS MISSING.
T  INDICATES TRACE AMOUNT.




$$
