000
CDUS46 KMTR 040845
CLISTS


CLIMATE REPORT
NATIONAL WEATHER SERVICE SAN FRANCISCO BAY AREA
1245 AM PST WED MAR 4 2015


...................................

...THE SANTA ROSA AIRPORT CLIMATE SUMMARY FOR MARCH 3 2015...

CLIMATE NORMAL PERIOD 1981 TO 2010
CLIMATE RECORD PERIOD 1998 TO 2015


WEATHER ITEM   OBSERVED TIME   RECORD YEAR NORMAL DEPARTURE LAST
                VALUE   (LST)  VALUE       VALUE  FROM      YEAR
                                                  NORMAL
..................................................................
TEMPERATURE (F)
 YESTERDAY
  MAXIMUM         66    311 PM  71    2012  63      3       58
  MINIMUM         37    704 AM  33    2002  41     -4       52
  AVERAGE         52                        52      0       55

PRECIPITATION (IN)
  YESTERDAY        0.00          0.52 2009   0.23  -0.23     0.38
  MONTH TO DATE    T                         0.74  -0.74     0.40
  SINCE OCT 1     22.87                     27.94  -5.07    11.34
  SINCE JAN 1      4.32                     14.19  -9.87     9.84

DEGREE DAYS
 HEATING
  YESTERDAY       13                                        10
  MONTH TO DATE   41                                        25
  SINCE MAR 1     41                                        25
  SINCE JUL 1   1497                                      1962

 COOLING
  YESTERDAY        0                                         0
  MONTH TO DATE    0                                         0
  SINCE MAR 1      0                                         0
  SINCE JAN 1      0                                         0
..................................................................


WIND (MPH)
  RESULTANT WIND SPEED   1   RESULTANT WIND DIRECTION  NW (300)
  HIGHEST WIND SPEED    12   HIGHEST WIND DIRECTION     W (260)
  HIGHEST GUST SPEED    16   HIGHEST GUST DIRECTION    SW (210)
  AVERAGE WIND SPEED     4.2


SKY COVER
  POSSIBLE SUNSHINE  MM
  AVERAGE SKY COVER 0.1


WEATHER CONDITIONS
 THE FOLLOWING WEATHER WAS RECORDED YESTERDAY.
  FOG


RELATIVE HUMIDITY (PERCENT)
 HIGHEST   100           100 AM
 LOWEST     40           100 PM
 AVERAGE    70

..........................................................


THE SANTA ROSA AIRPORT CLIMATE NORMALS FOR TODAY
                         NORMAL    RECORD    YEAR
 MAXIMUM TEMPERATURE (F)   63        76      2012
 MINIMUM TEMPERATURE (F)   41        34      2008


SUNRISE AND SUNSET
MARCH  4 2015.........SUNRISE   639 AM PST   SUNSET   607 PM PST
MARCH  5 2015.........SUNRISE   638 AM PST   SUNSET   608 PM PST


-  INDICATES NEGATIVE NUMBERS.
R  INDICATES RECORD WAS SET OR TIED.
MM INDICATES DATA IS MISSING.
T  INDICATES TRACE AMOUNT.




$$
