000
CDUS46 KMTR 100838
CLISTS


CLIMATE REPORT
NATIONAL WEATHER SERVICE SAN FRANCISCO BAY AREA
1235 AM PST WED FEB 10 2016


...................................

...THE SANTA ROSA AIRPORT CLIMATE SUMMARY FOR FEBRUARY 9 2016...

CLIMATE NORMAL PERIOD 1981 TO 2010
CLIMATE RECORD PERIOD 1998 TO 2016


WEATHER ITEM   OBSERVED TIME   RECORD YEAR NORMAL DEPARTURE LAST
                VALUE   (LST)  VALUE       VALUE  FROM      YEAR
                                                  NORMAL
..................................................................
TEMPERATURE (F)
 YESTERDAY
  MAXIMUM         73R   302 PM  72    2006  60     13       64
  MINIMUM         41    718 AM  28    2003  38      3       46
  AVERAGE         57                        49      8       55

PRECIPITATION (IN)
  YESTERDAY        0.00          1.49 2007   0.20  -0.20     0.23
  MONTH TO DATE    0.03                      1.87  -1.84     4.20
  SINCE OCT 1     19.48                     22.67  -3.19    22.87
  SINCE JAN 1     10.90                      8.92   1.98     4.32

DEGREE DAYS
 HEATING
  YESTERDAY        8                                        10
  MONTH TO DATE  117                                        77
  SINCE DEC 1   1113                                       897
  SINCE JUL 1   1558                                      1255

 COOLING
  YESTERDAY        0                                         0
  MONTH TO DATE    0                                         0
  SINCE DEC 1      0                                         0
  SINCE JAN 1      0                                         0
..................................................................


WIND (MPH)
  RESULTANT WIND SPEED   0   RESULTANT WIND DIRECTION   S (160)
  HIGHEST WIND SPEED     8   HIGHEST WIND DIRECTION     W (280)
  HIGHEST GUST SPEED    11   HIGHEST GUST DIRECTION     W (260)
  AVERAGE WIND SPEED     1.9


SKY COVER
  POSSIBLE SUNSHINE  MM
  AVERAGE SKY COVER 0.4


WEATHER CONDITIONS
 THE FOLLOWING WEATHER WAS RECORDED YESTERDAY.
  FOG
  FOG W/VISIBILITY <= 1/4 MILE


RELATIVE HUMIDITY (PERCENT)
 HIGHEST   100           200 AM
 LOWEST     49           300 PM
 AVERAGE    75

..........................................................


THE SANTA ROSA AIRPORT CLIMATE NORMALS FOR TODAY
                         NORMAL    RECORD    YEAR
 MAXIMUM TEMPERATURE (F)   60        71      2006
 MINIMUM TEMPERATURE (F)   39        27      2009


SUNRISE AND SUNSET
FEBRUARY 10 2016......SUNRISE   708 AM PST   SUNSET   543 PM PST
FEBRUARY 11 2016......SUNRISE   707 AM PST   SUNSET   544 PM PST


-  INDICATES NEGATIVE NUMBERS.
R  INDICATES RECORD WAS SET OR TIED.
MM INDICATES DATA IS MISSING.
T  INDICATES TRACE AMOUNT.




$$
