000
CDUS41 KBGM 210608
CLISYR


CLIMATE REPORT
NATIONAL WEATHER SERVICE BINGHAMTON NY
207 AM EDT MON AUG 21 2017


...................................

...THE SYRACUSE NY CLIMATE SUMMARY FOR AUGUST 20 2017...

CLIMATE NORMAL PERIOD 1981 TO 2010
CLIMATE RECORD PERIOD 1902 TO 2017


WEATHER ITEM   OBSERVED TIME   RECORD YEAR NORMAL DEPARTURE LAST
                VALUE   (LST)  VALUE       VALUE  FROM      YEAR
                                                  NORMAL
..................................................................
TEMPERATURE (F)
 YESTERDAY
  MAXIMUM         81    402 PM  93    1955  80      1       88
  MINIMUM         62    601 AM  44    1984  59      3       62
  AVERAGE         72                        70      2       75

PRECIPITATION (IN)
  YESTERDAY        0.03          1.17 1904   0.12  -0.09     0.00
  MONTH TO DATE    1.01                      2.32  -1.31     3.39
  SINCE JUN 1      9.89                      9.41   0.48     7.99
  SINCE JAN 1     31.73                     23.34   8.39    22.55

SNOWFALL (IN)
  YESTERDAY        0.0           0.0  2002   0.0    0.0      0.0
                                      2000
                                      2001
  MONTH TO DATE    0.0                       0.0    0.0      0.0
  SINCE JUN 1      0.0                       0.0    0.0       T
  SINCE JUL 1      0.0                       0.0    0.0      0.0
  SNOW DEPTH       0

DEGREE DAYS
 HEATING
  YESTERDAY        0                         1     -1        0
  MONTH TO DATE    0                         7     -7        0
  SINCE JUN 1     73                        76     -3       53
  SINCE JUL 1      2                        15    -13        0

 COOLING
  YESTERDAY        7                         5      2       10
  MONTH TO DATE  116                       116      0      217
  SINCE JUN 1    394                       432    -38      583
  SINCE JAN 1    426                       462    -36      639
..................................................................


WIND (MPH)
  HIGHEST WIND SPEED    16   HIGHEST WIND DIRECTION     W (260)
  HIGHEST GUST SPEED    23   HIGHEST GUST DIRECTION    NW (310)
  AVERAGE WIND SPEED     7.1


SKY COVER
  POSSIBLE SUNSHINE  MM
  AVERAGE SKY COVER 0.4


WEATHER CONDITIONS
 THE FOLLOWING WEATHER WAS RECORDED YESTERDAY.
  LIGHT RAIN
  FOG


RELATIVE HUMIDITY (PERCENT)
 HIGHEST   100           400 AM
 LOWEST     51           200 PM
 AVERAGE    76

..........................................................


THE SYRACUSE NY CLIMATE NORMALS FOR TODAY
                         NORMAL    RECORD    YEAR
 MAXIMUM TEMPERATURE (F)   80        92      1955
 MINIMUM TEMPERATURE (F)   59        42      1977


SUNRISE AND SUNSET
AUGUST 21 2017........SUNRISE   617 AM EDT   SUNSET   757 PM EDT
AUGUST 22 2017........SUNRISE   618 AM EDT   SUNSET   756 PM EDT


-  INDICATES NEGATIVE NUMBERS.
R  INDICATES RECORD WAS SET OR TIED.
MM INDICATES DATA IS MISSING.
T  INDICATES TRACE AMOUNT.




$$
