000
CDUS41 KBGM 280539
CLISYR


CLIMATE REPORT
NATIONAL WEATHER SERVICE BINGHAMTON NY
1238 AM EST WED JAN 28 2015


...................................

...THE SYRACUSE NY CLIMATE SUMMARY FOR JANUARY 27 2015...

CLIMATE NORMAL PERIOD 1981 TO 2010
CLIMATE RECORD PERIOD 1902 TO 2015


WEATHER ITEM   OBSERVED TIME   RECORD YEAR NORMAL DEPARTURE LAST
                VALUE   (LST)  VALUE       VALUE  FROM      YEAR
                                                  NORMAL
..................................................................
TEMPERATURE (F)
 YESTERDAY
  MAXIMUM         14    346 PM  64    1916  32    -18       38
  MINIMUM          4    940 AM -16    1994  15    -11        7
  AVERAGE          9                        23    -14       23

PRECIPITATION (IN)
  YESTERDAY        T             0.96 2012   0.07  -0.07     0.02
  MONTH TO DATE    1.40                      2.22  -0.82     2.20
  SINCE DEC 1      4.42                      5.44  -1.02     5.09
  SINCE JAN 1      1.40                      2.22  -0.82     2.20

SNOWFALL (IN)
  YESTERDAY        T             9.0  1963   1.1   -1.1      1.4
  MONTH TO DATE   13.8                      29.6  -15.8     25.3
  SINCE DEC 1     31.3                      62.3  -31.0     54.3
  SINCE JUL 1     42.3                      72.2  -29.9     68.6
  SNOW DEPTH       3

DEGREE DAYS
 HEATING
  YESTERDAY       56                        42     14       42
  MONTH TO DATE 1261                      1121    140     1190
  SINCE DEC 1   2269                      2225     44     2332
  SINCE JUL 1   3454                      3574   -120     3665

 COOLING
  YESTERDAY        0                         0      0        0
  MONTH TO DATE    0                         0      0        0
  SINCE DEC 1      0                         0      0        0
  SINCE JAN 1      0                         0      0        0
..................................................................


WIND (MPH)
  HIGHEST WIND SPEED    21   HIGHEST WIND DIRECTION    NW (330)
  HIGHEST GUST SPEED    24   HIGHEST GUST DIRECTION    NW (320)
  AVERAGE WIND SPEED     9.9


SKY COVER
  POSSIBLE SUNSHINE  MM
  AVERAGE SKY COVER 0.9


WEATHER CONDITIONS
 THE FOLLOWING WEATHER WAS RECORDED YESTERDAY.
  LIGHT SNOW


RELATIVE HUMIDITY (PERCENT)
 HIGHEST    80          1200 AM
 LOWEST     50           800 PM
 AVERAGE    65

..........................................................


THE SYRACUSE NY CLIMATE NORMALS FOR TODAY
                         NORMAL    RECORD    YEAR
 MAXIMUM TEMPERATURE (F)   32        64      1916
 MINIMUM TEMPERATURE (F)   15       -18      2005


SUNRISE AND SUNSET
JANUARY 28 2015.......SUNRISE   724 AM EST   SUNSET   511 PM EST
JANUARY 29 2015.......SUNRISE   723 AM EST   SUNSET   513 PM EST


-  INDICATES NEGATIVE NUMBERS.
R  INDICATES RECORD WAS SET OR TIED.
MM INDICATES DATA IS MISSING.
T  INDICATES TRACE AMOUNT.

$$
