000
CDUS41 KBGM 242218
CLISYR


CLIMATE REPORT
NATIONAL WEATHER SERVICE BINGHAMTON NY
518 PM EST FRI FEB 24 2017


...................................

...THE SYRACUSE NY CLIMATE SUMMARY FOR FEBRUARY 24 2017...
VALID TODAY AS OF 0500 PM LOCAL TIME.

CLIMATE NORMAL PERIOD 1981 TO 2010
CLIMATE RECORD PERIOD 1902 TO 2017


WEATHER ITEM   OBSERVED TIME   RECORD YEAR NORMAL DEPARTURE LAST
                VALUE   (LST)  VALUE       VALUE  FROM      YEAR
                                                  NORMAL
..................................................................
TEMPERATURE (F)
 TODAY
  MAXIMUM         69R   459 PM  65    1906  36     33       42
  MINIMUM         38    552 AM -18    2015  19     19       31
  AVERAGE         54                        28     26       37

PRECIPITATION (IN)
  TODAY            0.74          1.27 2016   0.08   0.66     1.27
  MONTH TO DATE    3.07                      1.74   1.33     4.52
  SINCE DEC 1      9.34                      7.46   1.88    11.06
  SINCE JAN 1      6.10                      4.24   1.86     6.23

SNOWFALL (IN)
  TODAY            0.0          13.0  1998   0.8   -0.8      0.0
  MONTH TO DATE   32.4                      21.9   10.5     21.9
  SINCE DEC 1     78.0                      88.6  -10.6     62.8
  SINCE JUL 1    103.4                      98.5    4.9     63.6
  SNOW DEPTH       0

DEGREE DAYS
 HEATING
  TODAY           11                        37    -26       28
  MONTH TO DATE  792                       948   -156      929
  SINCE DEC 1   2985                      3335   -350     2864
  SINCE JUL 1   4179                      4684   -505     3949

 COOLING
  TODAY            0                         0      0        0
  MONTH TO DATE    0                         0      0        0
  SINCE DEC 1      0                         0      0        0
  SINCE JAN 1      0                         0      0        0
..................................................................


WIND (MPH)
  HIGHEST WIND SPEED    14   HIGHEST WIND DIRECTION     E (110)
  HIGHEST GUST SPEED    17   HIGHEST GUST DIRECTION    SE (130)
  AVERAGE WIND SPEED     5.1


SKY COVER
  POSSIBLE SUNSHINE  MM
  AVERAGE SKY COVER 0.9


WEATHER CONDITIONS
 THE FOLLOWING WEATHER WAS RECORDED TODAY.
  THUNDERSTORM
  HEAVY RAIN
  LIGHT RAIN
  FOG


RELATIVE HUMIDITY (PERCENT)
 HIGHEST   100           900 AM
 LOWEST     55           500 PM
 AVERAGE    78

..........................................................


THE SYRACUSE NY CLIMATE NORMALS FOR TOMORROW
                         NORMAL    RECORD    YEAR
 MAXIMUM TEMPERATURE (F)   36        66      1957
 MINIMUM TEMPERATURE (F)   19       -10      1993


SUNRISE AND SUNSET
FEBRUARY 24 2017......SUNRISE   648 AM EST   SUNSET   548 PM EST
FEBRUARY 25 2017......SUNRISE   647 AM EST   SUNSET   549 PM EST


-  INDICATES NEGATIVE NUMBERS.
R  INDICATES RECORD WAS SET OR TIED.
MM INDICATES DATA IS MISSING.
T  INDICATES TRACE AMOUNT.




$$
