000
CDUS41 KBGM 230538
CLISYR


CLIMATE REPORT
NATIONAL WEATHER SERVICE BINGHAMTON NY
1238 AM EST MON JAN 23 2017


...................................

...THE SYRACUSE NY CLIMATE SUMMARY FOR JANUARY 22 2017...

CLIMATE NORMAL PERIOD 1981 TO 2010
CLIMATE RECORD PERIOD 1902 TO 2017


WEATHER ITEM   OBSERVED TIME   RECORD YEAR NORMAL DEPARTURE LAST
                VALUE   (LST)  VALUE       VALUE  FROM      YEAR
                                                  NORMAL
..................................................................
TEMPERATURE (F)
 YESTERDAY
  MAXIMUM         51    236 PM  68    1906  31     20       24
  MINIMUM         32    646 AM -19    1984  15     17        1
  AVERAGE         42                        23     19       13

PRECIPITATION (IN)
  YESTERDAY        0.00          1.41 1904   0.08  -0.08     0.00
  MONTH TO DATE    2.36                      1.85   0.51     1.63
  SINCE DEC 1      5.60                      5.07   0.53     6.46
  SINCE JAN 1      2.36                      1.85   0.51     1.63

SNOWFALL (IN)
  YESTERDAY        0.0          11.8  2005   1.1   -1.1      0.0
  MONTH TO DATE    4.8                      24.1  -19.3     37.8
  SINCE DEC 1     42.0                      56.8  -14.8     39.9
  SINCE JUL 1     67.4                      66.7    0.7     40.7
  SNOW DEPTH       0

DEGREE DAYS
 HEATING
  YESTERDAY       23                        42    -19       52
  MONTH TO DATE  787                       911   -124      883
  SINCE DEC 1   1878                      2015   -137     1614
  SINCE JUL 1   3072                      3364   -292     2699

 COOLING
  YESTERDAY        0                         0      0        0
  MONTH TO DATE    0                         0      0        0
  SINCE DEC 1      0                         0      0        0
  SINCE JAN 1      0                         0      0        0
..................................................................


WIND (MPH)
  HIGHEST WIND SPEED    16   HIGHEST WIND DIRECTION     E (80)
  HIGHEST GUST SPEED    21   HIGHEST GUST DIRECTION     E (90)
  AVERAGE WIND SPEED     5.6


SKY COVER
  POSSIBLE SUNSHINE  MM
  AVERAGE SKY COVER 0.9


WEATHER CONDITIONS
 THE FOLLOWING WEATHER WAS RECORDED YESTERDAY.
  FOG
  FOG W/VISIBILITY <= 1/4 MILE


RELATIVE HUMIDITY (PERCENT)
 HIGHEST   100           300 AM
 LOWEST     74           200 PM
 AVERAGE    87

..........................................................


THE SYRACUSE NY CLIMATE NORMALS FOR TODAY
                         NORMAL    RECORD    YEAR
 MAXIMUM TEMPERATURE (F)   31        68      1906
 MINIMUM TEMPERATURE (F)   15       -18      1976


SUNRISE AND SUNSET
JANUARY 23 2017.......SUNRISE   728 AM EST   SUNSET   505 PM EST
JANUARY 24 2017.......SUNRISE   727 AM EST   SUNSET   507 PM EST


-  INDICATES NEGATIVE NUMBERS.
R  INDICATES RECORD WAS SET OR TIED.
MM INDICATES DATA IS MISSING.
T  INDICATES TRACE AMOUNT.




$$
