000
CDUS41 KBGM 290539
CLISYR


CLIMATE REPORT
NATIONAL WEATHER SERVICE BINGHAMTON NY
138 AM EDT WED JUL 29 2015


...................................

...THE SYRACUSE NY CLIMATE SUMMARY FOR JULY 28 2015...

CLIMATE NORMAL PERIOD 1981 TO 2010
CLIMATE RECORD PERIOD 1902 TO 2015


WEATHER ITEM   OBSERVED TIME   RECORD YEAR NORMAL DEPARTURE LAST
                VALUE   (LST)  VALUE       VALUE  FROM      YEAR
                                                  NORMAL
..................................................................
TEMPERATURE (F)
 YESTERDAY
  MAXIMUM         89    315 PM  96    1964  82      7       71
  MINIMUM         65    521 AM  46    1977  61      4       57
  AVERAGE         77                        71      6       64

PRECIPITATION (IN)
  YESTERDAY        0.00          2.61 1939   0.13  -0.13     2.16
  MONTH TO DATE    2.87                      3.43  -0.56     4.86
  SINCE JUN 1     12.79                      6.74   6.05     7.60
  SINCE JAN 1     24.91                     20.67   4.24    24.98

SNOWFALL (IN)
  YESTERDAY        0.0           0.0  2002   0.0    0.0      0.0
                                      2000
                                      2001
  MONTH TO DATE    0.0                       0.0    0.0      0.0
  SINCE JUN 1      0.0                       0.0    0.0      0.0
  SINCE JUL 1      0.0                       0.0    0.0      0.0
  SNOW DEPTH       0

DEGREE DAYS
 HEATING
  YESTERDAY        0                         0      0        1
  MONTH TO DATE    5                         2      3        1
  SINCE JUN 1     58                        63     -5       24
  SINCE JUL 1      5                         2      3        1

 COOLING
  YESTERDAY       12                         7      5        0
  MONTH TO DATE  160                       188    -28      207
  SINCE JUN 1    249                       301    -52      354
  SINCE JAN 1    354                       331     23      410
..................................................................


WIND (MPH)
  HIGHEST WIND SPEED    15   HIGHEST WIND DIRECTION     W (270)
  HIGHEST GUST SPEED    20   HIGHEST GUST DIRECTION     W (290)
  AVERAGE WIND SPEED     4.6


SKY COVER
  POSSIBLE SUNSHINE  MM
  AVERAGE SKY COVER 0.5


WEATHER CONDITIONS
 THE FOLLOWING WEATHER WAS RECORDED YESTERDAY.
  NO SIGNIFICANT WEATHER WAS OBSERVED.


RELATIVE HUMIDITY (PERCENT)
 HIGHEST   100           400 AM
 LOWEST     39           500 PM
 AVERAGE    70

..........................................................


THE SYRACUSE NY CLIMATE NORMALS FOR TODAY
                         NORMAL    RECORD    YEAR
 MAXIMUM TEMPERATURE (F)   82        96      1933
 MINIMUM TEMPERATURE (F)   61        49      1987


SUNRISE AND SUNSET
JULY 29 2015..........SUNRISE   552 AM EDT   SUNSET   830 PM EDT
JULY 30 2015..........SUNRISE   553 AM EDT   SUNSET   828 PM EDT


-  INDICATES NEGATIVE NUMBERS.
R  INDICATES RECORD WAS SET OR TIED.
MM INDICATES DATA IS MISSING.
T  INDICATES TRACE AMOUNT.




$$
