992
CDKA40 PTYA 311600
CLIT11
DAILY CLIMATE REPORT
NATIONAL WEATHER SERVICE YAP FM
2AM LST WED JUN 01 2016
THE YAP FM CLIMATE SUMMARY FOR MAY 31 2016
CLIMATE NORMAL PERIOD  1981  TO 2010
CLIMATE RECORD PERIOD  1951  TO 2016
WEATHER ITEM OBSERVED TIME  RECORD YEAR NORMAL DEPARTURE LAST
              VALUE   (LST) VALUE       VALUE    FROM    YEAR
                                                NORMAL
TEMPERATURE   (F)
YESTERDAY
MAXIMUM       93  1445 PM  97/2014      88       5        91
MINIMUM       81  0245 AM  63/1999      78       3        77
AVERAGE       87                        83       4        84
PRECIPITATION INCHES
YESTERDAY       0.00    164.24  1996  0.31    0.31   0.96
MONTH TO DATE   8.90                  8.50    0.40  18.40
SINCE 01 MAR   13.07                 19.56   -6.49  15.09
SINCE JAN 01   17.07                 32.85  -15.78  25.55
