000
CDKA40 PTYA 281600
CLIT11
DAILY CLIMATE REPORT
NATIONAL WEATHER SERVICE YAP FM
2AM LST THU SEP 29 2016
THE YAP FM CLIMATE SUMMARY FOR SEPTEMBER 28 2016
CLIMATE NORMAL PERIOD  1981  TO 2010
CLIMATE RECORD PERIOD  1951  TO 2016
WEATHER ITEM OBSERVED TIME  RECORD YEAR NORMAL DEPARTURE LAST
              VALUE   (LST) VALUE       VALUE    FROM    YEAR
                                                NORMAL
TEMPERATURE   (F)
YESTERDAY
MAXIMUM       88  0945 AM  97  2014     88       0        84
MINIMUM       78  2245 PM  63  1999     78       2        78
AVERAGE       83                        83       1        81
PRECIPITATION INCHES
YESTERDAY       0.00    164.24 1996  0.44    -0.44      0.50
MONTH TO DATE   7.83                12.88    -5.05      8.97
SINCE 01 SEP    7.83                12.88    -5.05      8.97
SINCE JAN 01   54.49                89.43   -34.94     79.97
