000
CDUS45 KPUB 281035
CLITAD


CLIMATE REPORT
NATIONAL WEATHER SERVICE PUEBLO
435 AM MDT FRI JUL 28 2017


...................................

...THE TRINIDAD CO CLIMATE SUMMARY FOR JULY 27 2017...

CLIMATE NORMAL PERIOD 1981 TO 2010
CLIMATE RECORD PERIOD 9999 TO 9999


WEATHER ITEM   OBSERVED TIME   NORMAL DEPARTURE LAST
                VALUE   (LST)  VALUE  FROM      YEAR
                                      NORMAL
......................................................
TEMPERATURE (F)
 YESTERDAY
  MAXIMUM         84    153 PM  88     -4       MM
  MINIMUM         62    509 AM  59      3       MM
  AVERAGE         73            73      0       MM

PRECIPITATION (IN)
  YESTERDAY        0.01          0.09  -0.08    MM
  MONTH TO DATE    0.68          1.94  -1.26     0.21
  SINCE JUN 1      1.88          3.35  -1.47     1.94
  SINCE JAN 1     10.29          7.87   2.42     6.17

DEGREE DAYS
 HEATING
  YESTERDAY        0             0      0       MM
  MONTH TO DATE    0             0      0        0
  SINCE JUN 1      8            39    -31        4
  SINCE JUL 1      0             0      0        0

 COOLING
  YESTERDAY        8             8      0       MM
  MONTH TO DATE  294           235     59       98
  SINCE JUN 1    484           376    108      329
  SINCE JAN 1    499           404     95      341
......................................................


WIND (MPH)
  HIGHEST WIND SPEED    22   HIGHEST WIND DIRECTION     W (250)
  HIGHEST GUST SPEED    27   HIGHEST GUST DIRECTION     W (250)
  AVERAGE WIND SPEED     8.1


SKY COVER
  POSSIBLE SUNSHINE  MM
  AVERAGE SKY COVER 0.3


WEATHER CONDITIONS
 THE FOLLOWING WEATHER WAS RECORDED YESTERDAY.
  THUNDERSTORM
  LIGHT RAIN
  FOG


RELATIVE HUMIDITY (PERCENT)
 HIGHEST    84           500 AM
 LOWEST     42          1200 PM
 AVERAGE    63

..........................................................




SUNRISE AND SUNSET
JULY 28 2017..........SUNRISE   559 AM MDT   SUNSET   808 PM MDT
JULY 29 2017..........SUNRISE   600 AM MDT   SUNSET   807 PM MDT


-  INDICATES NEGATIVE NUMBERS.
R  INDICATES RECORD WAS SET OR TIED.
MM INDICATES DATA IS MISSING.
T  INDICATES TRACE AMOUNT.




$$
