000
CDUS45 KPUB 191156
CLITAD


CLIMATE REPORT
NATIONAL WEATHER SERVICE PUEBLO
454 AM MST SUN NOV 19 2017


...................................

...THE TRINIDAD CO CLIMATE SUMMARY FOR NOVEMBER 18 2017...

CLIMATE NORMAL PERIOD 1981 TO 2010
CLIMATE RECORD PERIOD 9999 TO 9999


WEATHER ITEM   OBSERVED TIME   NORMAL DEPARTURE LAST
                VALUE   (LST)  VALUE  FROM      YEAR
                                      NORMAL
......................................................
TEMPERATURE (F)
 YESTERDAY
  MAXIMUM         42    345 PM  55    -13       41
  MINIMUM         25    909 PM  24      1       14
  AVERAGE         34            39     -5       28

PRECIPITATION (IN)
  YESTERDAY        0.12          0.02   0.10     0.00
  MONTH TO DATE    0.36          0.46  -0.10     0.23
  SINCE SEP 1      4.37          2.60   1.77     1.39
  SINCE JAN 1     20.57         13.06   7.51     7.62

DEGREE DAYS
 HEATING
  YESTERDAY       31            26      5       37
  MONTH TO DATE  310           390    -80      256
  SINCE SEP 1    764           881   -117      475
  SINCE JUL 1    767           891   -124      482

 COOLING
  YESTERDAY        0             0      0        0
  MONTH TO DATE    0             0      0        0
  SINCE SEP 1    111            77     34      149
  SINCE JAN 1    796           719     77      564
......................................................


WIND (MPH)
  HIGHEST WIND SPEED    30   HIGHEST WIND DIRECTION    NW (330)
  HIGHEST GUST SPEED    38   HIGHEST GUST DIRECTION    NW (330)
  AVERAGE WIND SPEED     5.2


SKY COVER
  POSSIBLE SUNSHINE  MM
  AVERAGE SKY COVER 0.3


WEATHER CONDITIONS
 THE FOLLOWING WEATHER WAS RECORDED YESTERDAY.
  SNOW
  LIGHT SNOW
  FOG
  FOG W/VISIBILITY <= 1/4 MILE


RELATIVE HUMIDITY (PERCENT)
 HIGHEST   100           200 AM
 LOWEST     45           200 PM
 AVERAGE    73

..........................................................




SUNRISE AND SUNSET
NOVEMBER 19 2017......SUNRISE   641 AM MST   SUNSET   444 PM MST
NOVEMBER 20 2017......SUNRISE   642 AM MST   SUNSET   444 PM MST


-  INDICATES NEGATIVE NUMBERS.
R  INDICATES RECORD WAS SET OR TIED.
MM INDICATES DATA IS MISSING.
T  INDICATES TRACE AMOUNT.




$$
