000
CDUS44 KBMX 022118
CLITCL


CLIMATE REPORT
NATIONAL WEATHER SERVICE BIRMINGHAM, AL
418 PM CDT TUE SEP 2 2014


...................................

...THE TUSCALOOSA CLIMATE SUMMARY FOR SEPTEMBER 2 2014...
VALID AS OF 0400 PM LOCAL TIME.

CLIMATE NORMAL PERIOD 1981 TO 2010
CLIMATE RECORD PERIOD 1948 TO 2014


WEATHER ITEM   OBSERVED TIME   RECORD YEAR NORMAL DEPARTURE LAST
                VALUE   (LST)  VALUE       VALUE  FROM      YEAR
                                                  NORMAL
..................................................................
TEMPERATURE (F)
 TODAY
  MAXIMUM         96    118 PM 100    2011  91      5       90
                                      1951
  MINIMUM         73    550 AM  54    1954  69      4       74
  AVERAGE         85                        80      5       82

PRECIPITATION (IN)
  TODAY            0.00          3.17 2001   0.11  -0.11     0.00
  MONTH TO DATE    0.00                      0.21  -0.21     0.00
  SINCE SEP 1      0.00                      0.21  -0.21     0.00
  SINCE JAN 1     33.66                     36.08  -2.42    38.82

DEGREE DAYS

 COOLING
  TODAY           20                        15      5
  MONTH TO DATE   41                        30     11
  SINCE SEP 1     41                        30     11
  SINCE JAN 1   1731                      1767    -36
..................................................................


WIND (MPH)
  HIGHEST WIND SPEED    15   HIGHEST WIND DIRECTION    SW (230)
  HIGHEST GUST SPEED    21   HIGHEST GUST DIRECTION    SW (230)
  AVERAGE WIND SPEED     4.0


SKY COVER
  AVERAGE SKY COVER 0.0


WEATHER CONDITIONS
 THE FOLLOWING WEATHER WAS RECORDED TODAY.
  THUNDERSTORM


RELATIVE HUMIDITY (PERCENT)
 HIGHEST    93           300 AM
 LOWEST     46           100 PM
 AVERAGE    70

..........................................................


THE TUSCALOOSA CLIMATE NORMALS FOR TOMORROW
                         NORMAL    RECORD    YEAR
 MAXIMUM TEMPERATURE (F)   90       102      1951
 MINIMUM TEMPERATURE (F)   68        51      1952


SUNRISE AND SUNSET
SEPTEMBER  2 2014.....SUNRISE   625 AM CDT   SUNSET   714 PM CDT
SEPTEMBER  3 2014.....SUNRISE   626 AM CDT   SUNSET   713 PM CDT


-  INDICATES NEGATIVE NUMBERS.
R  INDICATES RECORD WAS SET OR TIED.
MM INDICATES DATA IS MISSING.
T  INDICATES TRACE AMOUNT.




$$
