000
CDUS44 KBMX 272141
CLITCL


CLIMATE REPORT
NATIONAL WEATHER SERVICE BIRMINGHAM, AL
440 PM CDT SAT AUG 27 2016


...................................

...THE TUSCALOOSA CLIMATE SUMMARY FOR AUGUST 27 2016...
VALID TODAY AS OF 0400 PM LOCAL TIME.

CLIMATE NORMAL PERIOD 1994 TO 1994
CLIMATE RECORD PERIOD 1948 TO 2016


WEATHER ITEM   OBSERVED TIME   RECORD YEAR NORMAL DEPARTURE LAST
                VALUE   (LST)  VALUE       VALUE  FROM      YEAR
                                                  NORMAL
..................................................................
TEMPERATURE (F)
 TODAY
  MAXIMUM         95    236 PM 103    2000  91      4       87
  MINIMUM         72    451 AM  56    1952  70      2       62
  AVERAGE         84                        81      3       75

PRECIPITATION (IN)
  TODAY            0.00          2.44 1976   0.10  -0.10     0.00
  MONTH TO DATE    2.88                      2.89  -0.01     4.24
  SINCE JUN 1     11.33                     12.06  -0.73     8.86
  SINCE JAN 1     31.74                     35.46  -3.72    34.44

DEGREE DAYS
 COOLING
  TODAY           19                        16      3
  MONTH TO DATE  489                       448     41
  SINCE JUN 1   1488                      1369    119
  SINCE JAN 1   1772                      1680     92
..................................................................


WIND (MPH)
  HIGHEST WIND SPEED    17   HIGHEST WIND DIRECTION     E (70)
  HIGHEST GUST SPEED    21   HIGHEST GUST DIRECTION     E (70)
  AVERAGE WIND SPEED     3.1


SKY COVER
  AVERAGE SKY COVER 0.1


WEATHER CONDITIONS
 THE FOLLOWING WEATHER WAS RECORDED TODAY.
  FOG


RELATIVE HUMIDITY (PERCENT)
 HIGHEST   100          1200 AM
 LOWEST     41           300 PM
 AVERAGE    71

..........................................................


THE TUSCALOOSA CLIMATE NORMALS FOR TOMORROW
                         NORMAL    RECORD    YEAR
 MAXIMUM TEMPERATURE (F)   91       105      2000
 MINIMUM TEMPERATURE (F)   70        57      1952


SUNRISE AND SUNSET
AUGUST 27 2016........SUNRISE   622 AM CDT   SUNSET   721 PM CDT
AUGUST 28 2016........SUNRISE   622 AM CDT   SUNSET   720 PM CDT


-  INDICATES NEGATIVE NUMBERS.
R  INDICATES RECORD WAS SET OR TIED.
MM INDICATES DATA IS MISSING.
T  INDICATES TRACE AMOUNT.




$$
