000
CDUS44 KBMX 072108
CLITCL


CLIMATE REPORT
NATIONAL WEATHER SERVICE BIRMINGHAM, AL
408 PM CDT TUE JUL 7 2015


...................................

...THE TUSCALOOSA CLIMATE SUMMARY FOR JULY 7 2015...
VALID AS OF 0400 PM LOCAL TIME.

CLIMATE NORMAL PERIOD 1994 TO 1994
CLIMATE RECORD PERIOD 1994 TO 2015


WEATHER ITEM   OBSERVED TIME   RECORD YEAR NORMAL DEPARTURE LAST
                VALUE   (LST)  VALUE       VALUE  FROM      YEAR
                                                  NORMAL
..................................................................
TEMPERATURE (F)
 TODAY
  MAXIMUM         93    259 PM 102    1977  92      1       92
  MINIMUM         71    453 AM  58    1972  71      0       66
  AVERAGE         82                        82      0       79

PRECIPITATION (IN)
  TODAY            0.00          1.75 1958   0.14  -0.14     0.00
  MONTH TO DATE    0.68                      1.08  -0.40     0.02
  SINCE JUN 1      2.38                      5.85  -3.47     5.17
  SINCE JAN 1     27.96                     29.25  -1.29    30.21

DEGREE DAYS
 COOLING
  TODAY           17                        16      1
  MONTH TO DATE  102                       112    -10
  SINCE JUN 1    572                       515     57
  SINCE JAN 1    933                       826    107
..................................................................


WIND (MPH)
  HIGHEST WIND SPEED    12   HIGHEST WIND DIRECTION     S (200)
  HIGHEST GUST SPEED    14   HIGHEST GUST DIRECTION     S (200)
  AVERAGE WIND SPEED     3.8


SKY COVER
  AVERAGE SKY COVER 0.4


WEATHER CONDITIONS
 THE FOLLOWING WEATHER WAS RECORDED TODAY.
  FOG
  FOG W/VISIBILITY <= 1/4 MILE


RELATIVE HUMIDITY (PERCENT)
 HIGHEST   100           500 AM
 LOWEST     49           100 PM
 AVERAGE    75

..........................................................


THE TUSCALOOSA CLIMATE NORMALS FOR TOMORROW
                         NORMAL    RECORD    YEAR
 MAXIMUM TEMPERATURE (F)   92       103      1969
 MINIMUM TEMPERATURE (F)   71        62      1988


SUNRISE AND SUNSET
JULY  7 2015..........SUNRISE   548 AM CDT   SUNSET   803 PM CDT
JULY  8 2015..........SUNRISE   548 AM CDT   SUNSET   803 PM CDT


-  INDICATES NEGATIVE NUMBERS.
R  INDICATES RECORD WAS SET OR TIED.
MM INDICATES DATA IS MISSING.
T  INDICATES TRACE AMOUNT.




$$
