000
CDUS44 KBMX 220741
CLITCL


CLIMATE REPORT
NATIONAL WEATHER SERVICE BIRMINGHAM, AL
139 AM CST MON DEC 22 2014


...................................

...THE TUSCALOOSA CLIMATE SUMMARY FOR DECEMBER 21 2014...

CLIMATE NORMAL PERIOD 1981 TO 2010
CLIMATE RECORD PERIOD 1948 TO 2014


WEATHER ITEM   OBSERVED TIME   RECORD YEAR NORMAL DEPARTURE LAST
                VALUE   (LST)  VALUE       VALUE  FROM      YEAR
                                                  NORMAL
..................................................................
TEMPERATURE (F)
 YESTERDAY
  MAXIMUM         53   1046 PM  80    2013  56     -3       80
  MINIMUM         32    228 AM  18    1989  35     -3       64
  AVERAGE         43                        46     -3       72

PRECIPITATION (IN)
  YESTERDAY        0.00          2.24 1969   0.14  -0.14     0.11
  MONTH TO DATE    1.13                      3.30  -2.17     4.11
  SINCE DEC 1      1.13                      3.30  -2.17     4.11
  SINCE JAN 1     44.00                     51.28  -7.28    47.94

SNOWFALL (IN)
  YESTERDAY        0.0                       0.0    0.0
  MONTH TO DATE    0.0                       0.0    0.0
  SINCE DEC 1      0.0                       0.0    0.0
  SINCE JUL 1      0.0                       0.0    0.0

DEGREE DAYS
 HEATING
  YESTERDAY       22                        19      3
  MONTH TO DATE  309                       364    -55
  SINCE DEC 1    309                       364    -55
  SINCE JUL 1    853                       801     52
..................................................................


WIND (MPH)
  HIGHEST WIND SPEED     8   HIGHEST WIND DIRECTION    NE (60)
  HIGHEST GUST SPEED    12   HIGHEST GUST DIRECTION     E (90)
  AVERAGE WIND SPEED     2.8


SKY COVER
  AVERAGE SKY COVER 0.9


WEATHER CONDITIONS
 THE FOLLOWING WEATHER WAS RECORDED YESTERDAY.
  FOG
  HAZE


RELATIVE HUMIDITY (PERCENT)
 HIGHEST    96           300 AM
 LOWEST     77           200 PM
 AVERAGE    87

..........................................................


THE TUSCALOOSA CLIMATE NORMALS FOR TODAY
                         NORMAL    RECORD    YEAR
 MAXIMUM TEMPERATURE (F)   56        76      1990
 MINIMUM TEMPERATURE (F)   35         7      1989


SUNRISE AND SUNSET
DECEMBER 22 2014......SUNRISE   650 AM CST   SUNSET   448 PM CST
DECEMBER 23 2014......SUNRISE   651 AM CST   SUNSET   448 PM CST


-  INDICATES NEGATIVE NUMBERS.
R  INDICATES RECORD WAS SET OR TIED.
MM INDICATES DATA IS MISSING.
T  INDICATES TRACE AMOUNT.




$$
