000
CDUS44 KBMX 290833
CLITCL


CLIMATE REPORT
NATIONAL WEATHER SERVICE BIRMINGHAM, AL
333 AM CDT WED MAR 29 2017


...................................

...THE TUSCALOOSA CLIMATE SUMMARY FOR MARCH 28 2017...

CLIMATE NORMAL PERIOD 1981 TO 2010
CLIMATE RECORD PERIOD 1948 TO 2017


WEATHER ITEM   OBSERVED TIME   RECORD YEAR NORMAL DEPARTURE LAST
                VALUE   (LST)  VALUE       VALUE  FROM      YEAR
                                                  NORMAL
..................................................................
TEMPERATURE (F)
 YESTERDAY
  MAXIMUM         81    256 PM  85    1998  72      9       71
  MINIMUM         64   1150 PM  29    1969  46     18       47
  AVERAGE         73                        59     14       59

PRECIPITATION (IN)
  YESTERDAY        0.03          4.74 1951   0.14  -0.11     0.00
  MONTH TO DATE    3.72                      4.11  -0.39     4.99
  SINCE MAR 1      3.72                      4.11  -0.39     4.99
  SINCE JAN 1     14.93                     14.78   0.15    14.59

SNOWFALL (IN)
  YESTERDAY        0.0                       0.0    0.0
  MONTH TO DATE    0.0                       0.3   -0.3
  SINCE MAR 1      0.0                       0.3   -0.3
  SINCE JUL 1      0.0                       0.7   -0.7

DEGREE DAYS
 HEATING
  YESTERDAY        0                         7     -7
  MONTH TO DATE  234                       273    -39
  SINCE MAR 1    234                       273    -39
  SINCE JUL 1   1537                      2363   -826
..................................................................


WIND (MPH)
  HIGHEST WIND SPEED     9   HIGHEST WIND DIRECTION     S (170)
  HIGHEST GUST SPEED    13   HIGHEST GUST DIRECTION     S (170)
  AVERAGE WIND SPEED     3.0


SKY COVER
  AVERAGE SKY COVER 0.6


WEATHER CONDITIONS
 THE FOLLOWING WEATHER WAS RECORDED YESTERDAY.
  LIGHT RAIN
  FOG


RELATIVE HUMIDITY (PERCENT)
 HIGHEST   100          1200 AM
 LOWEST     58           300 PM
 AVERAGE    79

..........................................................


THE TUSCALOOSA CLIMATE NORMALS FOR TODAY
                         NORMAL    RECORD    YEAR
 MAXIMUM TEMPERATURE (F)   72        87      2007
                                             1998
 MINIMUM TEMPERATURE (F)   46        30      1955


SUNRISE AND SUNSET
MARCH 29 2017.........SUNRISE   642 AM CDT   SUNSET   709 PM CDT
MARCH 30 2017.........SUNRISE   641 AM CDT   SUNSET   710 PM CDT


-  INDICATES NEGATIVE NUMBERS.
R  INDICATES RECORD WAS SET OR TIED.
MM INDICATES DATA IS MISSING.
T  INDICATES TRACE AMOUNT.




$$
