000
CDUS44 KBMX 202144
CLITCL


CLIMATE REPORT
NATIONAL WEATHER SERVICE BIRMINGHAM, AL
444 PM CDT WED SEP 20 2017


...................................

...THE TUSCALOOSA CLIMATE SUMMARY FOR SEPTEMBER 20 2017...
VALID TODAY AS OF 0400 PM LOCAL TIME.

CLIMATE NORMAL PERIOD 1981 TO 2010
CLIMATE RECORD PERIOD 1948 TO 2017


WEATHER ITEM   OBSERVED TIME   RECORD YEAR NORMAL DEPARTURE LAST
                VALUE   (LST)  VALUE       VALUE  FROM      YEAR
                                                  NORMAL
..................................................................
TEMPERATURE (F)
 TODAY
  MAXIMUM         92    258 PM 100    2010  86      6       94
  MINIMUM         68    348 AM  46    1981  62      6       66
  AVERAGE         80                        74      6       80

PRECIPITATION (IN)
  TODAY            0.00          1.38 2009   0.11  -0.11     0.00
  MONTH TO DATE    1.63                      2.35  -0.72     0.33
  SINCE SEP 1      1.63                      2.35  -0.72     0.33
  SINCE JAN 1     49.92                     38.22  11.70    32.07

DEGREE DAYS

 COOLING
  TODAY           15                         9      6
  MONTH TO DATE  174                       246    -72
  SINCE SEP 1    174                       246    -72
  SINCE JAN 1   1949                      1983    -34
..................................................................


WIND (MPH)
  HIGHEST WIND SPEED     8   HIGHEST WIND DIRECTION    NE (50)
  HIGHEST GUST SPEED    10   HIGHEST GUST DIRECTION    NE (60)
  AVERAGE WIND SPEED     2.4


SKY COVER
  AVERAGE SKY COVER 0.1


WEATHER CONDITIONS
 THE FOLLOWING WEATHER WAS RECORDED TODAY.
  FOG


RELATIVE HUMIDITY (PERCENT)
 HIGHEST   100          1200 AM
 LOWEST     52           300 PM
 AVERAGE    76

..........................................................


THE TUSCALOOSA CLIMATE NORMALS FOR TOMORROW
                         NORMAL    RECORD    YEAR
 MAXIMUM TEMPERATURE (F)   86        99      1955
 MINIMUM TEMPERATURE (F)   62        46      1956


SUNRISE AND SUNSET
SEPTEMBER 20 2017.....SUNRISE   637 AM CDT   SUNSET   650 PM CDT
SEPTEMBER 21 2017.....SUNRISE   638 AM CDT   SUNSET   648 PM CDT


-  INDICATES NEGATIVE NUMBERS.
R  INDICATES RECORD WAS SET OR TIED.
MM INDICATES DATA IS MISSING.
T  INDICATES TRACE AMOUNT.




$$
