000
CDUS44 KBMX 260939
CLITCL


CLIMATE REPORT
NATIONAL WEATHER SERVICE BIRMINGHAM, AL
438 AM CDT SAT JUL 26 2014


...................................

...THE TUSCALOOSA CLIMATE SUMMARY FOR JULY 25 2014...

CLIMATE NORMAL PERIOD 1981 TO 2010
CLIMATE RECORD PERIOD 1948 TO 2014


WEATHER ITEM   OBSERVED TIME   RECORD YEAR NORMAL DEPARTURE LAST
                VALUE   (LST)  VALUE       VALUE  FROM      YEAR
                                                  NORMAL
..................................................................
TEMPERATURE (F)
 YESTERDAY
  MAXIMUM         91    236 PM 106    1952  92     -1       88
  MINIMUM         66    435 AM  64    2003  72     -6       69
  AVERAGE         79                        82     -3       79

PRECIPITATION (IN)
  YESTERDAY        0.00          1.76 1967   0.14  -0.14     0.00
  MONTH TO DATE    0.92                      3.64  -2.72     6.83
  SINCE JUN 1      6.07                      8.41  -2.34    12.51
  SINCE JAN 1     31.11                     31.81  -0.70    34.47

..................................................................


WIND (MPH)
  HIGHEST WIND SPEED    14   HIGHEST WIND DIRECTION    NW (320)
  HIGHEST GUST SPEED    18   HIGHEST GUST DIRECTION     N (340)
  AVERAGE WIND SPEED     3.2


SKY COVER
  AVERAGE SKY COVER 0.1


WEATHER CONDITIONS
 THE FOLLOWING WEATHER WAS RECORDED YESTERDAY.
  FOG


RELATIVE HUMIDITY (PERCENT)
 HIGHEST    93           300 AM
 LOWEST     44           100 PM
 AVERAGE    69

..........................................................


THE TUSCALOOSA CLIMATE NORMALS FOR TODAY
                         NORMAL    RECORD    YEAR
 MAXIMUM TEMPERATURE (F)   92       102      1952
 MINIMUM TEMPERATURE (F)   72        65      2013


SUNRISE AND SUNSET
JULY 26 2014..........SUNRISE   559 AM CDT   SUNSET   754 PM CDT
JULY 27 2014..........SUNRISE   600 AM CDT   SUNSET   754 PM CDT


-  INDICATES NEGATIVE NUMBERS.
R  INDICATES RECORD WAS SET OR TIED.
MM INDICATES DATA IS MISSING.
T  INDICATES TRACE AMOUNT.




$$
