889
CDUS44 KBMX 120653
CLITCL


CLIMATE REPORT
NATIONAL WEATHER SERVICE BIRMINGHAM, AL
1252 AM CST FRI FEB 12 2016


...................................

...THE TUSCALOOSA CLIMATE SUMMARY FOR FEBRUARY 11 2016...

CLIMATE NORMAL PERIOD 1994 TO 1994
CLIMATE RECORD PERIOD 1948 TO 2016


WEATHER ITEM   OBSERVED TIME   RECORD YEAR NORMAL DEPARTURE LAST
                VALUE   (LST)  VALUE       VALUE  FROM      YEAR
                                                  NORMAL
..................................................................
TEMPERATURE (F)
 YESTERDAY
  MAXIMUM         64    406 PM  79    1999  59      5       65
                                      1965
  MINIMUM         27    548 AM  18    2011  36     -9       29
  AVERAGE         46                        48     -2       47

PRECIPITATION (IN)
  YESTERDAY        0.00          1.39 1965   0.18  -0.18     0.00
  MONTH TO DATE    1.35                      2.00  -0.65     0.32
  SINCE DEC 1     13.76                     11.97   1.79    13.49
  SINCE JAN 1      5.49                      7.35  -1.86     6.49

SNOWFALL (IN)
  YESTERDAY        0.0                       0.0    0.0
  MONTH TO DATE    0.0                       0.0    0.0
  SINCE DEC 1      T                         0.3   -0.3
  SINCE JUL 1      T                         0.3   -0.3

DEGREE DAYS
 HEATING
  YESTERDAY       19                        17      2
  MONTH TO DATE  202                       202      0
  SINCE DEC 1   1181                      1397   -216
  SINCE JUL 1   1444                      1834   -390
..................................................................


WIND (MPH)
  HIGHEST WIND SPEED    10   HIGHEST WIND DIRECTION    NE (30)
  HIGHEST GUST SPEED    13   HIGHEST GUST DIRECTION    NE (30)
  AVERAGE WIND SPEED     2.7


SKY COVER
  AVERAGE SKY COVER 0.0


WEATHER CONDITIONS
 THE FOLLOWING WEATHER WAS RECORDED YESTERDAY.
  FOG
  HAZE


RELATIVE HUMIDITY (PERCENT)
 HIGHEST    82           800 AM
 LOWEST     37           400 PM
 AVERAGE    60

..........................................................


THE TUSCALOOSA CLIMATE NORMALS FOR TODAY
                         NORMAL    RECORD    YEAR
 MAXIMUM TEMPERATURE (F)   59        80      1950
 MINIMUM TEMPERATURE (F)   37        13      1981


SUNRISE AND SUNSET
FEBRUARY 12 2016......SUNRISE   638 AM CST   SUNSET   532 PM CST
FEBRUARY 13 2016......SUNRISE   637 AM CST   SUNSET   533 PM CST


-  INDICATES NEGATIVE NUMBERS.
R  INDICATES RECORD WAS SET OR TIED.
MM INDICATES DATA IS MISSING.
T  INDICATES TRACE AMOUNT.




$$
