000
CDUS44 KBMX 240859
CLITCL


CLIMATE REPORT
NATIONAL WEATHER SERVICE BIRMINGHAM, AL
258 AM CST SAT FEB 24 2018


...................................

...THE TUSCALOOSA CLIMATE SUMMARY FOR FEBRUARY 23 2018...

CLIMATE NORMAL PERIOD 1981 TO 2010
CLIMATE RECORD PERIOD 1948 TO 2018


WEATHER ITEM   OBSERVED TIME   RECORD YEAR NORMAL DEPARTURE LAST
                VALUE   (LST)  VALUE       VALUE  FROM      YEAR
                                                  NORMAL
..................................................................
TEMPERATURE (F)
 YESTERDAY
  MAXIMUM         80    259 PM  84    1996  63     17       75
  MINIMUM         60    704 AM  19    1963  39     21       49
  AVERAGE         70                        51     19       62

PRECIPITATION (IN)
  YESTERDAY        T             2.65 1977   0.19  -0.19     0.00
  MONTH TO DATE    8.08                      4.42   3.66     3.47
  SINCE DEC 1     12.17                     14.39  -2.22    13.58
  SINCE JAN 1      9.80                      9.77   0.03    10.67

SNOWFALL (IN)
  YESTERDAY        0.0                       0.0    0.0
  MONTH TO DATE    0.0                       0.0    0.0
  SINCE DEC 1      0.0                       0.3   -0.3
  SINCE JUL 1      0.0                       0.3   -0.3

DEGREE DAYS
 HEATING
  YESTERDAY        0                        14    -14
  MONTH TO DATE  209                       390   -181
  SINCE DEC 1   1504                      1585    -81
  SINCE JUL 1   1888                      2022   -134
..................................................................


WIND (MPH)
  HIGHEST WIND SPEED    14   HIGHEST WIND DIRECTION     S (180)
  HIGHEST GUST SPEED    17   HIGHEST GUST DIRECTION     S (180)
  AVERAGE WIND SPEED     6.0


SKY COVER
  AVERAGE SKY COVER 0.3


WEATHER CONDITIONS
 THE FOLLOWING WEATHER WAS RECORDED YESTERDAY.
  LIGHT RAIN
  FOG
  HAZE


RELATIVE HUMIDITY (PERCENT)
 HIGHEST   100           500 AM
 LOWEST     49           200 PM
 AVERAGE    75

..........................................................


THE TUSCALOOSA CLIMATE NORMALS FOR TODAY
                         NORMAL    RECORD    YEAR
 MAXIMUM TEMPERATURE (F)   63        84      1996
 MINIMUM TEMPERATURE (F)   40        20      1989


SUNRISE AND SUNSET
FEBRUARY 24 2018......SUNRISE   624 AM CST   SUNSET   543 PM CST
FEBRUARY 25 2018......SUNRISE   623 AM CST   SUNSET   544 PM CST


-  INDICATES NEGATIVE NUMBERS.
R  INDICATES RECORD WAS SET OR TIED.
MM INDICATES DATA IS MISSING.
T  INDICATES TRACE AMOUNT.




$$
