000
CDUS44 KBMX 122111
CLITCL


CLIMATE REPORT
NATIONAL WEATHER SERVICE BIRMINGHAM, AL
411 PM CDT SAT JUL 12 2014


...................................

...THE TUSCALOOSA CLIMATE SUMMARY FOR JULY 12 2014...
VALID AS OF 0400 PM LOCAL TIME.

CLIMATE NORMAL PERIOD 1981 TO 2010
CLIMATE RECORD PERIOD 1948 TO 2014


WEATHER ITEM   OBSERVED TIME   RECORD YEAR NORMAL DEPARTURE LAST
                VALUE   (LST)  VALUE       VALUE  FROM      YEAR
                                                  NORMAL
..................................................................
TEMPERATURE (F)
 TODAY
  MAXIMUM         94   1211 PM 105    1980  92      2       91
  MINIMUM         71    528 AM  60    1975  71      0       73
  AVERAGE         83                        82      1       82

PRECIPITATION (IN)
  TODAY            T             1.78 1961   0.14  -0.14     0.00
  MONTH TO DATE    0.02                      1.81  -1.79     4.06
  SINCE JUN 1      5.17                      6.58  -1.41     9.74
  SINCE JAN 1     30.21                     29.98   0.23    31.70

DEGREE DAYS
 COOLING
  TODAY           18                        17      1
  MONTH TO DATE  180                       197    -17
  SINCE JUN 1    614                       600     14
  SINCE JAN 1    904                       911     -7
..................................................................


WIND (MPH)
  HIGHEST WIND SPEED    20   HIGHEST WIND DIRECTION    NE (30)
  HIGHEST GUST SPEED    23   HIGHEST GUST DIRECTION    NE (30)
  AVERAGE WIND SPEED     1.3


SKY COVER
  AVERAGE SKY COVER 0.2


WEATHER CONDITIONS
 THE FOLLOWING WEATHER WAS RECORDED TODAY.
  THUNDERSTORM
  LIGHT RAIN
  FOG


RELATIVE HUMIDITY (PERCENT)
 HIGHEST    93           200 AM
 LOWEST     46           100 PM
 AVERAGE    70

..........................................................


THE TUSCALOOSA CLIMATE NORMALS FOR TOMORROW
                         NORMAL    RECORD    YEAR
 MAXIMUM TEMPERATURE (F)   92       104      1980
 MINIMUM TEMPERATURE (F)   71        63      1975


SUNRISE AND SUNSET
JULY 12 2014..........SUNRISE   550 AM CDT   SUNSET   802 PM CDT
JULY 13 2014..........SUNRISE   551 AM CDT   SUNSET   801 PM CDT


-  INDICATES NEGATIVE NUMBERS.
R  INDICATES RECORD WAS SET OR TIED.
MM INDICATES DATA IS MISSING.
T  INDICATES TRACE AMOUNT.




$$
