000
CDUS44 KBMX 290743
CLITCL


CLIMATE REPORT
NATIONAL WEATHER SERVICE BIRMINGHAM, AL
242 AM CDT MON MAY 29 2017


...................................

...THE TUSCALOOSA CLIMATE SUMMARY FOR MAY 28 2017...

CLIMATE NORMAL PERIOD 1981 TO 2010
CLIMATE RECORD PERIOD 1948 TO 2017


WEATHER ITEM   OBSERVED TIME   RECORD YEAR NORMAL DEPARTURE LAST
                VALUE   (LST)  VALUE       VALUE  FROM      YEAR
                                                  NORMAL
..................................................................
TEMPERATURE (F)
 YESTERDAY
  MAXIMUM         84    450 PM  96    1962  86     -2       87
                                      1953
  MINIMUM         66    531 AM  42    1961  63      3       69
  AVERAGE         75                        75      0       78

PRECIPITATION (IN)
  YESTERDAY        0.04          2.09 1986   0.13  -0.09      T
  MONTH TO DATE    3.41                      3.59  -0.18     0.69
  SINCE MAR 1     14.70                     12.34   2.36    10.80
  SINCE JAN 1     25.91                     23.01   2.90    20.40

..................................................................


WIND (MPH)
  HIGHEST WIND SPEED    20   HIGHEST WIND DIRECTION     S (200)
  HIGHEST GUST SPEED    28   HIGHEST GUST DIRECTION     S (180)
  AVERAGE WIND SPEED     6.3


SKY COVER
  AVERAGE SKY COVER 0.3


WEATHER CONDITIONS
 THE FOLLOWING WEATHER WAS RECORDED YESTERDAY.
  LIGHT RAIN
  FOG


RELATIVE HUMIDITY (PERCENT)
 HIGHEST    94           100 AM
 LOWEST     55           200 PM
 AVERAGE    75

..........................................................


THE TUSCALOOSA CLIMATE NORMALS FOR TODAY
                         NORMAL    RECORD    YEAR
 MAXIMUM TEMPERATURE (F)   86        96      2006
 MINIMUM TEMPERATURE (F)   64        46      1984


SUNRISE AND SUNSET
MAY 29 2017...........SUNRISE   543 AM CDT   SUNSET   753 PM CDT
MAY 30 2017...........SUNRISE   543 AM CDT   SUNSET   754 PM CDT


-  INDICATES NEGATIVE NUMBERS.
R  INDICATES RECORD WAS SET OR TIED.
MM INDICATES DATA IS MISSING.
T  INDICATES TRACE AMOUNT.




$$
