000
CDUS42 KTAE 260639
CLITLH


CLIMATE REPORT
NATIONAL WEATHER SERVICE TALLAHASSEE FL
238 AM EDT SUN MAR 26 2017


...................................

...THE TALLAHASSEE CLIMATE SUMMARY FOR MARCH 25 2017...

CLIMATE NORMAL PERIOD 1981 TO 2010
CLIMATE RECORD PERIOD 1896 TO 2017


WEATHER ITEM   OBSERVED TIME   RECORD YEAR NORMAL DEPARTURE LAST
                VALUE   (LST)  VALUE       VALUE  FROM      YEAR
                                                  NORMAL
..................................................................
TEMPERATURE (F)
 YESTERDAY
  MAXIMUM         81    224 PM  89    1991  76      5       73
  MINIMUM         58   1156 PM  26    2008  49      9       62
  AVERAGE         70                        62      8       68

PRECIPITATION (IN)
  YESTERDAY        0.00          2.30 1893   0.17  -0.17     0.53
  MONTH TO DATE    1.05                      4.94  -3.89     3.25
  SINCE MAR 1      1.05                      4.94  -3.89     3.25
  SINCE JAN 1     10.98                     14.13  -3.15    11.95

SNOWFALL (IN)
  YESTERDAY        0.0                       0.0    0.0

DEGREE DAYS
 HEATING
  YESTERDAY        0                               -4
  MONTH TO DATE  128                              -28
  SINCE MAR 1    128                              -28
  SINCE JUL 1    776                             -723

 COOLING
  YESTERDAY        5                                3
  MONTH TO DATE   40                               14
  SINCE MAR 1     40                               14
  SINCE JAN 1    100                               60
..................................................................


WIND (MPH)
  HIGHEST WIND SPEED    20   HIGHEST WIND DIRECTION    SE (150)
  HIGHEST GUST SPEED    25   HIGHEST GUST DIRECTION    SE (150)
  AVERAGE WIND SPEED     7.3




RELATIVE HUMIDITY (PERCENT)
 HIGHEST    93
 LOWEST     45
 AVERAGE    69

..........................................................


THE TALLAHASSEE CLIMATE NORMALS FOR TODAY
                         NORMAL    RECORD    YEAR
 MAXIMUM TEMPERATURE (F)   76        90      1929
 MINIMUM TEMPERATURE (F)   49        28      1979


SUNRISE AND SUNSET
MARCH 26 2017.........SUNRISE   734 AM EDT   SUNSET   753 PM EDT
MARCH 27 2017.........SUNRISE   732 AM EDT   SUNSET   753 PM EDT


-  INDICATES NEGATIVE NUMBERS.
R  INDICATES RECORD WAS SET OR TIED.
MM INDICATES DATA IS MISSING.
T  INDICATES TRACE AMOUNT.




$$
