000
CDUS42 KTAE 190642
CLITLH


CLIMATE REPORT
NATIONAL WEATHER SERVICE TALLAHASSEE FL
239 AM EDT FRI SEP 19 2014


...................................

...THE TALLAHASSEE CLIMATE SUMMARY FOR SEPTEMBER 18 2014...

CLIMATE NORMAL PERIOD 1981 TO 2010
CLIMATE RECORD PERIOD 1896 TO 2014


WEATHER ITEM   OBSERVED TIME   RECORD YEAR NORMAL DEPARTURE LAST
                VALUE   (LST)  VALUE       VALUE  FROM      YEAR
                                                  NORMAL
..................................................................
TEMPERATURE (F)
 YESTERDAY
  MAXIMUM         92    339 PM  98    2005  88      4
  MINIMUM         69    609 AM  56    2001  68      1
                                      1967
                                      1910
  AVERAGE         81                        78      3

PRECIPITATION (IN)
  YESTERDAY        0.00          3.98 1966   0.15  -0.15     0.09
  MONTH TO DATE    5.85                      3.01   2.84     2.34
  SINCE SEP 1      5.85                      3.01   2.84     2.34
  SINCE JAN 1     46.93                     46.92   0.01    55.63

SNOWFALL (IN)
  YESTERDAY        0.0                       0.0    0.0

DEGREE DAYS
 HEATING
  YESTERDAY        0                                0
  MONTH TO DATE    0                                0
  SINCE SEP 1      0                                0
  SINCE JUL 1      0                                0

 COOLING
  YESTERDAY       16                                3
  MONTH TO DATE  317                               54
  SINCE SEP 1    317                               54
  SINCE JAN 1   2488                              272
..................................................................


WIND (MPH)
  HIGHEST WIND SPEED    10   HIGHEST WIND DIRECTION     N (10)
  HIGHEST GUST SPEED    MM   HIGHEST GUST DIRECTION    MM
  AVERAGE WIND SPEED     2.4




RELATIVE HUMIDITY (PERCENT)
 HIGHEST   100
 LOWEST     44
 AVERAGE    72

..........................................................


THE TALLAHASSEE CLIMATE NORMALS FOR TODAY
                         NORMAL    RECORD    YEAR
 MAXIMUM TEMPERATURE (F)   88        99      2005
 MINIMUM TEMPERATURE (F)   68        46      1981


SUNRISE AND SUNSET
SEPTEMBER 19 2014.....SUNRISE   724 AM EDT   SUNSET   738 PM EDT
SEPTEMBER 20 2014.....SUNRISE   725 AM EDT   SUNSET   737 PM EDT


-  INDICATES NEGATIVE NUMBERS.
R  INDICATES RECORD WAS SET OR TIED.
MM INDICATES DATA IS MISSING.
T  INDICATES TRACE AMOUNT.




$$
