000
CDUS42 KTAE 240630
CLITLH


CLIMATE REPORT
NATIONAL WEATHER SERVICE TALLAHASSEE FL
230 AM EDT SAT JUN 24 2017


...................................

...THE TALLAHASSEE CLIMATE SUMMARY FOR JUNE 23 2017...

CLIMATE NORMAL PERIOD 1981 TO 2010
CLIMATE RECORD PERIOD 1896 TO 2017


WEATHER ITEM   OBSERVED TIME   RECORD YEAR NORMAL DEPARTURE LAST
                VALUE   (LST)  VALUE       VALUE  FROM      YEAR
                                                  NORMAL
..................................................................
TEMPERATURE (F)
 YESTERDAY
  MAXIMUM         92    331 PM 101    1998  92      0       97
  MINIMUM         74    620 AM  62    1972  71      3       68
  AVERAGE         83                        81      2       83

PRECIPITATION (IN)
  YESTERDAY        0.00          2.90 1942   0.28  -0.28     0.00
  MONTH TO DATE   11.74                      5.84   5.90     4.80
  SINCE JUN 1     11.74                      5.84   5.90     4.80
  SINCE JAN 1     31.54                     27.50   4.04    28.20

SNOWFALL (IN)
  YESTERDAY        0.0                       0.0    0.0

DEGREE DAYS
 HEATING
  YESTERDAY        0                                0
  MONTH TO DATE    0                                0
  SINCE JUN 1      0                                0
  SINCE JUL 1    805                             -790

 COOLING
  YESTERDAY       18                                2
  MONTH TO DATE  321                              -21
  SINCE JUN 1    321                              -21
  SINCE JAN 1    948                              160
..................................................................


WIND (MPH)
  HIGHEST WIND SPEED    18   HIGHEST WIND DIRECTION     S (160)
  HIGHEST GUST SPEED    22   HIGHEST GUST DIRECTION     S (170)
  AVERAGE WIND SPEED     6.6




RELATIVE HUMIDITY (PERCENT)
 HIGHEST   100
 LOWEST     60
 AVERAGE    80

..........................................................


THE TALLAHASSEE CLIMATE NORMALS FOR TODAY
                         NORMAL    RECORD    YEAR
 MAXIMUM TEMPERATURE (F)   92       104      1914
 MINIMUM TEMPERATURE (F)   71        60      1966


SUNRISE AND SUNSET
JUNE 24 2017..........SUNRISE   637 AM EDT   SUNSET   843 PM EDT
JUNE 25 2017..........SUNRISE   637 AM EDT   SUNSET   843 PM EDT


-  INDICATES NEGATIVE NUMBERS.
R  INDICATES RECORD WAS SET OR TIED.
MM INDICATES DATA IS MISSING.
T  INDICATES TRACE AMOUNT.




$$
