000
CDUS42 KTAE 210631
CLITLH


CLIMATE REPORT
NATIONAL WEATHER SERVICE TALLAHASSEE FL
130 AM EST TUE FEB 21 2017


...................................

...THE TALLAHASSEE CLIMATE SUMMARY FOR FEBRUARY 20 2017...

CLIMATE NORMAL PERIOD 1981 TO 2010
CLIMATE RECORD PERIOD 1896 TO 2017


WEATHER ITEM   OBSERVED TIME   RECORD YEAR NORMAL DEPARTURE LAST
                VALUE   (LST)  VALUE       VALUE  FROM      YEAR
                                                  NORMAL
..................................................................
TEMPERATURE (F)
 YESTERDAY
  MAXIMUM         81    318 PM  84    1918  69     12       76
  MINIMUM         49    719 AM  22    2015  43      6       41
  AVERAGE         65                        56      9       59

PRECIPITATION (IN)
  YESTERDAY        0.00          2.32 1902   0.19  -0.19     0.00
  MONTH TO DATE    1.52                      3.30  -1.78     3.83
  SINCE DEC 1     12.93                     11.54   1.39    12.85
  SINCE JAN 1      8.73                      7.64   1.09     8.08

SNOWFALL (IN)
  YESTERDAY        0.0                       0.0    0.0

DEGREE DAYS
 HEATING
  YESTERDAY        0                              -10
  MONTH TO DATE   90                             -137
  SINCE DEC 1    520                             -517
  SINCE JUL 1    633                             -640

 COOLING
  YESTERDAY        0                                0
  MONTH TO DATE   15                               15
  SINCE DEC 1     88                               70
  SINCE JAN 1     45                               40
..................................................................


WIND (MPH)
  HIGHEST WIND SPEED    14   HIGHEST WIND DIRECTION    SW (220)
  HIGHEST GUST SPEED    17   HIGHEST GUST DIRECTION    SW (210)
  AVERAGE WIND SPEED     3.2




RELATIVE HUMIDITY (PERCENT)
 HIGHEST   100
 LOWEST     39
 AVERAGE    70

..........................................................


THE TALLAHASSEE CLIMATE NORMALS FOR TODAY
                         NORMAL    RECORD    YEAR
 MAXIMUM TEMPERATURE (F)   69        82      1994
 MINIMUM TEMPERATURE (F)   43        23      2009
                                             1977


SUNRISE AND SUNSET
FEBRUARY 21 2017......SUNRISE   712 AM EST   SUNSET   631 PM EST
FEBRUARY 22 2017......SUNRISE   711 AM EST   SUNSET   631 PM EST


-  INDICATES NEGATIVE NUMBERS.
R  INDICATES RECORD WAS SET OR TIED.
MM INDICATES DATA IS MISSING.
T  INDICATES TRACE AMOUNT.




$$
