000
CDUS44 KBMX 300810
CLITOI


CLIMATE REPORT
NATIONAL WEATHER SERVICE BIRMINGHAM, AL
302 AM CDT TUE MAY 30 2017


...................................

...THE TROY CLIMATE SUMMARY FOR MAY 29 2017...

CLIMATE NORMAL PERIOD 1981 TO 2010
CLIMATE RECORD PERIOD 9999 TO 9999


WEATHER ITEM   OBSERVED TIME   RECORD YEAR NORMAL DEPARTURE LAST
                VALUE   (LST)  VALUE       VALUE  FROM      YEAR
                                                  NORMAL
..................................................................
TEMPERATURE (F)
 YESTERDAY
  MAXIMUM         86    249 PM  MM      MM  87     -1       93
  MINIMUM         68    508 AM  MM      MM  63      5       68
  AVERAGE         77                        75      2       81

PRECIPITATION (IN)
  YESTERDAY        T                         0.20  -0.20     0.00
  MONTH TO DATE    7.75                      3.24   4.51     2.40
  SINCE MAR 1     13.67                     13.26   0.41    12.98
  SINCE JAN 1     32.30                     22.39   9.91    19.33

DEGREE DAYS
 COOLING
  YESTERDAY       12                        10      2       16
  MONTH TO DATE  178                       190    -12      216
  SINCE MAR 1    360                       262     98      375
  SINCE JAN 1    382                       267    115      382
..................................................................


WIND (MPH)
  HIGHEST WIND SPEED    16   HIGHEST WIND DIRECTION     W (260)
  HIGHEST GUST SPEED    22   HIGHEST GUST DIRECTION    SW (240)
  AVERAGE WIND SPEED     4.7


SKY COVER
  AVERAGE SKY COVER 0.2


WEATHER CONDITIONS
 THE FOLLOWING WEATHER WAS RECORDED YESTERDAY.
  NO SIGNIFICANT WEATHER WAS OBSERVED.


RELATIVE HUMIDITY (PERCENT)
 HIGHEST   100           100 AM
 LOWEST     61           200 PM
 AVERAGE    81

..........................................................


THE TROY CLIMATE NORMALS FOR TODAY
                         NORMAL    RECORD    YEAR
 MAXIMUM TEMPERATURE (F)   87        MM        MM
 MINIMUM TEMPERATURE (F)   63        MM        MM


SUNRISE AND SUNSET
MAY 30 2017...........SUNRISE   540 AM CDT   SUNSET   744 PM CDT
MAY 31 2017...........SUNRISE   539 AM CDT   SUNSET   745 PM CDT


-  INDICATES NEGATIVE NUMBERS.
R  INDICATES RECORD WAS SET OR TIED.
MM INDICATES DATA IS MISSING.
T  INDICATES TRACE AMOUNT.




$$
