000
CDUS44 KBMX 240127
CLITOI


CLIMATE REPORT
NATIONAL WEATHER SERVICE BIRMINGHAM, AL
827 PM CDT SUN JUL 23 2017


...................................

...THE TROY CLIMATE SUMMARY FOR JULY 23 2017...
VALID TODAY AS OF 0700 PM LOCAL TIME.

CLIMATE NORMAL PERIOD 1981 TO 2010
CLIMATE RECORD PERIOD 9999 TO 9999


WEATHER ITEM   OBSERVED TIME   RECORD YEAR NORMAL DEPARTURE LAST
                VALUE   (LST)  VALUE       VALUE  FROM      YEAR
                                                  NORMAL
..................................................................
TEMPERATURE (F)
 TODAY
  MAXIMUM         91    255 PM  MM      MM  92     -1       92
  MINIMUM         72    500 AM  MM      MM  70      2       70
  AVERAGE         82                        81      1       81

PRECIPITATION (IN)
  TODAY            0.00                      0.19  -0.19     0.00
  MONTH TO DATE    2.79                      4.19  -1.40     3.59
  SINCE JUN 1     11.30                      9.02   2.28     9.59
  SINCE JAN 1     43.80                     31.85  11.95    28.93

DEGREE DAYS
 COOLING
  TODAY           17                        16      1       16
  MONTH TO DATE  370                       361      9      382
  SINCE JUN 1    725                       749    -24      823
  SINCE JAN 1   1129                      1036     93     1238
..................................................................


WIND (MPH)
  HIGHEST WIND SPEED    17   HIGHEST WIND DIRECTION    SW (220)
  HIGHEST GUST SPEED    23   HIGHEST GUST DIRECTION    SW (220)
  AVERAGE WIND SPEED     3.0


SKY COVER
  AVERAGE SKY COVER 0.1


WEATHER CONDITIONS
 THE FOLLOWING WEATHER WAS RECORDED TODAY.
  FOG


RELATIVE HUMIDITY (PERCENT)
 HIGHEST   100          1200 AM
 LOWEST     56           200 PM
 AVERAGE    78

..........................................................


THE TROY CLIMATE NORMALS FOR TOMORROW
                         NORMAL    RECORD    YEAR
 MAXIMUM TEMPERATURE (F)   92        MM        MM
 MINIMUM TEMPERATURE (F)   70        MM        MM


SUNRISE AND SUNSET
JULY 23 2017..........SUNRISE   554 AM CDT   SUNSET   747 PM CDT
JULY 24 2017..........SUNRISE   555 AM CDT   SUNSET   746 PM CDT


-  INDICATES NEGATIVE NUMBERS.
R  INDICATES RECORD WAS SET OR TIED.
MM INDICATES DATA IS MISSING.
T  INDICATES TRACE AMOUNT.




$$
