000
CDUS41 KCLE 202112
CLITOL


CLIMATE REPORT
NATIONAL WEATHER SERVICE CLEVELAND OH
512 PM EDT SUN AUG 20 2017


...................................

...THE TOLEDO OH CLIMATE SUMMARY FOR AUGUST 20 2017...
VALID TODAY AS OF 0500 PM LOCAL TIME.

CLIMATE NORMAL PERIOD 1981 TO 2010
CLIMATE RECORD PERIOD 1873 TO 2017


WEATHER ITEM   OBSERVED TIME   RECORD YEAR NORMAL DEPARTURE LAST
                VALUE   (LST)  VALUE       VALUE  FROM      YEAR
                                                  NORMAL
..................................................................
TEMPERATURE (F)
 TODAY
  MAXIMUM         85    308 PM  99    1916  82      3       84
  MINIMUM         57    605 AM  47    1940  61     -4       66
  AVERAGE         71                        71      0       75

PRECIPITATION (IN)
  TODAY            0.00                      0.10  -0.10     0.75
  MONTH TO DATE    1.49                      2.07  -0.58     2.95
  SINCE JUN 1      8.48                      8.87  -0.39     7.61
  SINCE JAN 1     26.34                     22.24   4.10    21.37

SNOWFALL (IN)
  TODAY            0.0                       0.0    0.0      0.0
  MONTH TO DATE    0.0                       0.0    0.0      0.0
  SINCE JUN 1      0.0                       0.0    0.0      0.0
  SINCE JUL 1      0.0                       0.0    0.0      0.0
  SNOW DEPTH       0

DEGREE DAYS
 HEATING
  TODAY            0                         0      0        0
  MONTH TO DATE    0                         0      0        0
  SINCE JUN 1     21                        38    -17       14
  SINCE JUL 1      0                         3     -3        1

 COOLING
  TODAY            6                         7     -1       10
  MONTH TO DATE  112                       149    -37      234
  SINCE JUN 1    525                       584    -59      733
  SINCE JAN 1    570                       637    -67      802
..................................................................


WIND (MPH)
  HIGHEST WIND SPEED     9   HIGHEST WIND DIRECTION    SW (230)
  HIGHEST GUST SPEED    13   HIGHEST GUST DIRECTION     W (280)


SKY COVER
  POSSIBLE SUNSHINE  MM
  AVERAGE SKY COVER 0.0


WEATHER CONDITIONS
 THE FOLLOWING WEATHER WAS RECORDED TODAY.
  FOG


RELATIVE HUMIDITY (PERCENT)
 HIGHEST   100          1200 AM
 LOWEST     51           100 PM
 AVERAGE    76

..........................................................


THE TOLEDO OH CLIMATE NORMALS FOR TOMORROW
                         NORMAL    RECORD    YEAR
 MAXIMUM TEMPERATURE (F)   82        98      1916
 MINIMUM TEMPERATURE (F)   61        44      1950


SUNRISE AND SUNSET
AUGUST 20 2017........SUNRISE   649 AM EDT   SUNSET   827 PM EDT
AUGUST 21 2017........SUNRISE   650 AM EDT   SUNSET   825 PM EDT


-  INDICATES NEGATIVE NUMBERS.
R  INDICATES RECORD WAS SET OR TIED.
MM INDICATES DATA IS MISSING.
T  INDICATES TRACE AMOUNT.




$$
