000
CDUS45 KCYS 252139
CLITOR


CLIMATE REPORT
NATIONAL WEATHER SERVICE CHEYENNE WY
339 PM MDT SAT OCT 25 2014


...................................

...THE TORRINGTON WY AIRPORT CLIMATE SUMMARY FOR OCTOBER 25 2014...
VALID AS OF 0300 PM LOCAL TIME.

CLIMATE NORMAL PERIOD 1981 TO 2010
CLIMATE RECORD PERIOD 1998 TO 2014


WEATHER ITEM   OBSERVED TIME   RECORD YEAR NORMAL DEPARTURE LAST
                VALUE   (LST)  VALUE       VALUE  FROM      YEAR
                                                  NORMAL
..................................................................
TEMPERATURE (F)
 TODAY
  MAXIMUM         80    159 PM  81    2007  60     20       71
  MINIMUM         35    646 AM  20    2012  31      4       28
                                      2001
  AVERAGE         58                        45     13       50

PRECIPITATION (IN)
  TODAY            0.00          0.11 2009   0.03  -0.03     0.00
  MONTH TO DATE    0.04                      0.95  -0.91     3.72
  SINCE JAN 1     16.79                     13.28   3.51    12.90

DEGREE DAYS
 HEATING
  TODAY            7                        20    -13       15
  MONTH TO DATE  275                       389   -114      462
  SINCE SEP 1    413                       561   -148      565
  SINCE JUL 1    428                       583   -155      567

 COOLING
  TODAY            0                         0      0        0
  MONTH TO DATE    0                         0      0        0
  SINCE SEP 1     50                        45      5      120
  SINCE JAN 1    587                       678    -91      893
..................................................................


WIND (MPH)
  HIGHEST WIND SPEED    10   HIGHEST WIND DIRECTION    SE (150)
  HIGHEST GUST SPEED    15   HIGHEST GUST DIRECTION    SE (130)
  AVERAGE WIND SPEED     4.1


SKY COVER
  AVERAGE SKY COVER 0.0


WEATHER CONDITIONS
 THE FOLLOWING WEATHER WAS RECORDED TODAY.
  NO SIGNIFICANT WEATHER WAS OBSERVED.


RELATIVE HUMIDITY (PERCENT)
 HIGHEST    76           400 AM
 LOWEST     19           200 PM
 AVERAGE    48

..........................................................


THE TORRINGTON WY AIRPORT CLIMATE NORMALS FOR TOMORROW
                         NORMAL    RECORD    YEAR
 MAXIMUM TEMPERATURE (F)   59        65      2013
                                             2005
 MINIMUM TEMPERATURE (F)   30        19      2011
                                             2009
                                             2001


SUNRISE AND SUNSET
OCTOBER 25 2014.......SUNRISE   721 AM MDT   SUNSET   600 PM MDT
OCTOBER 26 2014.......SUNRISE   722 AM MDT   SUNSET   558 PM MDT


-  INDICATES NEGATIVE NUMBERS.
R  INDICATES RECORD WAS SET OR TIED.
MM INDICATES DATA IS MISSING.
T  INDICATES TRACE AMOUNT.




$$
