360
CDUS45 KCYS 260338
CLITOR


CLIMATE REPORT
NATIONAL WEATHER SERVICE CHEYENNE WY
938 PM MDT THU AUG 25 2016


...................................

...THE TORRINGTON WY AIRPORT CLIMATE SUMMARY FOR AUGUST 25 2016...
VALID TODAY AS OF 0900 PM LOCAL TIME.

CLIMATE NORMAL PERIOD 1981 TO 2010
CLIMATE RECORD PERIOD 1998 TO 2016


WEATHER ITEM   OBSERVED TIME   RECORD YEAR NORMAL DEPARTURE LAST
                VALUE   (LST)  VALUE       VALUE  FROM      YEAR
                                                  NORMAL
..................................................................
TEMPERATURE (F)
 TODAY
  MAXIMUM         72    151 PM 100    2011  86    -14       95
  MINIMUM         50    238 AM  49    2014  53     -3       50
  AVERAGE         61                        70     -9       73

PRECIPITATION (IN)
  TODAY            0.00          0.64 2006   0.02  -0.02     0.00
  MONTH TO DATE    1.08                      1.09  -0.01     0.22
  SINCE JAN 1      9.89                     10.78  -0.89    15.65

DEGREE DAYS
 HEATING
  TODAY            4                         1      3        0
  MONTH TO DATE   17                         4     13       26
  SINCE JUN 1     24                        85    -61       37
  SINCE JUL 1     17                        10      7       34

 COOLING
  TODAY            0                         5     -5        8
  MONTH TO DATE  169                       189    -20      187
  SINCE JUN 1    737                       587    150      559
  SINCE JAN 1    737                       605    132      559
..................................................................


WIND (MPH)
  HIGHEST WIND SPEED    16   HIGHEST WIND DIRECTION    NE (40)
  HIGHEST GUST SPEED    20   HIGHEST GUST DIRECTION    NE (30)
  AVERAGE WIND SPEED     8.1


SKY COVER
  AVERAGE SKY COVER 0.7


WEATHER CONDITIONS
 THE FOLLOWING WEATHER WAS RECORDED TODAY.
  NO SIGNIFICANT WEATHER WAS OBSERVED.


RELATIVE HUMIDITY (PERCENT)
 HIGHEST    89           100 AM
 LOWEST     34           200 PM
 AVERAGE    62

..........................................................


THE TORRINGTON WY AIRPORT CLIMATE NORMALS FOR TOMORROW
                         NORMAL    RECORD    YEAR
 MAXIMUM TEMPERATURE (F)   86       101      2010
 MINIMUM TEMPERATURE (F)   53        49      2005


SUNRISE AND SUNSET
AUGUST 25 2016........SUNRISE   615 AM MDT   SUNSET   741 PM MDT
AUGUST 26 2016........SUNRISE   616 AM MDT   SUNSET   739 PM MDT


-  INDICATES NEGATIVE NUMBERS.
R  INDICATES RECORD WAS SET OR TIED.
MM INDICATES DATA IS MISSING.
T  INDICATES TRACE AMOUNT.




$$
