000
CDUS42 KTBW 102117
CLITPA


CLIMATE REPORT
NATIONAL WEATHER SERVICE TAMPA BAY FL
513 PM EDT THU JUL 10 2014


...................................

...THE TAMPA CLIMATE SUMMARY FOR JULY 10 2014...
VALID TODAY AS OF 0500 PM LOCAL TIME.

CLIMATE NORMAL PERIOD 1981 TO 2010
CLIMATE RECORD PERIOD 1890 TO 2014


WEATHER ITEM   OBSERVED TIME   RECORD YEAR NORMAL DEPARTURE LAST
                VALUE   (LST)  VALUE       VALUE  FROM      YEAR
                                                  NORMAL
..................................................................
TEMPERATURE (F)
 TODAY
  MAXIMUM         89    227 PM  96    1990  90     -1       89
  MINIMUM         76    600 AM  68    1990  76      0       73
                                      1914
  AVERAGE         83                        83      0       81

PRECIPITATION (IN)
  TODAY            0.00          2.91 1920   0.23  -0.23     1.51
  MONTH TO DATE    6.58                      2.49   4.09     4.22
  SINCE JUN 1      8.35                      9.17  -0.82    15.52
  SINCE JAN 1     27.68                     21.37   6.31    24.64

DEGREE DAYS
 HEATING
  TODAY            0                         0      0        0
  MONTH TO DATE    0                         0      0        0
  SINCE JUN 1      0                         0      0        0
  SINCE JUL 1      0                         0      0        0

 COOLING
  TODAY           18                        18      0       16
  MONTH TO DATE  171                       180     -9      175
  SINCE JUN 1    697                       696      1      698
  SINCE JAN 1   1520                      1573    -53     1673
..................................................................


WIND (MPH)
  RESULTANT WIND SPEED   2   RESULTANT WIND DIRECTION  SW (220)
  HIGHEST WIND SPEED    12   HIGHEST WIND DIRECTION     W (270)
  HIGHEST GUST SPEED    14   HIGHEST GUST DIRECTION    NE (60)
  AVERAGE WIND SPEED     4.0


SKY COVER
  POSSIBLE SUNSHINE  MM
  AVERAGE SKY COVER 0.6


WEATHER CONDITIONS
 THE FOLLOWING WEATHER WAS RECORDED TODAY.
  THUNDERSTORM


RELATIVE HUMIDITY (PERCENT)
 HIGHEST    88           200 AM
 LOWEST     55           200 PM

..........................................................


THE TAMPA CLIMATE NORMALS FOR TOMORROW
                         NORMAL    RECORD    YEAR
 MAXIMUM TEMPERATURE (F)   90        96      1989
 MINIMUM TEMPERATURE (F)   76        68      1898


SUNRISE AND SUNSET
JULY 10 2014..........SUNRISE   641 AM EDT   SUNSET   830 PM EDT
JULY 11 2014..........SUNRISE   642 AM EDT   SUNSET   829 PM EDT


-  INDICATES NEGATIVE NUMBERS.
R  INDICATES RECORD WAS SET OR TIED.
MM INDICATES DATA IS MISSING.
T  INDICATES TRACE AMOUNT.




$$


&&
------------------------------------------------------------------
******************** SUPPLEMENTAL DATA ***************************

...RUSKIN                HIGH 91    LOW 73    PCPN 0.00
...SARASOTA/BRADENTON    HIGH 93    LOW 79    PCPN T
...LAKELAND              HIGH 92    LOW 72    PCPN T
...ST. PETERSBURG        HIGH 78    LOW 88    PCPN 0.26

...GULF WATER TEMPERATURE AT CLEARWATER BEACH 88
