000
CDUS42 KTBW 212115
CLITPA


CLIMATE REPORT
NATIONAL WEATHER SERVICE TAMPA BAY FL
512 PM EDT MON AUG 21 2017


...................................

...THE TAMPA CLIMATE SUMMARY FOR AUGUST 21 2017...
VALID TODAY AS OF 0500 PM LOCAL TIME.

CLIMATE NORMAL PERIOD 1981 TO 2010
CLIMATE RECORD PERIOD 1890 TO 2017


WEATHER ITEM   OBSERVED TIME   RECORD YEAR NORMAL DEPARTURE LAST
                VALUE   (LST)  VALUE       VALUE  FROM      YEAR
                                                  NORMAL
..................................................................
TEMPERATURE (F)
 TODAY
  MAXIMUM         94    359 PM  96    2007  90      4       91
  MINIMUM         79    620 AM  70    1948  76      3       79
                                      1937
                                      1918
  AVERAGE         87                        83      4       85

PRECIPITATION (IN)
  TODAY            0.00          2.27 1917   0.26  -0.26     0.00
  MONTH TO DATE    3.28                      5.25  -1.97     5.94
  SINCE JUN 1     20.17                     19.00   1.17    23.76
  SINCE JAN 1     26.19                     31.20  -5.01    39.66

DEGREE DAYS
 HEATING
  TODAY            0                         0      0        0
  MONTH TO DATE    0                         0      0        0
  SINCE JUN 1      0                         0      0        0
  SINCE JUL 1      0                         0      0        0

 COOLING
  TODAY           22                        18      4       20
  MONTH TO DATE  435                       378     57      394
  SINCE JUN 1   1572                      1452    120     1569
  SINCE JAN 1   2888                      2329    559     2589
..................................................................


WIND (MPH)
  RESULTANT WIND SPEED   5   RESULTANT WIND DIRECTION   E (100)
  HIGHEST WIND SPEED    12   HIGHEST WIND DIRECTION     S (170)
  HIGHEST GUST SPEED    17   HIGHEST GUST DIRECTION    SE (120)
  AVERAGE WIND SPEED     6.0


SKY COVER
  POSSIBLE SUNSHINE  MM
  AVERAGE SKY COVER 0.7


WEATHER CONDITIONS
 THE FOLLOWING WEATHER WAS RECORDED TODAY.
  NO SIGNIFICANT WEATHER WAS OBSERVED.


RELATIVE HUMIDITY (PERCENT)
 HIGHEST    91           400 AM
 LOWEST     46           400 PM

..........................................................


THE TAMPA CLIMATE NORMALS FOR TOMORROW
                         NORMAL    RECORD    YEAR
 MAXIMUM TEMPERATURE (F)   90        98      1975
 MINIMUM TEMPERATURE (F)   76        66      1911


SUNRISE AND SUNSET
AUGUST 21 2017........SUNRISE   703 AM EDT   SUNSET   802 PM EDT
AUGUST 22 2017........SUNRISE   704 AM EDT   SUNSET   801 PM EDT


-  INDICATES NEGATIVE NUMBERS.
R  INDICATES RECORD WAS SET OR TIED.
MM INDICATES DATA IS MISSING.
T  INDICATES TRACE AMOUNT.




$$


&&
------------------------------------------------------------------
******************** SUPPLEMENTAL DATA ***************************

...RUSKIN                HIGH 94    LOW 79    PCPN 0.00
...SARASOTA/BRADENTON    HIGH 93    LOW 77    PCPN 0.00
...LAKELAND*             HIGH MM    LOW MM    PCPN MM
...ST. PETERSBURG        HIGH 93    LOW 81    PCPN 0.00
...GULF WATER TEMPERATURE AT CLEARWATER BEACH 89 DEGREES.

*LAKELAND DATA IS FROM 4:30 PM SUNDAY TO 4:30 PM MONDAY
AND MAY REFLECT YESTERDAYS RAINFALL AND HIGH TEMPERATURE.
