000
CDUS42 KTBW 160832
CLITPA


CLIMATE REPORT
NATIONAL WEATHER SERVICE TAMPA BAY FL
429 AM EDT TUE SEP 16 2014


...................................

...THE TAMPA CLIMATE SUMMARY FOR SEPTEMBER 15 2014...

CLIMATE NORMAL PERIOD 1981 TO 2010
CLIMATE RECORD PERIOD 1890 TO 2014


WEATHER ITEM   OBSERVED TIME   RECORD YEAR NORMAL DEPARTURE LAST
                VALUE   (LST)  VALUE       VALUE  FROM      YEAR
                                                  NORMAL
..................................................................
TEMPERATURE (F)
 YESTERDAY
  MAXIMUM         90    233 PM  95    1991  89      1       94
                                      1958
  MINIMUM         75    451 AM  64    1956  75      0       74
  AVERAGE         83                        82      1       84

PRECIPITATION (IN)
  YESTERDAY        0.00          2.07 1969   0.23  -0.23     0.18
  MONTH TO DATE    1.87                      3.62  -1.75     3.40
  SINCE SEP 1      1.87                      3.62  -1.75     3.40
  SINCE JAN 1     41.82                     37.34   4.48    45.92

DEGREE DAYS
 HEATING
  YESTERDAY        0                         0      0        0
  MONTH TO DATE    0                         0      0        0
  SINCE SEP 1      0                         0      0        0
  SINCE JUL 1      0                         0      0        0

 COOLING
  YESTERDAY       18                        17      1       19
  MONTH TO DATE  272                       263      9      276
  SINCE SEP 1    272                       263      9      276
  SINCE JAN 1   2789                      2778     11     2913
..................................................................


WIND (MPH)
  RESULTANT WIND SPEED   2   RESULTANT WIND DIRECTION  SW (230)
  HIGHEST WIND SPEED    12   HIGHEST WIND DIRECTION     W (270)
  HIGHEST GUST SPEED    21   HIGHEST GUST DIRECTION     W (270)
  AVERAGE WIND SPEED     4.3


SKY COVER
  POSSIBLE SUNSHINE  MM
  AVERAGE SKY COVER 0.4


WEATHER CONDITIONS
 THE FOLLOWING WEATHER WAS RECORDED YESTERDAY.
  NO SIGNIFICANT WEATHER WAS OBSERVED.


RELATIVE HUMIDITY (PERCENT)
 HIGHEST    88          1200 AM
 LOWEST     50           200 PM
 AVERAGE    69

..........................................................


THE TAMPA CLIMATE NORMALS FOR TODAY
                         NORMAL    RECORD    YEAR
 MAXIMUM TEMPERATURE (F)   89        95      1927
 MINIMUM TEMPERATURE (F)   75        64      1976


SUNRISE AND SUNSET
SEPTEMBER 16 2014.....SUNRISE   716 AM EDT   SUNSET   734 PM EDT
SEPTEMBER 17 2014.....SUNRISE   716 AM EDT   SUNSET   732 PM EDT


-  INDICATES NEGATIVE NUMBERS.
R  INDICATES RECORD WAS SET OR TIED.
MM INDICATES DATA IS MISSING.
T  INDICATES TRACE AMOUNT.




$$


&&
------------------------------------------------------------------
******************** SUPPLEMENTAL DATA ***************************

...RUSKIN                HIGH 92    LOW 73    PCPN 0.00
...SARASOTA/BRADENTON    HIGH 89    LOW 73    PCPN 0.00
...ST. PETERSBURG        HIGH 89    LOW 79    PCPN 0.00
...GULF WATER TEMPERATURE AT CLEARWATER BEACH 86
