000
CDUS42 KTBW 242119
CLITPA


CLIMATE REPORT
NATIONAL WEATHER SERVICE TAMPA BAY FL
515 PM EDT THU JUL 24 2014


...................................

...THE TAMPA CLIMATE SUMMARY FOR JULY 24 2014...
VALID TODAY AS OF 0500 PM LOCAL TIME.

CLIMATE NORMAL PERIOD 1981 TO 2010
CLIMATE RECORD PERIOD 1890 TO 2014


WEATHER ITEM   OBSERVED TIME   RECORD YEAR NORMAL DEPARTURE LAST
                VALUE   (LST)  VALUE       VALUE  FROM      YEAR
                                                  NORMAL
..................................................................
TEMPERATURE (F)
 TODAY
  MAXIMUM         88    359 PM  96    1987  90     -2       90
                                      1961
  MINIMUM         78   1130 AM  65    1913  76      2       80
                                      1890
  AVERAGE         83                        83      0       85

PRECIPITATION (IN)
  TODAY            0.17          3.76 1945   0.22  -0.05     0.03
  MONTH TO DATE   12.60                      5.50   7.10     5.32
  SINCE JUN 1     14.37                     12.18   2.19    16.62
  SINCE JAN 1     33.70                     24.38   9.32    25.74

DEGREE DAYS
 HEATING
  TODAY            0                         0      0        0
  MONTH TO DATE    0                         0      0        0
  SINCE JUN 1      0                         0      0        0
  SINCE JUL 1      0                         0      0        0

 COOLING
  TODAY           18                        18      0       20
  MONTH TO DATE  423                       432     -9      418
  SINCE JUN 1    949                       948      1      941
  SINCE JAN 1   1772                      1825    -53     1916
..................................................................


WIND (MPH)
  RESULTANT WIND SPEED   1   RESULTANT WIND DIRECTION  SW (240)
  HIGHEST WIND SPEED    20   HIGHEST WIND DIRECTION    SW (230)
  HIGHEST GUST SPEED    23   HIGHEST GUST DIRECTION    SW (230)
  AVERAGE WIND SPEED     2.4


SKY COVER
  POSSIBLE SUNSHINE  MM
  AVERAGE SKY COVER 0.6


WEATHER CONDITIONS
 THE FOLLOWING WEATHER WAS RECORDED TODAY.
  THUNDERSTORM
  LIGHT RAIN
  FOG
  HAZE


RELATIVE HUMIDITY (PERCENT)
 HIGHEST    85           200 AM
 LOWEST     59           400 PM

..........................................................


THE TAMPA CLIMATE NORMALS FOR TOMORROW
                         NORMAL    RECORD    YEAR
 MAXIMUM TEMPERATURE (F)   90        96      1931
 MINIMUM TEMPERATURE (F)   76        67      1934


SUNRISE AND SUNSET
JULY 24 2014..........SUNRISE   648 AM EDT   SUNSET   825 PM EDT
JULY 25 2014..........SUNRISE   649 AM EDT   SUNSET   824 PM EDT


-  INDICATES NEGATIVE NUMBERS.
R  INDICATES RECORD WAS SET OR TIED.
MM INDICATES DATA IS MISSING.
T  INDICATES TRACE AMOUNT.




$$


&&
------------------------------------------------------------------
******************** SUPPLEMENTAL DATA ***************************

...RUSKIN                HIGH 91    LOW 76    PCPN 0.66
...SARASOTA/BRADENTON    HIGH 91    LOW 77    PCPN T
...LAKELAND              HIGH 93    LOW 73    PCPN T
...ST. PETERSBURG        HIGH 89    LOW 80    PCPN T

...GULF WATER TEMPERATURE AT CLEARWATER BEACH 89
