000
CDUS42 KTBW 270829
CLITPA


CLIMATE REPORT
NATIONAL WEATHER SERVICE TAMPA BAY FL
426 AM EDT WED AUG 27 2014


...................................

...THE TAMPA CLIMATE SUMMARY FOR AUGUST 26 2014...

CLIMATE NORMAL PERIOD 1981 TO 2010
CLIMATE RECORD PERIOD 1890 TO 2014


WEATHER ITEM   OBSERVED TIME   RECORD YEAR NORMAL DEPARTURE LAST
                VALUE   (LST)  VALUE       VALUE  FROM      YEAR
                                                  NORMAL
..................................................................
TEMPERATURE (F)
 YESTERDAY
  MAXIMUM         93    349 PM  95    1975  90      3       90
                                      1941
  MINIMUM         74    611 AM  68    1930  76     -2       76
                                      1902
  AVERAGE         84                        83      1       83

PRECIPITATION (IN)
  YESTERDAY        0.00          3.39 1995   0.26  -0.26     0.05
  MONTH TO DATE    5.42                      6.54  -1.12    11.45
  SINCE JUN 1     19.87                     20.29  -0.42    32.94
  SINCE JAN 1     39.20                     32.49   6.71    42.06

DEGREE DAYS
 HEATING
  YESTERDAY        0                         0      0        0
  MONTH TO DATE    0                         0      0        0
  SINCE JUN 1      0                         0      0        0
  SINCE JUL 1      0                         0      0        0

 COOLING
  YESTERDAY       19                        18      1       18
  MONTH TO DATE  502                       468     34      500
  SINCE JUN 1   1592                      1542     50     1572
  SINCE JAN 1   2415                      2419     -4     2547
..................................................................


WIND (MPH)
  RESULTANT WIND SPEED   8   RESULTANT WIND DIRECTION  NE (50)
  HIGHEST WIND SPEED    15   HIGHEST WIND DIRECTION    NE (40)
  HIGHEST GUST SPEED    22   HIGHEST GUST DIRECTION     E (70)
  AVERAGE WIND SPEED     8.9


SKY COVER
  POSSIBLE SUNSHINE  MM
  AVERAGE SKY COVER 0.4


WEATHER CONDITIONS
 THE FOLLOWING WEATHER WAS RECORDED YESTERDAY.
  NO SIGNIFICANT WEATHER WAS OBSERVED.


RELATIVE HUMIDITY (PERCENT)
 HIGHEST    87           100 AM
 LOWEST     41           300 PM
 AVERAGE    64

..........................................................


THE TAMPA CLIMATE NORMALS FOR TODAY
                         NORMAL    RECORD    YEAR
 MAXIMUM TEMPERATURE (F)   90        95      1947
 MINIMUM TEMPERATURE (F)   76        67      1921


SUNRISE AND SUNSET
AUGUST 27 2014........SUNRISE   706 AM EDT   SUNSET   756 PM EDT
AUGUST 28 2014........SUNRISE   707 AM EDT   SUNSET   755 PM EDT


-  INDICATES NEGATIVE NUMBERS.
R  INDICATES RECORD WAS SET OR TIED.
MM INDICATES DATA IS MISSING.
T  INDICATES TRACE AMOUNT.




$$


&&
------------------------------------------------------------------
******************** SUPPLEMENTAL DATA ***************************

...RUSKIN                HIGH 94    LOW 74    PCPN 0.00
...SARASOTA/BRADENTON    HIGH 95    LOW 75    PCPN 0.00
...ST. PETERSBURG        HIGH 92    LOW 78    PCPN 0.00
...GULF WATER TEMPERATURE AT CLEARWATER BEACH 87
