000
CDUS42 KTBW 060933
CLITPA


CLIMATE REPORT
NATIONAL WEATHER SERVICE TAMPA BAY FL
432 AM EST FRI MAR 6 2015


...................................

...THE TAMPA CLIMATE SUMMARY FOR MARCH 5 2015...

CLIMATE NORMAL PERIOD 1981 TO 2010
CLIMATE RECORD PERIOD 1890 TO 2015


WEATHER ITEM   OBSERVED TIME   RECORD YEAR NORMAL DEPARTURE LAST
                VALUE   (LST)  VALUE       VALUE  FROM      YEAR
                                                  NORMAL
..................................................................
TEMPERATURE (F)
 YESTERDAY
  MAXIMUM         80    158 PM  88    1961  75      5       76
  MINIMUM         68    611 AM  32    1893  57     11       61
  AVERAGE         74                        66      8       69

PRECIPITATION (IN)
  YESTERDAY        0.00          1.40 1988   0.10  -0.10      T
  MONTH TO DATE    0.02                      0.47  -0.45      T
  SINCE MAR 1      0.02                      0.47  -0.45      T
  SINCE JAN 1      8.32                      5.51   2.81     4.95

DEGREE DAYS
 HEATING
  YESTERDAY        0                         3     -3        0
  MONTH TO DATE    0                        15    -15        3
  SINCE MAR 1      0                        15    -15        3
  SINCE JUL 1    455                       486    -31      399

 COOLING
  YESTERDAY        9                         3      6        4
  MONTH TO DATE   46                        15     31       16
  SINCE MAR 1     46                        15     31       16
  SINCE JAN 1    113                       128    -15      120
..................................................................


WIND (MPH)
  RESULTANT WIND SPEED   7   RESULTANT WIND DIRECTION   S (190)
  HIGHEST WIND SPEED    17   HIGHEST WIND DIRECTION     S (190)
  HIGHEST GUST SPEED    23   HIGHEST GUST DIRECTION     S (190)
  AVERAGE WIND SPEED     8.0


SKY COVER
  POSSIBLE SUNSHINE  MM
  AVERAGE SKY COVER 0.4


WEATHER CONDITIONS
 THE FOLLOWING WEATHER WAS RECORDED YESTERDAY.
  FOG


RELATIVE HUMIDITY (PERCENT)
 HIGHEST    93          1000 PM
 LOWEST     73          1200 AM
 AVERAGE    83

..........................................................


THE TAMPA CLIMATE NORMALS FOR TODAY
                         NORMAL    RECORD    YEAR
 MAXIMUM TEMPERATURE (F)   75        86      1983
                                             1973
                                             1961
 MINIMUM TEMPERATURE (F)   57        37      1893


SUNRISE AND SUNSET
MARCH  6 2015.........SUNRISE   650 AM EST   SUNSET   633 PM EST
MARCH  7 2015.........SUNRISE   649 AM EST   SUNSET   634 PM EST


-  INDICATES NEGATIVE NUMBERS.
R  INDICATES RECORD WAS SET OR TIED.
MM INDICATES DATA IS MISSING.
T  INDICATES TRACE AMOUNT.




$$


&&
------------------------------------------------------------------
******************** SUPPLEMENTAL DATA ***************************

...RUSKIN                HIGH 84    LOW 64    PCPN 0.00
...SARASOTA/BRADENTON    HIGH 81    LOW 61    PCPN 0.00
...ST. PETERSBURG        HIGH 79    LOW 66    PCPN 0.00
...GULF WATER TEMPERATURE AT CLEARWATER BEACH 67
