000
CDUS42 KTBW 222225
CLITPA


CLIMATE REPORT
NATIONAL WEATHER SERVICE TAMPA BAY FL
522 PM EST MON JAN 22 2018


...................................

...THE TAMPA CLIMATE SUMMARY FOR JANUARY 22 2018...
VALID TODAY AS OF 0500 PM LOCAL TIME.

CLIMATE NORMAL PERIOD 1981 TO 2010
CLIMATE RECORD PERIOD 1890 TO 2018


WEATHER ITEM   OBSERVED TIME   RECORD YEAR NORMAL DEPARTURE LAST
                VALUE   (LST)  VALUE       VALUE  FROM      YEAR
                                                  NORMAL
..................................................................
TEMPERATURE (F)
 TODAY
  MAXIMUM         80    346 PM  83    2006  70     10       81
                                      1999
                                      1962
  MINIMUM         63    651 AM  25    1985  52     11       68
  AVERAGE         72                        61     11       75

PRECIPITATION (IN)
  TODAY            0.00          1.35 1906   0.08  -0.08     0.32
  MONTH TO DATE    1.14                      1.50  -0.36     0.55
  SINCE DEC 1      1.99                      3.97  -1.98     0.98
  SINCE JAN 1      1.14                      1.50  -0.36     0.55

DEGREE DAYS
 HEATING
  TODAY            0                         6     -6        0
  MONTH TO DATE  188                       132     56       42
  SINCE DEC 1    244                       271    -27       69
  SINCE JUL 1    252                       315    -63       84

 COOLING
  TODAY            7                         2      5       10
  MONTH TO DATE   34                        42     -8      117
  SINCE DEC 1    172                       122     50      309
  SINCE JAN 1     34                        42     -8      117
..................................................................


WIND (MPH)
  RESULTANT WIND SPEED   4   RESULTANT WIND DIRECTION  SE (140)
  HIGHEST WIND SPEED    13   HIGHEST WIND DIRECTION    SE (150)
  HIGHEST GUST SPEED    22   HIGHEST GUST DIRECTION     S (160)
  AVERAGE WIND SPEED     6.3


SKY COVER
  POSSIBLE SUNSHINE  MM
  AVERAGE SKY COVER 0.4


WEATHER CONDITIONS
 THE FOLLOWING WEATHER WAS RECORDED TODAY.
  FOG


RELATIVE HUMIDITY (PERCENT)
 HIGHEST    93           300 AM
 LOWEST     54           300 PM

..........................................................


THE TAMPA CLIMATE NORMALS FOR TOMORROW
                         NORMAL    RECORD    YEAR
 MAXIMUM TEMPERATURE (F)   70        83      2002
                                             1999
                                             1922
 MINIMUM TEMPERATURE (F)   52        31      1985


SUNRISE AND SUNSET
JANUARY 22 2018.......SUNRISE   721 AM EST   SUNSET   603 PM EST
JANUARY 23 2018.......SUNRISE   721 AM EST   SUNSET   603 PM EST


-  INDICATES NEGATIVE NUMBERS.
R  INDICATES RECORD WAS SET OR TIED.
MM INDICATES DATA IS MISSING.
T  INDICATES TRACE AMOUNT.




$$


&&
------------------------------------------------------------------
******************** SUPPLEMENTAL DATA ***************************

...RUSKIN                HIGH 82    LOW 59    PCPN 0.00
...SARASOTA/BRADENTON    HIGH 80    LOW 59    PCPN TRACE
...LAKELAND*             HIGH 82    LOW 58    PCPN 0.00
...ST. PETERSBURG        HIGH 78    LOW 59    PCPN 0.00
...GULF WATER TEMPERATURE AT CLEARWATER BEACH 56 DEGREES

*LAKELAND DATA IS FROM 4:30 PM SUNDAY TO 4:30 PM MONDAY
AND MAY REFLECT YESTERDAYS RAINFALL AND HIGH TEMPERATURE.
