000
CDUS45 KLKN 030933
CLITPH


CLIMATE REPORT
NATIONAL WEATHER SERVICE ELKO NV
233 AM PDT TUE MAY 3 2016


...................................

...THE TONOPAH AIRPORT NV CLIMATE SUMMARY FOR MAY 2 2016...

CLIMATE NORMAL PERIOD 1981 TO 2010
CLIMATE RECORD PERIOD 1954 TO 2016


WEATHER ITEM   OBSERVED TIME   RECORD YEAR NORMAL DEPARTURE LAST
                VALUE   (LST)  VALUE       VALUE  FROM      YEAR
                                                  NORMAL
..................................................................
TEMPERATURE (F)
 YESTERDAY
  MAXIMUM         66    119 PM  84    1981  70     -4       79
  MINIMUM         40    420 AM  25    1964  39      1       44
  AVERAGE         53                        54     -1       62

PRECIPITATION (IN)
  YESTERDAY        0.00          0.06 1999   0.02  -0.02     0.00
  MONTH TO DATE    T                         0.03  -0.03     0.00
  SINCE OCT 1      5.23                      3.12   2.11     1.05
  SINCE JAN 1      1.85                      2.03  -0.18     0.57

DEGREE DAYS
 HEATING
  YESTERDAY       12                        11      1        3
  MONTH TO DATE   26                        22      4        3
  SINCE MAR 1   1005                      1173   -168      889
  SINCE JUL 1   4932                      5215   -283     4011

 COOLING
  YESTERDAY        0                         0      0        0
  MONTH TO DATE    0                         0      0        0
  SINCE MAR 1      0                         1     -1        0
  SINCE JAN 1      0                         1     -1        0
..................................................................


WIND (MPH)
  HIGHEST WIND SPEED    22   HIGHEST WIND DIRECTION     W (250)
  HIGHEST GUST SPEED    26   HIGHEST GUST DIRECTION    SW (220)
  AVERAGE WIND SPEED     8.3



WEATHER CONDITIONS
 THE FOLLOWING WEATHER WAS RECORDED YESTERDAY.
  NO SIGNIFICANT WEATHER WAS OBSERVED.


RELATIVE HUMIDITY (PERCENT)
 HIGHEST    76           300 AM
 LOWEST     27          1200 PM
 AVERAGE    52

..........................................................


THE TONOPAH AIRPORT NV CLIMATE NORMALS FOR TODAY
                         NORMAL    RECORD    YEAR
 MAXIMUM TEMPERATURE (F)   70        87      2004
 MINIMUM TEMPERATURE (F)   40        19      1964


SUNRISE AND SUNSET
MAY  3 2016...........SUNRISE   549 AM PDT   SUNSET   742 PM PDT
MAY  4 2016...........SUNRISE   548 AM PDT   SUNSET   743 PM PDT


-  INDICATES NEGATIVE NUMBERS.
R  INDICATES RECORD WAS SET OR TIED.
MM INDICATES DATA IS MISSING.
T  INDICATES TRACE AMOUNT.




$$
