000
CDUS45 KLKN 160943
CLITPH


CLIMATE REPORT
NATIONAL WEATHER SERVICE ELKO NV
135 AM PST TUE JAN 16 2018


...................................

...THE TONOPAH AIRPORT NV CLIMATE SUMMARY FOR JANUARY 15 2018...

CLIMATE NORMAL PERIOD 1981 TO 2010
CLIMATE RECORD PERIOD 1954 TO 2018


WEATHER ITEM   OBSERVED TIME   RECORD YEAR NORMAL DEPARTURE LAST
                VALUE   (LST)  VALUE       VALUE  FROM      YEAR
                                                  NORMAL
..................................................................
TEMPERATURE (F)
 YESTERDAY
  MAXIMUM         58    246 PM  59    2014  45     13       34
                                      1994
                                      1961
  MINIMUM         30    722 AM  -6    1955  20     10       21
  AVERAGE         44                        32     12       28

PRECIPITATION (IN)
  YESTERDAY        0.00          0.10 2016   0.02  -0.02     0.00
  MONTH TO DATE    0.40                      0.23   0.17     0.14
  SINCE OCT 1      0.41                      1.32  -0.91     0.67
  SINCE JAN 1      0.40                      0.23   0.17     0.14

DEGREE DAYS
 HEATING
  YESTERDAY       21                        33    -12       37
  MONTH TO DATE  360                       498   -138      487
  SINCE DEC 1   1255                      1526   -271     1528
  SINCE JUL 1   2331                      2743   -412     2545

 COOLING
  YESTERDAY        0                         0      0        0
  MONTH TO DATE    0                         0      0        0
  SINCE DEC 1      0                         0      0        0
  SINCE JAN 1      0                         0      0        0
..................................................................


WIND (MPH)
  HIGHEST WIND SPEED    13   HIGHEST WIND DIRECTION    NE (40)
  HIGHEST GUST SPEED    14   HIGHEST GUST DIRECTION    NE (40)
  AVERAGE WIND SPEED     5.5



WEATHER CONDITIONS
 THE FOLLOWING WEATHER WAS RECORDED YESTERDAY.
  NO SIGNIFICANT WEATHER WAS OBSERVED.


RELATIVE HUMIDITY (PERCENT)
 HIGHEST    85           700 AM
 LOWEST     30           200 PM
 AVERAGE    58

..........................................................


THE TONOPAH AIRPORT NV CLIMATE NORMALS FOR TODAY
                         NORMAL    RECORD    YEAR
 MAXIMUM TEMPERATURE (F)   45        62      1976
 MINIMUM TEMPERATURE (F)   20         4      1955


SUNRISE AND SUNSET
JANUARY 16 2018.......SUNRISE   703 AM PST   SUNSET   454 PM PST
JANUARY 17 2018.......SUNRISE   702 AM PST   SUNSET   455 PM PST


-  INDICATES NEGATIVE NUMBERS.
R  INDICATES RECORD WAS SET OR TIED.
MM INDICATES DATA IS MISSING.
T  INDICATES TRACE AMOUNT.




$$
