000
CDUS45 KLKN 130927
CLITPH


CLIMATE REPORT
NATIONAL WEATHER SERVICE ELKO NV
126 AM PST SAT FEB 13 2016


...................................

...THE TONOPAH AIRPORT NV CLIMATE SUMMARY FOR FEBRUARY 12 2016...

CLIMATE NORMAL PERIOD 1981 TO 2010
CLIMATE RECORD PERIOD 1954 TO 2016


WEATHER ITEM   OBSERVED TIME   RECORD YEAR NORMAL DEPARTURE LAST
                VALUE   (LST)  VALUE       VALUE  FROM      YEAR
                                                  NORMAL
..................................................................
TEMPERATURE (F)
 YESTERDAY
  MAXIMUM         58    436 PM  65    1996  48     10       64
                                      1971
  MINIMUM         28    656 AM   3    1978  24      4       29
  AVERAGE         43                        36      7       47

PRECIPITATION (IN)
  YESTERDAY        0.00          0.17 2001   0.02  -0.02     0.00
  MONTH TO DATE    T                         0.20  -0.20     0.00
  SINCE OCT 1      4.35                      1.78   2.57     0.65
  SINCE JAN 1      0.97                      0.69   0.28     0.17

DEGREE DAYS
 HEATING
  YESTERDAY       22                        29     -7       18
  MONTH TO DATE  456                       358     98      225
  SINCE DEC 1   2528                      2392    136     1881
  SINCE JUL 1   3602                      3609     -7     2794

 COOLING
  YESTERDAY        0                         0      0        0
  MONTH TO DATE    0                         0      0        0
  SINCE DEC 1      0                         0      0        0
  SINCE JAN 1      0                         0      0        0
..................................................................


WIND (MPH)
  HIGHEST WIND SPEED    17   HIGHEST WIND DIRECTION     N (360)
  HIGHEST GUST SPEED    19   HIGHEST GUST DIRECTION     N (360)
  AVERAGE WIND SPEED     7.0



WEATHER CONDITIONS
 THE FOLLOWING WEATHER WAS RECORDED YESTERDAY.
  NO SIGNIFICANT WEATHER WAS OBSERVED.


RELATIVE HUMIDITY (PERCENT)
 HIGHEST    85           700 AM
 LOWEST     24           400 PM
 AVERAGE    55

..........................................................


THE TONOPAH AIRPORT NV CLIMATE NORMALS FOR TODAY
                         NORMAL    RECORD    YEAR
 MAXIMUM TEMPERATURE (F)   49        71      2015
 MINIMUM TEMPERATURE (F)   24         0      1959


SUNRISE AND SUNSET
FEBRUARY 13 2016......SUNRISE   641 AM PST   SUNSET   524 PM PST
FEBRUARY 14 2016......SUNRISE   640 AM PST   SUNSET   526 PM PST


-  INDICATES NEGATIVE NUMBERS.
R  INDICATES RECORD WAS SET OR TIED.
MM INDICATES DATA IS MISSING.
T  INDICATES TRACE AMOUNT.




$$
