000
CDUS45 KLKN 200929
CLITPH


CLIMATE REPORT
NATIONAL WEATHER SERVICE ELKO NV
128 AM PST MON NOV 20 2017


...................................

...THE TONOPAH AIRPORT NV CLIMATE SUMMARY FOR NOVEMBER 19 2017...

CLIMATE NORMAL PERIOD 1981 TO 2010
CLIMATE RECORD PERIOD 1954 TO 2017


WEATHER ITEM   OBSERVED TIME   RECORD YEAR NORMAL DEPARTURE LAST
                VALUE   (LST)  VALUE       VALUE  FROM      YEAR
                                                  NORMAL
..................................................................
TEMPERATURE (F)
 YESTERDAY
  MAXIMUM         55    308 PM  68    1989  52      3       57
  MINIMUM         19    713 AM   7    1964  25     -6       22
  AVERAGE         37                        38     -1       40

PRECIPITATION (IN)
  YESTERDAY        0.00          0.22 1967   0.02  -0.02     0.00
  MONTH TO DATE    0.00                      0.28  -0.28     0.00
  SINCE OCT 1      0.00                      0.62  -0.62      T
  SINCE JAN 1      3.51                      4.77  -1.26     3.57

DEGREE DAYS
 HEATING
  YESTERDAY       28                        26      2       25
  MONTH TO DATE  408                       429    -21      306
  SINCE SEP 1    890                       895     -5      687
  SINCE JUL 1    890                       901    -11      687

 COOLING
  YESTERDAY        0                         0      0        0
  MONTH TO DATE    0                         0      0        0
  SINCE SEP 1    117                        70     47       59
  SINCE JAN 1   1222                       783    439     1022
..................................................................


WIND (MPH)
  HIGHEST WIND SPEED    16   HIGHEST WIND DIRECTION     N (20)
  HIGHEST GUST SPEED    18   HIGHEST GUST DIRECTION     N (20)
  AVERAGE WIND SPEED     6.3



WEATHER CONDITIONS
 THE FOLLOWING WEATHER WAS RECORDED YESTERDAY.
  NO SIGNIFICANT WEATHER WAS OBSERVED.


RELATIVE HUMIDITY (PERCENT)
 HIGHEST    34           400 AM
 LOWEST     10           200 PM
 AVERAGE    22

..........................................................


THE TONOPAH AIRPORT NV CLIMATE NORMALS FOR TODAY
                         NORMAL    RECORD    YEAR
 MAXIMUM TEMPERATURE (F)   51        71      1989
 MINIMUM TEMPERATURE (F)   25         5      1977
                                             1964


SUNRISE AND SUNSET
NOVEMBER 20 2017......SUNRISE   635 AM PST   SUNSET   433 PM PST
NOVEMBER 21 2017......SUNRISE   636 AM PST   SUNSET   432 PM PST


-  INDICATES NEGATIVE NUMBERS.
R  INDICATES RECORD WAS SET OR TIED.
MM INDICATES DATA IS MISSING.
T  INDICATES TRACE AMOUNT.




$$
