046
CDUS45 KLKN 200038
CLITPH


CLIMATE REPORT
NATIONAL WEATHER SERVICE ELKO NV
435 PM PST THU JAN 19 2017


...................................

...THE TONOPAH AIRPORT NV CLIMATE SUMMARY FOR JANUARY 19 2017...
VALID TODAY AS OF 0400 PM LOCAL TIME.

CLIMATE NORMAL PERIOD 1981 TO 2010
CLIMATE RECORD PERIOD 1954 TO 2017


WEATHER ITEM   OBSERVED TIME   RECORD YEAR NORMAL DEPARTURE LAST
                VALUE   (LST)  VALUE       VALUE  FROM      YEAR
                                                  NORMAL
..................................................................
TEMPERATURE (F)
 TODAY
  MAXIMUM         43    337 PM  64    1971  45     -2       42
  MINIMUM         31    746 AM  -5    1955  21     10       23
  AVERAGE         37                        33      4       33

PRECIPITATION (IN)
  TODAY            0.03          0.18 1978   0.01   0.02      T
  MONTH TO DATE    0.17                      0.29  -0.12     0.49
  SINCE OCT 1      0.70                      1.38  -0.68     3.87
  SINCE JAN 1      0.17                      0.29  -0.12     0.49

DEGREE DAYS
 HEATING
  TODAY           28                        32     -4       32
  MONTH TO DATE  621                       627     -6      683
  SINCE DEC 1   1662                      1655      7     1725
  SINCE JUL 1   2679                      2872   -193     2799

 COOLING
  TODAY            0                         0      0        0
  MONTH TO DATE    0                         0      0        0
  SINCE DEC 1      0                         0      0        0
  SINCE JAN 1      0                         0      0        0
..................................................................


WIND (MPH)
  HIGHEST WIND SPEED    15   HIGHEST WIND DIRECTION    SE (140)
  HIGHEST GUST SPEED    18   HIGHEST GUST DIRECTION    SE (150)



WEATHER CONDITIONS
 THE FOLLOWING WEATHER WAS RECORDED TODAY.
  LIGHT SNOW
  FOG


RELATIVE HUMIDITY (PERCENT)
 HIGHEST   100           500 AM
 LOWEST     65           300 PM
 AVERAGE    83

..........................................................


THE TONOPAH AIRPORT NV CLIMATE NORMALS FOR TOMORROW
                         NORMAL    RECORD    YEAR
 MAXIMUM TEMPERATURE (F)   45        62      1971
 MINIMUM TEMPERATURE (F)   21        -6      1955


SUNRISE AND SUNSET
JANUARY 19 2017.......SUNRISE   701 AM PST   SUNSET   457 PM PST
JANUARY 20 2017.......SUNRISE   701 AM PST   SUNSET   458 PM PST


-  INDICATES NEGATIVE NUMBERS.
R  INDICATES RECORD WAS SET OR TIED.
MM INDICATES DATA IS MISSING.
T  INDICATES TRACE AMOUNT.




$$
