000
CDUS45 KLKN 280940
CLITPH


CLIMATE REPORT
NATIONAL WEATHER SERVICE ELKO NV
240 AM PDT TUE JUL 28 2015


...................................

...THE TONOPAH AIRPORT NV CLIMATE SUMMARY FOR JULY 27 2015...

CLIMATE NORMAL PERIOD 1981 TO 2010
CLIMATE RECORD PERIOD 1954 TO 2015


WEATHER ITEM   OBSERVED TIME   RECORD YEAR NORMAL DEPARTURE LAST
                VALUE   (LST)  VALUE       VALUE  FROM      YEAR
                                                  NORMAL
..................................................................
TEMPERATURE (F)
 YESTERDAY
  MAXIMUM         84    340 PM 100    2006  93     -9       91
  MINIMUM         62    501 AM  44    1965  58      4       69
  AVERAGE         73                        75     -2       80

PRECIPITATION (IN)
  YESTERDAY        0.00          0.45 2013   0.01  -0.01     0.00
  MONTH TO DATE    0.11                      0.37  -0.26     1.08
  SINCE OCT 1      2.66                      4.27  -1.61     2.46
  SINCE JAN 1      2.18                      3.18  -1.00     2.00

DEGREE DAYS
 HEATING
  YESTERDAY        0                         0      0        0
  MONTH TO DATE    0                         0      0        0
  SINCE JUN 1      6                        50    -44       15
  SINCE JUL 1      0                         0      0        0

 COOLING
  YESTERDAY        8                        10     -2       15
  MONTH TO DATE  225                       258    -33      365
  SINCE JUN 1    516                       403    113      581
  SINCE JAN 1    539                       430    109      615
..................................................................


WIND (MPH)
  HIGHEST WIND SPEED    32   HIGHEST WIND DIRECTION     N (340)
  HIGHEST GUST SPEED    42   HIGHEST GUST DIRECTION     N (340)
  AVERAGE WIND SPEED    15.8



WEATHER CONDITIONS
 THE FOLLOWING WEATHER WAS RECORDED YESTERDAY.
  NO SIGNIFICANT WEATHER WAS OBSERVED.


RELATIVE HUMIDITY (PERCENT)
 HIGHEST    26           600 AM
 LOWEST      6           600 PM
 AVERAGE    16

..........................................................


THE TONOPAH AIRPORT NV CLIMATE NORMALS FOR TODAY
                         NORMAL    RECORD    YEAR
 MAXIMUM TEMPERATURE (F)   92       100      1995
 MINIMUM TEMPERATURE (F)   58        47      1965


SUNRISE AND SUNSET
JULY 28 2015..........SUNRISE   548 AM PDT   SUNSET   801 PM PDT
JULY 29 2015..........SUNRISE   549 AM PDT   SUNSET   801 PM PDT


-  INDICATES NEGATIVE NUMBERS.
R  INDICATES RECORD WAS SET OR TIED.
MM INDICATES DATA IS MISSING.
T  INDICATES TRACE AMOUNT.




$$
