000
CDUS45 KLKN 250926
CLITPH


CLIMATE REPORT
NATIONAL WEATHER SERVICE ELKO NV
226 AM PDT WED MAY 25 2016


...................................

...THE TONOPAH AIRPORT NV CLIMATE SUMMARY FOR MAY 24 2016...

CLIMATE NORMAL PERIOD 1981 TO 2010
CLIMATE RECORD PERIOD 1954 TO 2016


WEATHER ITEM   OBSERVED TIME   RECORD YEAR NORMAL DEPARTURE LAST
                VALUE   (LST)  VALUE       VALUE  FROM      YEAR
                                                  NORMAL
..................................................................
TEMPERATURE (F)
 YESTERDAY
  MAXIMUM         65    131 PM  91    2001  77    -12       73
  MINIMUM         44    410 AM  24    1978  45     -1       49
  AVERAGE         55                        61     -6       61

PRECIPITATION (IN)
  YESTERDAY        0.04          0.05 1963   0.02   0.02      T
  MONTH TO DATE    0.21                      0.40  -0.19     1.24
  SINCE OCT 1      5.44                      3.49   1.95     2.29
  SINCE JAN 1      2.06                      2.40  -0.34     1.81

DEGREE DAYS
 HEATING
  YESTERDAY       10                         5      5        4
  MONTH TO DATE  200                       189     11      234
  SINCE MAR 1   1179                      1340   -161     1120
  SINCE JUL 1   5106                      5382   -276     4242

 COOLING
  YESTERDAY        0                         1     -1        0
  MONTH TO DATE    1                        11    -10        0
  SINCE MAR 1      1                        12    -11        0
  SINCE JAN 1      1                        12    -11        0
..................................................................


WIND (MPH)
  HIGHEST WIND SPEED    24   HIGHEST WIND DIRECTION    NW (330)
  HIGHEST GUST SPEED    37   HIGHEST GUST DIRECTION     N (10)
  AVERAGE WIND SPEED    12.8



WEATHER CONDITIONS
 THE FOLLOWING WEATHER WAS RECORDED YESTERDAY.
  THUNDERSTORM
  LIGHT RAIN


RELATIVE HUMIDITY (PERCENT)
 HIGHEST    71          1100 PM
 LOWEST     27           200 PM
 AVERAGE    49

..........................................................


THE TONOPAH AIRPORT NV CLIMATE NORMALS FOR TODAY
                         NORMAL    RECORD    YEAR
 MAXIMUM TEMPERATURE (F)   77        93      1986
 MINIMUM TEMPERATURE (F)   46        28      1980


SUNRISE AND SUNSET
MAY 25 2016...........SUNRISE   530 AM PDT   SUNSET   801 PM PDT
MAY 26 2016...........SUNRISE   530 AM PDT   SUNSET   802 PM PDT


-  INDICATES NEGATIVE NUMBERS.
R  INDICATES RECORD WAS SET OR TIED.
MM INDICATES DATA IS MISSING.
T  INDICATES TRACE AMOUNT.




$$
