000
CDUS45 KLKN 280928
CLITPH


CLIMATE REPORT
NATIONAL WEATHER SERVICE ELKO NV
227 AM PDT FRI AUG 28 2015


...................................

...THE TONOPAH AIRPORT NV CLIMATE SUMMARY FOR AUGUST 27 2015...

CLIMATE NORMAL PERIOD 1981 TO 2010
CLIMATE RECORD PERIOD 1954 TO 2015


WEATHER ITEM   OBSERVED TIME   RECORD YEAR NORMAL DEPARTURE LAST
                VALUE   (LST)  VALUE       VALUE  FROM      YEAR
                                                  NORMAL
..................................................................
TEMPERATURE (F)
 YESTERDAY
  MAXIMUM         91    122 PM  96    2011  88      3       86
                                      2001
  MINIMUM         59    529 AM  42    1990  54      5       52
                                      1963
                                      1954
  AVERAGE         75                        70      5       69

PRECIPITATION (IN)
  YESTERDAY        0.00          0.35 2000   0.02  -0.02     0.00
                                      1970
  MONTH TO DATE    0.22                      0.45  -0.23     0.77
  SINCE OCT 1      2.88                      4.80  -1.92     3.48
  SINCE JAN 1      2.40                      3.71  -1.31     3.02

DEGREE DAYS
 HEATING
  YESTERDAY        0                         0      0        0
  MONTH TO DATE    0                         0      0        0
  SINCE JUN 1      6                        52    -46       15
  SINCE JUL 1      0                         2     -2        0

 COOLING
  YESTERDAY       10                         6      4        4
  MONTH TO DATE  281                       217     64      174
  SINCE JUN 1    841                       665    176      792
  SINCE JAN 1    864                       692    172      826
..................................................................


WIND (MPH)
  HIGHEST WIND SPEED    14   HIGHEST WIND DIRECTION     E (90)
  HIGHEST GUST SPEED    17   HIGHEST GUST DIRECTION     S (190)
  AVERAGE WIND SPEED     5.4



WEATHER CONDITIONS
 THE FOLLOWING WEATHER WAS RECORDED YESTERDAY.
  NO SIGNIFICANT WEATHER WAS OBSERVED.


RELATIVE HUMIDITY (PERCENT)
 HIGHEST    52           300 AM
 LOWEST     16           100 PM
 AVERAGE    34

..........................................................


THE TONOPAH AIRPORT NV CLIMATE NORMALS FOR TODAY
                         NORMAL    RECORD    YEAR
 MAXIMUM TEMPERATURE (F)   87        97      2001
 MINIMUM TEMPERATURE (F)   53        45      1980
                                             1975
                                             1963


SUNRISE AND SUNSET
AUGUST 28 2015........SUNRISE   615 AM PDT   SUNSET   724 PM PDT
AUGUST 29 2015........SUNRISE   615 AM PDT   SUNSET   723 PM PDT


-  INDICATES NEGATIVE NUMBERS.
R  INDICATES RECORD WAS SET OR TIED.
MM INDICATES DATA IS MISSING.
T  INDICATES TRACE AMOUNT.




$$
