000
CDUS45 KLKN 010929
CLITPH


CLIMATE REPORT
NATIONAL WEATHER SERVICE ELKO NV
228 AM PDT WED JUL 1 2015


...................................

...THE TONOPAH AIRPORT NV CLIMATE SUMMARY FOR JUNE 30 2015...

CLIMATE NORMAL PERIOD 1981 TO 2010
CLIMATE RECORD PERIOD 1954 TO 2015


WEATHER ITEM   OBSERVED TIME   RECORD YEAR NORMAL DEPARTURE LAST
                VALUE   (LST)  VALUE       VALUE  FROM      YEAR
                                                  NORMAL
..................................................................
TEMPERATURE (F)
 YESTERDAY
  MAXIMUM         96    434 PM 103    2013  90      6       98
  MINIMUM         68    314 AM  42    1989  56     12       64
                                      1968
  AVERAGE         82                        72     10       81

PRECIPITATION (IN)
  YESTERDAY        0.08          0.17 1995   0.00   0.08     0.00
  MONTH TO DATE    0.26                      0.28  -0.02      T
  SINCE OCT 1      2.55                      3.90  -1.35     1.38
  SINCE JAN 1      2.07                      2.81  -0.74     0.92

DEGREE DAYS
 HEATING
  YESTERDAY        0                         0      0        0
  MONTH TO DATE    6                        48    -42       15
  SINCE JUN 1      6                        50    -44       15
  SINCE JUL 1   4255                      5461  -1206     4951

 COOLING
  YESTERDAY       17                         8      9       16
  MONTH TO DATE  291                       145    146      216
  SINCE JUN 1    291                       145    146      216
  SINCE JAN 1    314                       172    142      250
..................................................................


WIND (MPH)
  HIGHEST WIND SPEED    29   HIGHEST WIND DIRECTION     S (180)
  HIGHEST GUST SPEED    38   HIGHEST GUST DIRECTION     S (190)
  AVERAGE WIND SPEED     9.5



WEATHER CONDITIONS
 THE FOLLOWING WEATHER WAS RECORDED YESTERDAY.
  THUNDERSTORM
  HEAVY RAIN
  LIGHT RAIN


RELATIVE HUMIDITY (PERCENT)
 HIGHEST    49          1000 PM
 LOWEST     14           200 PM
 AVERAGE    32

..........................................................


THE TONOPAH AIRPORT NV CLIMATE NORMALS FOR TODAY
                         NORMAL    RECORD    YEAR
 MAXIMUM TEMPERATURE (F)   90       102      2013
 MINIMUM TEMPERATURE (F)   56        40      1997


SUNRISE AND SUNSET
JULY  1 2015..........SUNRISE   529 AM PDT   SUNSET   815 PM PDT
JULY  2 2015..........SUNRISE   530 AM PDT   SUNSET   815 PM PDT


-  INDICATES NEGATIVE NUMBERS.
R  INDICATES RECORD WAS SET OR TIED.
MM INDICATES DATA IS MISSING.
T  INDICATES TRACE AMOUNT.




$$
