000
CDUS44 KMRX 230818
CLITRI

CLIMATE REPORT
NATIONAL WEATHER SERVICE MORRISTOWN TN
419 AM EDT THU OCT 23 2014


...................................

...THE TRI-CITIES      ASOS CLIMATE SUMMARY FOR OCTOBER 22 2014...

CLIMATE NORMAL PERIOD 1981 TO 2010
CLIMATE RECORD PERIOD 1934 TO 2014


WEATHER ITEM   OBSERVED TIME   RECORD YEAR NORMAL DEPARTURE LAST
                VALUE   (LST)  VALUE       VALUE  FROM      YEAR
                                                  NORMAL
..................................................................
TEMPERATURE (F)
 YESTERDAY
  MAXIMUM         55   1253 PM  85    1947  68    -13       66
  MINIMUM         45    634 AM  24    1987  41      4       46
                                      1952
  AVERAGE         50                        54     -4       56

PRECIPITATION (IN)
  YESTERDAY        0.00          0.60 1990   0.07  -0.07      T
  MONTH TO DATE    5.68                      1.44   4.24     0.61
  SINCE SEP 1      7.10                      4.43   2.67     2.46
  SINCE JAN 1     32.14                     33.88  -1.74    47.33

SNOWFALL (IN)
  YESTERDAY        0.0                       0.0    0.0      0.0
  MONTH TO DATE    0.0                       0.0    0.0      0.0
  SINCE SEP 1      0.0                       0.0    0.0      0.0
  SINCE JUL 1      0.0                       0.0    0.0      0.0
  SNOW DEPTH       0

DEGREE DAYS
 HEATING
  YESTERDAY       15                        11      4        9
  MONTH TO DATE  138                       173    -35       97
  SINCE SEP 1    149                       225    -76      116
  SINCE JUL 1    149                       226    -77      116

 COOLING
  YESTERDAY        0                         0      0        0
  MONTH TO DATE    9                         9      0       25
  SINCE SEP 1    184                       125     59      145
  SINCE JAN 1   1141                       977    164     1003
..................................................................


WIND (MPH)
  HIGHEST WIND SPEED    13   HIGHEST WIND DIRECTION     N (340)
  HIGHEST GUST SPEED    16   HIGHEST GUST DIRECTION     E (80)
  AVERAGE WIND SPEED     5.4


SKY COVER
  POSSIBLE SUNSHINE  MM
  AVERAGE SKY COVER  MM


WEATHER CONDITIONS
 THE FOLLOWING WEATHER WAS RECORDED YESTERDAY.
  NO SIGNIFICANT WEATHER WAS OBSERVED.


RELATIVE HUMIDITY (PERCENT)
 HIGHEST    82          1000 PM
 LOWEST     61           100 PM
 AVERAGE    72

..........................................................


THE TRI-CITIES      ASOS CLIMATE NORMALS FOR TODAY
                         NORMAL    RECORD    YEAR
 MAXIMUM TEMPERATURE (F)   67        82      1947
 MINIMUM TEMPERATURE (F)   41        24      1997


SUNRISE AND SUNSET
OCTOBER 23 2014.......SUNRISE   744 AM EDT   SUNSET   643 PM EDT
OCTOBER 24 2014.......SUNRISE   745 AM EDT   SUNSET   642 PM EDT


-  INDICATES NEGATIVE NUMBERS.
R  INDICATES RECORD WAS SET OR TIED.
MM INDICATES DATA IS MISSING.
T  INDICATES TRACE AMOUNT.




$$
