000
CDUS44 KMRX 260815
CLITRI


CLIMATE REPORT
NATIONAL WEATHER SERVICE MORRISTOWN TN
415 AM EDT MON JUN 26 2017


...................................

...THE TRI-CITIES      ASOS CLIMATE SUMMARY FOR JUNE 25 2017...

CLIMATE NORMAL PERIOD 1981 TO 2010
CLIMATE RECORD PERIOD 1934 TO 2017


WEATHER ITEM   OBSERVED TIME   RECORD YEAR NORMAL DEPARTURE LAST
                VALUE   (LST)  VALUE       VALUE  FROM      YEAR
                                                  NORMAL
..................................................................
TEMPERATURE (F)
 YESTERDAY
  MAXIMUM         79    420 PM  97    1952  85     -6       91
  MINIMUM         56   1159 PM  51    1972  62     -6       62
  AVERAGE         68                        74     -6       77

PRECIPITATION (IN)
  YESTERDAY        0.00          1.36 1999   0.14  -0.14     0.00
  MONTH TO DATE    2.04                      3.22  -1.18     1.83
  SINCE JUN 1      2.04                      3.22  -1.18     1.83
  SINCE JAN 1     24.23                     20.61   3.62    17.74

SNOWFALL (IN)
  YESTERDAY        0.0                       0.0    0.0      0.0
  MONTH TO DATE    0.0                       0.0    0.0      0.0
  SINCE JUN 1      0.0                       0.0    0.0      0.0
  SINCE JUL 1      4.3                      13.3   -9.0     18.4
  SNOW DEPTH       0

DEGREE DAYS
 HEATING
  YESTERDAY        0                         0      0        0
  MONTH TO DATE    2                         9     -7        0
  SINCE JUN 1      2                         9     -7        0
  SINCE JUL 1   3313                      4372  -1059     3545

 COOLING
  YESTERDAY        3                         9     -6       12
  MONTH TO DATE  168                       161      7      223
  SINCE JUN 1    168                       161      7      223
  SINCE JAN 1    288                       234     54      319
..................................................................


WIND (MPH)
  HIGHEST WIND SPEED    16   HIGHEST WIND DIRECTION     W (280)
  HIGHEST GUST SPEED    25   HIGHEST GUST DIRECTION    SW (230)
  AVERAGE WIND SPEED     3.8


SKY COVER
  POSSIBLE SUNSHINE  MM
  AVERAGE SKY COVER 0.5


WEATHER CONDITIONS
 THE FOLLOWING WEATHER WAS RECORDED YESTERDAY.
  NO SIGNIFICANT WEATHER WAS OBSERVED.


RELATIVE HUMIDITY (PERCENT)
 HIGHEST   100           200 AM
 LOWEST     37           600 PM
 AVERAGE    69

..........................................................


THE TRI-CITIES      ASOS CLIMATE NORMALS FOR TODAY
                         NORMAL    RECORD    YEAR
 MAXIMUM TEMPERATURE (F)   85        96      1988
 MINIMUM TEMPERATURE (F)   63        50      1979


SUNRISE AND SUNSET
JUNE 26 2017..........SUNRISE   613 AM EDT   SUNSET   852 PM EDT
JUNE 27 2017..........SUNRISE   614 AM EDT   SUNSET   852 PM EDT


-  INDICATES NEGATIVE NUMBERS.
R  INDICATES RECORD WAS SET OR TIED.
MM INDICATES DATA IS MISSING.
T  INDICATES TRACE AMOUNT.




$$
