000
CDUS44 KMRX 252132
CLITRI


CLIMATE REPORT
NATIONAL WEATHER SERVICE MORRISTOWN TN
532 PM EDT SAT MAR 25 2017


...................................

...THE TRI-CITIES      ASOS CLIMATE SUMMARY FOR MARCH 25 2017...
VALID TODAY AS OF 0500 PM LOCAL TIME.

CLIMATE NORMAL PERIOD 1981 TO 2010
CLIMATE RECORD PERIOD 1934 TO 2017


WEATHER ITEM   OBSERVED TIME   RECORD YEAR NORMAL DEPARTURE LAST
                VALUE   (LST)  VALUE       VALUE  FROM      YEAR
                                                  NORMAL
..................................................................
TEMPERATURE (F)
 TODAY
  MAXIMUM         76    354 PM  85    1954  62     14       63
  MINIMUM         50    707 AM  12    1940  37     13       41
  AVERAGE         63                        49     14       52

PRECIPITATION (IN)
  TODAY            0.00          0.93 1965   0.11  -0.11     0.05
  MONTH TO DATE    3.67                      2.75   0.92     0.90
  SINCE MAR 1      3.67                      2.75   0.92     0.90
  SINCE JAN 1      8.35                      9.57  -1.22     8.30

SNOWFALL (IN)
  TODAY            0.0                       0.0    0.0      0.0
  MONTH TO DATE    0.3                       1.2   -0.9       T
  SINCE MAR 1      0.3                       1.2   -0.9       T
  SINCE JUL 1      4.3                      12.0   -7.7     18.4
  SNOW DEPTH       0

DEGREE DAYS
 HEATING
  TODAY            2                        16    -14       13
  MONTH TO DATE  507                       478     29      334
  SINCE MAR 1    507                       478     29      334
  SINCE JUL 1   3074                      3860   -786     3154

 COOLING
  TODAY            0                         0      0        0
  MONTH TO DATE    0                         0      0        5
  SINCE MAR 1      0                         0      0        5
  SINCE JAN 1      0                         0      0        5
..................................................................


WIND (MPH)
  HIGHEST WIND SPEED    13   HIGHEST WIND DIRECTION    SW (220)
  HIGHEST GUST SPEED    18   HIGHEST GUST DIRECTION    SW (220)
  AVERAGE WIND SPEED     2.4


SKY COVER
  POSSIBLE SUNSHINE  MM
  AVERAGE SKY COVER 0.9


WEATHER CONDITIONS
 THE FOLLOWING WEATHER WAS RECORDED TODAY.
  NO SIGNIFICANT WEATHER WAS OBSERVED.


RELATIVE HUMIDITY (PERCENT)
 HIGHEST    83           600 AM
 LOWEST     38           400 PM
 AVERAGE    61

..........................................................


THE TRI-CITIES      ASOS CLIMATE NORMALS FOR TOMORROW
                         NORMAL    RECORD    YEAR
 MAXIMUM TEMPERATURE (F)   62        82      1944
 MINIMUM TEMPERATURE (F)   37        11      1940


SUNRISE AND SUNSET
MARCH 25 2017.........SUNRISE   725 AM EDT   SUNSET   746 PM EDT
MARCH 26 2017.........SUNRISE   724 AM EDT   SUNSET   747 PM EDT


-  INDICATES NEGATIVE NUMBERS.
R  INDICATES RECORD WAS SET OR TIED.
MM INDICATES DATA IS MISSING.
T  INDICATES TRACE AMOUNT.




$$
