000
CDUS44 KMRX 160818
CLITRI

CLIMATE REPORT
NATIONAL WEATHER SERVICE MORRISTOWN TN
415 AM EDT WED APR 16 2014


...................................

...THE TRI-CITIES      ASOS CLIMATE SUMMARY FOR APRIL 15 2014...

CLIMATE NORMAL PERIOD 1981 TO 2010
CLIMATE RECORD PERIOD 1934 TO 2014


WEATHER ITEM   OBSERVED TIME   RECORD YEAR NORMAL DEPARTURE LAST
                VALUE   (LST)  VALUE       VALUE  FROM      YEAR
                                                  NORMAL
..................................................................
TEMPERATURE (F)
 YESTERDAY
  MAXIMUM         63    152 AM  85    1945  68     -5       76
  MINIMUM         33   1117 PM  25    1943  42     -9       53
  AVERAGE         48                        55     -7       65

PRECIPITATION (IN)
  YESTERDAY        0.31          2.32 1956   0.11   0.20      T
  MONTH TO DATE    1.63                      1.64  -0.01     2.06
  SINCE MAR 1      3.90                      5.08  -1.18     6.68
  SINCE JAN 1      8.96                     11.90  -2.94    18.53

SNOWFALL (IN)
  YESTERDAY        T                         0.0    0.0      0.0
  MONTH TO DATE    T                         0.7   -0.7      0.0
  SINCE MAR 1      0.7                       2.1   -1.4      1.5
  SINCE JUL 1     13.0                      12.9    0.1      9.2
  SNOW DEPTH       0

DEGREE DAYS
 HEATING
  YESTERDAY       17                        10      7        0
  MONTH TO DATE  115                       182    -67      162
  SINCE MAR 1    731                       750    -19      908
  SINCE JUL 1   4226                      4132     94     4077

 COOLING
  YESTERDAY        0                         0      0        0
  MONTH TO DATE    6                         0      6        5
  SINCE MAR 1      6                         1      5        5
  SINCE JAN 1      6                         1      5        5
..................................................................


WIND (MPH)
  HIGHEST WIND SPEED    17   HIGHEST WIND DIRECTION    NW (310)
  HIGHEST GUST SPEED    26   HIGHEST GUST DIRECTION    NW (300)
  AVERAGE WIND SPEED     9.2


SKY COVER
  POSSIBLE SUNSHINE  MM
  AVERAGE SKY COVER  MM


WEATHER CONDITIONS
 THE FOLLOWING WEATHER WAS RECORDED YESTERDAY.
  RAIN
  LIGHT RAIN
  SNOW
  LIGHT SNOW
  FOG
  HAZE


RELATIVE HUMIDITY (PERCENT)
 HIGHEST    90           400 AM
 LOWEST     51          1100 PM
 AVERAGE    71

..........................................................


THE TRI-CITIES      ASOS CLIMATE NORMALS FOR TODAY
                         NORMAL    RECORD    YEAR
 MAXIMUM TEMPERATURE (F)   68        87      2002
 MINIMUM TEMPERATURE (F)   43        27      2008
                                             1950


SUNRISE AND SUNSET
APRIL 16 2014.........SUNRISE   655 AM EDT   SUNSET   805 PM EDT
APRIL 17 2014.........SUNRISE   653 AM EDT   SUNSET   806 PM EDT


-  INDICATES NEGATIVE NUMBERS.
R  INDICATES RECORD WAS SET OR TIED.
MM INDICATES DATA IS MISSING.
T  INDICATES TRACE AMOUNT.

$$
