773
CDUS46 KSGX 111528
CLITRM


CLIMATE REPORT
NATIONAL WEATHER SERVICE SAN DIEGO, CA
728 AM PST THU FEB 11 2016


...................................

...THE THERMAL AIRPORT CA CLIMATE SUMMARY FOR FEBRUARY 10 2016...

CLIMATE NORMAL PERIOD 1981 TO 2010
CLIMATE RECORD PERIOD 1950 TO 2016


WEATHER ITEM   OBSERVED TIME   RECORD YEAR NORMAL DEPARTURE LAST
                VALUE   (LST)  VALUE       VALUE  FROM      YEAR
                                                  NORMAL
..................................................................
TEMPERATURE (F)
 YESTERDAY
  MAXIMUM         87    314 PM  88    1951  74     13       87
  MINIMUM         44    454 AM  31    1997  40      4       50
  AVERAGE         66                        57      9       69

PRECIPITATION (IN)
  YESTERDAY        0.00          0.39 1963   0.02  -0.02     0.00
  MONTH TO DATE    0.00                      0.20  -0.20     0.00
  SINCE OCT 1      1.63                      1.68  -0.05     0.42
  SINCE JAN 1      1.20                      0.87   0.33     0.27

DEGREE DAYS
 HEATING
  YESTERDAY        0                         8     -8        0
  MONTH TO DATE   83                        87     -4       23
  SINCE DEC 1    807                       780     27      573
  SINCE JUL 1   1006                       947     59      682

 COOLING
  YESTERDAY        1                         0      1        4
  MONTH TO DATE   10                         0     10       15
  SINCE DEC 1     10                         3      7       18
  SINCE JAN 1     10                         2      8       15
..................................................................


WIND (MPH)
  RESULTANT WIND SPEED   2   RESULTANT WIND DIRECTION   N (350)
  HIGHEST WIND SPEED     9   HIGHEST WIND DIRECTION     N (340)
  HIGHEST GUST SPEED    11   HIGHEST GUST DIRECTION    SE (140)
  AVERAGE WIND SPEED     4.5


SKY COVER
  POSSIBLE SUNSHINE  MM
  AVERAGE SKY COVER 0.0


WEATHER CONDITIONS
 THE FOLLOWING WEATHER WAS RECORDED YESTERDAY.
  NO SIGNIFICANT WEATHER WAS OBSERVED.


RELATIVE HUMIDITY (PERCENT)
 HIGHEST    58           500 AM
 LOWEST      9           300 PM
 AVERAGE    34

..........................................................


THE THERMAL AIRPORT CA CLIMATE NORMALS FOR TODAY
                         NORMAL    RECORD    YEAR
 MAXIMUM TEMPERATURE (F)   74        94      1971
 MINIMUM TEMPERATURE (F)   40        28      2002


SUNRISE AND SUNSET
FEBRUARY 11 2016......SUNRISE   633 AM PST   SUNSET   525 PM PST
FEBRUARY 12 2016......SUNRISE   632 AM PST   SUNSET   526 PM PST


-  INDICATES NEGATIVE NUMBERS.
R  INDICATES RECORD WAS SET OR TIED.
MM INDICATES DATA IS MISSING.
T  INDICATES TRACE AMOUNT.




$$
