000
CDUS46 KSGX 181235
CLITRM


CLIMATE REPORT
NATIONAL WEATHER SERVICE SAN DIEGO, CA
435 AM PST THU JAN 18 2018


...................................

...THE THERMAL AIRPORT CA CLIMATE SUMMARY FOR JANUARY 17 2018...

CLIMATE NORMAL PERIOD 1981 TO 2010
CLIMATE RECORD PERIOD 1950 TO 2018


WEATHER ITEM   OBSERVED TIME   RECORD YEAR NORMAL DEPARTURE LAST
                VALUE   (LST)  VALUE       VALUE  FROM      YEAR
                                                  NORMAL
..................................................................
TEMPERATURE (F)
 YESTERDAY
  MAXIMUM         79    319 PM  87    1976  72      7       69
  MINIMUM         45    656 AM  17    2007  38      7       38
  AVERAGE         62                        55      7       54

PRECIPITATION (IN)
  YESTERDAY        0.00          0.44 1988   0.03  -0.03     0.00
  MONTH TO DATE    0.41                      0.39   0.02     0.63
  SINCE OCT 1      0.41                      1.20  -0.79     2.31
  SINCE JAN 1      0.41                      0.39   0.02     0.63

DEGREE DAYS
 HEATING
  YESTERDAY        3                        10     -7       11
  MONTH TO DATE   59                       185   -126      168
  SINCE DEC 1    304                       556   -252      474
  SINCE JUL 1    321                       723   -402      592

 COOLING
  YESTERDAY        0                         0      0        0
  MONTH TO DATE    0                         0      0        0
  SINCE DEC 1      0                         1     -1        2
  SINCE JAN 1      0                         0      0        0
..................................................................


WIND (MPH)
  RESULTANT WIND SPEED   1   RESULTANT WIND DIRECTION   N (20)
  HIGHEST WIND SPEED     8   HIGHEST WIND DIRECTION    SE (150)
  HIGHEST GUST SPEED    10   HIGHEST GUST DIRECTION    SE (140)
  AVERAGE WIND SPEED     2.7


SKY COVER
  POSSIBLE SUNSHINE  MM
  AVERAGE SKY COVER 0.0


WEATHER CONDITIONS
 THE FOLLOWING WEATHER WAS RECORDED YESTERDAY.
  NO SIGNIFICANT WEATHER WAS OBSERVED.


RELATIVE HUMIDITY (PERCENT)
 HIGHEST    92           600 AM
 LOWEST     21           300 PM
 AVERAGE    57

..........................................................


THE THERMAL AIRPORT CA CLIMATE NORMALS FOR TODAY
                         NORMAL    RECORD    YEAR
 MAXIMUM TEMPERATURE (F)   72        91      1971
 MINIMUM TEMPERATURE (F)   38        28      1987


SUNRISE AND SUNSET
JANUARY 18 2018.......SUNRISE   648 AM PST   SUNSET   502 PM PST
JANUARY 19 2018.......SUNRISE   648 AM PST   SUNSET   503 PM PST


-  INDICATES NEGATIVE NUMBERS.
R  INDICATES RECORD WAS SET OR TIED.
MM INDICATES DATA IS MISSING.
T  INDICATES TRACE AMOUNT.




$$
