000
CDUS46 KPQR 171144
CLITTD


CLIMATE REPORT
NATIONAL WEATHER SERVICE PORTLAND OREGON
343 AM PST TUE JAN 17 2017


...................................

...THE TROUTDALE OR CLIMATE SUMMARY FOR JANUARY 16 2017...

CLIMATE NORMAL PERIOD 1981 TO 2010
CLIMATE RECORD PERIOD 1948 TO 2017


WEATHER ITEM   OBSERVED TIME   RECORD YEAR NORMAL DEPARTURE LAST
                VALUE   (LST)  VALUE       VALUE  FROM      YEAR
                                                  NORMAL
..................................................................
TEMPERATURE (F)
 YESTERDAY
  MAXIMUM         27    346 PM  61    1971  46    -19       53
  MINIMUM         22    833 AM  12    1950  34    -12       42
  AVERAGE         25                        40    -15       48

PRECIPITATION (IN)
  YESTERDAY        0.00                      0.19  -0.19     0.37
  MONTH TO DATE    1.01                      3.47  -2.46     1.66
  SINCE OCT 1     22.10                     21.87   0.23    21.48
  SINCE JAN 1      1.01                      3.47  -2.46     1.66

DEGREE DAYS
 HEATING
  YESTERDAY       40                        25     15       17
  MONTH TO DATE  579                       417    162      414

 COOLING
  YESTERDAY        0                         0      0        0
  MONTH TO DATE    0                         0      0        0
..................................................................


WIND (MPH)
  HIGHEST WIND SPEED    41   HIGHEST WIND DIRECTION     E (90)
  HIGHEST GUST SPEED    50   HIGHEST GUST DIRECTION     E (90)
  AVERAGE WIND SPEED    31.3


SKY COVER
  POSSIBLE SUNSHINE  MM
  AVERAGE SKY COVER 0.4


WEATHER CONDITIONS
 THE FOLLOWING WEATHER WAS RECORDED YESTERDAY.
  NO SIGNIFICANT WEATHER WAS OBSERVED.


RELATIVE HUMIDITY (PERCENT)
 HIGHEST    71           500 AM
 LOWEST     62          1000 AM
 AVERAGE    67

..........................................................


THE TROUTDALE OR CLIMATE NORMALS FOR TODAY
                         NORMAL    RECORD    YEAR
 MAXIMUM TEMPERATURE (F)   46        62      1975
 MINIMUM TEMPERATURE (F)   34        11      1950


SUNRISE AND SUNSET
JANUARY 17 2017.......SUNRISE   745 AM PST   SUNSET   456 PM PST
JANUARY 18 2017.......SUNRISE   744 AM PST   SUNSET   457 PM PST


-  INDICATES NEGATIVE NUMBERS.
R  INDICATES RECORD WAS SET OR TIED.
MM INDICATES DATA IS MISSING.
T  INDICATES TRACE AMOUNT.




$$
