000
CDUS46 KPQR 231143
CLITTD


CLIMATE REPORT
NATIONAL WEATHER SERVICE PORTLAND OREGON
342 AM PST FRI FEB 23 2018


...................................

...THE TROUTDALE OR CLIMATE SUMMARY FOR FEBRUARY 22 2018...

CLIMATE NORMAL PERIOD 1981 TO 2010
CLIMATE RECORD PERIOD 1948 TO 2018


WEATHER ITEM   OBSERVED TIME   RECORD YEAR NORMAL DEPARTURE LAST
                VALUE   (LST)  VALUE       VALUE  FROM      YEAR
                                                  NORMAL
..................................................................
TEMPERATURE (F)
 YESTERDAY
  MAXIMUM         39    319 PM  64    2002  51    -12       49
  MINIMUM         30   1159 PM  28    1957  36     -6       33
  AVERAGE         35                        44     -9       41

PRECIPITATION (IN)
  YESTERDAY        0.06                      0.17  -0.11     0.01
  MONTH TO DATE    1.40                      4.00  -2.60     7.65
  SINCE OCT 1     20.73                     28.58  -7.85    31.11
  SINCE JAN 1      6.39                     10.18  -3.79    10.02

DEGREE DAYS
 HEATING
  YESTERDAY       30                        22      8       24
  MONTH TO DATE  449                       500    -51      508

 COOLING
  YESTERDAY        0                         0      0        0
  MONTH TO DATE    0                         0      0        0
..................................................................


WIND (MPH)
  HIGHEST WIND SPEED    20   HIGHEST WIND DIRECTION     E (90)
  HIGHEST GUST SPEED    25   HIGHEST GUST DIRECTION     E (90)
  AVERAGE WIND SPEED     9.9


SKY COVER
  POSSIBLE SUNSHINE  MM
  AVERAGE SKY COVER 0.9


WEATHER CONDITIONS
 THE FOLLOWING WEATHER WAS RECORDED YESTERDAY.
  SNOW
  LIGHT SNOW
  FOG


RELATIVE HUMIDITY (PERCENT)
 HIGHEST    96          1200 AM
 LOWEST     48           300 PM
 AVERAGE    72

..........................................................


THE TROUTDALE OR CLIMATE NORMALS FOR TODAY
                         NORMAL    RECORD    YEAR
 MAXIMUM TEMPERATURE (F)   51        67      1968
 MINIMUM TEMPERATURE (F)   36        26      1960


SUNRISE AND SUNSET
FEBRUARY 23 2018......SUNRISE   658 AM PST   SUNSET   548 PM PST
FEBRUARY 24 2018......SUNRISE   656 AM PST   SUNSET   550 PM PST


-  INDICATES NEGATIVE NUMBERS.
R  INDICATES RECORD WAS SET OR TIED.
MM INDICATES DATA IS MISSING.
T  INDICATES TRACE AMOUNT.




$$
