000
CDUS46 KPQR 271211
CLITTD


CLIMATE REPORT
NATIONAL WEATHER SERVICE PORTLAND OREGON
511 AM PDT SAT AUG 27 2016


...................................

...THE TROUTDALE OR CLIMATE SUMMARY FOR AUGUST 26 2016...

CLIMATE NORMAL PERIOD 1981 TO 2010
CLIMATE RECORD PERIOD 1948 TO 2016


WEATHER ITEM   OBSERVED TIME   RECORD YEAR NORMAL DEPARTURE LAST
                VALUE   (LST)  VALUE       VALUE  FROM      YEAR
                                                  NORMAL
..................................................................
TEMPERATURE (F)
 YESTERDAY
  MAXIMUM         97    402 PM 103    1986  81     16       90
  MINIMUM         55    514 AM  42    1955  53      2       51
  AVERAGE         76                        67      9       71

PRECIPITATION (IN)
  YESTERDAY        0.00                      0.04  -0.04     0.00
  MONTH TO DATE    0.07                      0.64  -0.57     0.24
  SINCE OCT 1     40.12                     44.90  -4.78    29.77
  SINCE JAN 1     20.30                     26.50  -6.20    14.81

DEGREE DAYS
 HEATING
  YESTERDAY        0                         1     -1        0
  MONTH TO DATE    4                        26    -22        0

 COOLING
  YESTERDAY       11                         3      8        6
  MONTH TO DATE  183                       107     76      186
..................................................................


WIND (MPH)
  HIGHEST WIND SPEED     8   HIGHEST WIND DIRECTION    SW (230)
  HIGHEST GUST SPEED    12   HIGHEST GUST DIRECTION    NW (320)
  AVERAGE WIND SPEED     2.6


SKY COVER
  POSSIBLE SUNSHINE  MM
  AVERAGE SKY COVER 0.0


WEATHER CONDITIONS
 THE FOLLOWING WEATHER WAS RECORDED YESTERDAY.
  NO SIGNIFICANT WEATHER WAS OBSERVED.


RELATIVE HUMIDITY (PERCENT)
 HIGHEST    80           500 AM
 LOWEST     16           400 PM
 AVERAGE    48

..........................................................


THE TROUTDALE OR CLIMATE NORMALS FOR TODAY
                         NORMAL    RECORD    YEAR
 MAXIMUM TEMPERATURE (F)   81        98      1972
 MINIMUM TEMPERATURE (F)   53        44      1955


SUNRISE AND SUNSET
AUGUST 27 2016........SUNRISE   626 AM PDT   SUNSET   755 PM PDT
AUGUST 28 2016........SUNRISE   627 AM PDT   SUNSET   754 PM PDT


-  INDICATES NEGATIVE NUMBERS.
R  INDICATES RECORD WAS SET OR TIED.
MM INDICATES DATA IS MISSING.
T  INDICATES TRACE AMOUNT.




$$
