000
CDUS46 KPQR 241247
CLITTD


CLIMATE REPORT
NATIONAL WEATHER SERVICE PORTLAND OREGON
447 AM PST MON NOV 24 2014


...................................

...THE TROUTDALE OR CLIMATE SUMMARY FOR NOVEMBER 23 2014...

CLIMATE NORMAL PERIOD 1981 TO 2010
CLIMATE RECORD PERIOD 9999 TO 9999


WEATHER ITEM   OBSERVED TIME   NORMAL DEPARTURE LAST
                VALUE   (LST)  VALUE  FROM      YEAR
                                      NORMAL
......................................................
TEMPERATURE (F)
 YESTERDAY
  MAXIMUM         55   1159 AM  50      5       47
  MINIMUM         45    920 PM  37      8       37
  AVERAGE         50            44      6       42

PRECIPITATION (IN)
  YESTERDAY        0.51          0.24   0.27     0.00
  MONTH TO DATE    2.68          5.58  -2.90     3.41
  SINCE OCT 1      9.62          9.53   0.09     5.02
  SINCE JAN 1     32.32         38.10  -5.78    25.94

DEGREE DAYS
 HEATING
  YESTERDAY       15            21     -6       23
  MONTH TO DATE  449           424     25      382

 COOLING
  YESTERDAY        0             0      0        0
  MONTH TO DATE    0             0      0        0
......................................................


WIND (MPH)
  HIGHEST WIND SPEED    24   HIGHEST WIND DIRECTION    SW (210)
  HIGHEST GUST SPEED    35   HIGHEST GUST DIRECTION    SW (210)
  AVERAGE WIND SPEED     6.1


SKY COVER
  POSSIBLE SUNSHINE  MM
  AVERAGE SKY COVER 0.9


WEATHER CONDITIONS
 THE FOLLOWING WEATHER WAS RECORDED YESTERDAY.
  RAIN
  LIGHT RAIN
  FOG


RELATIVE HUMIDITY (PERCENT)
 HIGHEST    93           700 PM
 LOWEST     66          1100 AM
 AVERAGE    80

..........................................................


THE TROUTDALE OR CLIMATE NORMALS FOR TODAY
                         NORMAL    RECORD    YEAR
 MAXIMUM TEMPERATURE (F)   50        65      1949
 MINIMUM TEMPERATURE (F)   37        15      2010


SUNRISE AND SUNSET
NOVEMBER 24 2014......SUNRISE   721 AM PST   SUNSET   431 PM PST
NOVEMBER 25 2014......SUNRISE   722 AM PST   SUNSET   431 PM PST


-  INDICATES NEGATIVE NUMBERS.
R  INDICATES RECORD WAS SET OR TIED.
MM INDICATES DATA IS MISSING.
T  INDICATES TRACE AMOUNT.




$$
