000
CDUS46 KPQR 231141
CLITTD


CLIMATE REPORT
NATIONAL WEATHER SERVICE PORTLAND OREGON
341 AM PST THU NOV 23 2017


...................................

...THE TROUTDALE OR CLIMATE SUMMARY FOR NOVEMBER 22 2017...

CLIMATE NORMAL PERIOD 1981 TO 2010
CLIMATE RECORD PERIOD 1948 TO 2017


WEATHER ITEM   OBSERVED TIME   RECORD YEAR NORMAL DEPARTURE LAST
                VALUE   (LST)  VALUE       VALUE  FROM      YEAR
                                                  NORMAL
..................................................................
TEMPERATURE (F)
 YESTERDAY
  MAXIMUM         58    622 PM  62    1950  50      8       51
  MINIMUM         49   1218 AM  22    1985  38     11       40
  AVERAGE         54                        44     10       46

PRECIPITATION (IN)
  YESTERDAY        0.23                      0.24  -0.01     0.74
  MONTH TO DATE    4.95                      5.34  -0.39     4.08
  SINCE OCT 1     10.14                      9.29   0.85    15.38
  SINCE JAN 1     40.52                     37.86   2.66    37.89

DEGREE DAYS
 HEATING
  YESTERDAY       11                        21    -10       19
  MONTH TO DATE  373                       403    -30      234

 COOLING
  YESTERDAY        0                         0      0        0
  MONTH TO DATE    0                         0      0        0
..................................................................


WIND (MPH)
  HIGHEST WIND SPEED    25   HIGHEST WIND DIRECTION     E (90)
  HIGHEST GUST SPEED    33   HIGHEST GUST DIRECTION     E (90)
  AVERAGE WIND SPEED    14.0


SKY COVER
  POSSIBLE SUNSHINE  MM
  AVERAGE SKY COVER 1.0


WEATHER CONDITIONS
 THE FOLLOWING WEATHER WAS RECORDED YESTERDAY.
  LIGHT RAIN
  FOG


RELATIVE HUMIDITY (PERCENT)
 HIGHEST    93           800 PM
 LOWEST     80          1200 AM
 AVERAGE    87

..........................................................


THE TROUTDALE OR CLIMATE NORMALS FOR TODAY
                         NORMAL    RECORD    YEAR
 MAXIMUM TEMPERATURE (F)   50        64      1959
 MINIMUM TEMPERATURE (F)   37        15      1985


SUNRISE AND SUNSET
NOVEMBER 23 2017......SUNRISE   720 AM PST   SUNSET   432 PM PST
NOVEMBER 24 2017......SUNRISE   721 AM PST   SUNSET   431 PM PST


-  INDICATES NEGATIVE NUMBERS.
R  INDICATES RECORD WAS SET OR TIED.
MM INDICATES DATA IS MISSING.
T  INDICATES TRACE AMOUNT.




$$
