000
CDUS41 KPHI 300627
CLITTN


CLIMATE REPORT
NATIONAL WEATHER SERVICE MOUNT HOLLY NJ
227 AM EDT TUE MAY 30 2017


...................................

...THE TRENTON NJ CLIMATE SUMMARY FOR MAY 29 2017...

CLIMATE NORMAL PERIOD 1981 TO 2010
CLIMATE RECORD PERIOD 1865 TO 2017


WEATHER ITEM   OBSERVED TIME   RECORD YEAR NORMAL DEPARTURE LAST
                VALUE   (LST)  VALUE       VALUE  FROM      YEAR
                                                  NORMAL
..................................................................
TEMPERATURE (F)
 YESTERDAY
  MAXIMUM         61    102 PM  93    1986  76    -15       88
                                      1969
  MINIMUM         55   1159 PM  41    1936  55      0       66
  AVERAGE         58                        65     -7       77

PRECIPITATION (IN)
  YESTERDAY        0.18          2.32 1968   0.18   0.00     0.37
  MONTH TO DATE    5.23                      4.00   1.23     3.24
  SINCE MAR 1     13.00                     11.68   1.32     6.53
  SINCE JAN 1     17.74                     17.15   0.59    13.73

DEGREE DAYS
 HEATING
  YESTERDAY        7                         3      4        0
  MONTH TO DATE  173                       163     10      187
  SINCE MAR 1   1222                      1317    -95     1111
  SINCE JUL 1   4441                      5131   -690     4205

 COOLING
  YESTERDAY        0                         3     -3       12
  MONTH TO DATE   48                        44      4       58
  SINCE MAR 1     79                        52     27       70
  SINCE JAN 1     79                        52     27       70
..................................................................


WIND (MPH)
  HIGHEST WIND SPEED    14   HIGHEST WIND DIRECTION     E (100)
  HIGHEST GUST SPEED    18   HIGHEST GUST DIRECTION     E (70)
  AVERAGE WIND SPEED     7.2


SKY COVER
  POSSIBLE SUNSHINE  MM
  AVERAGE SKY COVER 1.0


WEATHER CONDITIONS
 THE FOLLOWING WEATHER WAS RECORDED YESTERDAY.
  LIGHT RAIN
  FOG


RELATIVE HUMIDITY (PERCENT)
 HIGHEST    93          1200 AM
 LOWEST     78           700 PM
 AVERAGE    86

..........................................................


THE TRENTON NJ CLIMATE NORMALS FOR TODAY
                         NORMAL    RECORD    YEAR
 MAXIMUM TEMPERATURE (F)   76        96      1986
 MINIMUM TEMPERATURE (F)   55        41      1949


SUNRISE AND SUNSET
MAY 30 2017...........SUNRISE   532 AM EDT   SUNSET   822 PM EDT
MAY 31 2017...........SUNRISE   532 AM EDT   SUNSET   822 PM EDT


-  INDICATES NEGATIVE NUMBERS.
R  INDICATES RECORD WAS SET OR TIED.
MM INDICATES DATA IS MISSING.
T  INDICATES TRACE AMOUNT.




$$
