000
CDUS41 KPHI 220548
CLITTN


CLIMATE REPORT
NATIONAL WEATHER SERVICE MOUNT HOLLY NJ
1247 AM EST MON JAN 22 2018


...................................

...THE TRENTON NJ CLIMATE SUMMARY FOR JANUARY 21 2018...

CLIMATE NORMAL PERIOD 1981 TO 2010
CLIMATE RECORD PERIOD 1865 TO 2018


WEATHER ITEM   OBSERVED TIME   RECORD YEAR NORMAL DEPARTURE LAST
                VALUE   (LST)  VALUE       VALUE  FROM      YEAR
                                                  NORMAL
..................................................................
TEMPERATURE (F)
 YESTERDAY
  MAXIMUM         52    214 PM  64    2006  39     13       46
                                      1959
  MINIMUM         33    259 AM -10    1985  23     10       41
  AVERAGE         43                        31     12       44

PRECIPITATION (IN)
  YESTERDAY        0.00          2.22 1979   0.09  -0.09     0.00
  MONTH TO DATE    1.55                      2.15  -0.60     1.96
  SINCE DEC 1      3.14                      5.85  -2.71     4.61
  SINCE JAN 1      1.55                      2.15  -0.60     1.96

DEGREE DAYS
 HEATING
  YESTERDAY       22                        34    -12       21
  MONTH TO DATE  787                       713     74      620
  SINCE DEC 1   1754                      1632    122     1494
  SINCE JUL 1   2540                      2608    -68     2304

 COOLING
  YESTERDAY        0                         0      0        0
  MONTH TO DATE    0                         0      0        0
  SINCE DEC 1      0                         0      0        0
  SINCE JAN 1      0                         0      0        0
..................................................................


WIND (MPH)
  HIGHEST WIND SPEED    15   HIGHEST WIND DIRECTION    NW (320)
  HIGHEST GUST SPEED    22   HIGHEST GUST DIRECTION    NW (330)
  AVERAGE WIND SPEED     4.3


SKY COVER
  POSSIBLE SUNSHINE  MM
  AVERAGE SKY COVER 0.5


WEATHER CONDITIONS
 THE FOLLOWING WEATHER WAS RECORDED YESTERDAY.
  NO SIGNIFICANT WEATHER WAS OBSERVED.


RELATIVE HUMIDITY (PERCENT)
 HIGHEST    76           800 PM
 LOWEST     54           100 PM
 AVERAGE    65

..........................................................


THE TRENTON NJ CLIMATE NORMALS FOR TODAY
                         NORMAL    RECORD    YEAR
 MAXIMUM TEMPERATURE (F)   39        72      1906
 MINIMUM TEMPERATURE (F)   23       -13      1984


SUNRISE AND SUNSET
JANUARY 22 2018.......SUNRISE   716 AM EST   SUNSET   506 PM EST
JANUARY 23 2018.......SUNRISE   716 AM EST   SUNSET   507 PM EST


-  INDICATES NEGATIVE NUMBERS.
R  INDICATES RECORD WAS SET OR TIED.
MM INDICATES DATA IS MISSING.
T  INDICATES TRACE AMOUNT.




$$
