000
CDUS41 KPHI 180628
CLITTN


CLIMATE REPORT
NATIONAL WEATHER SERVICE MOUNT HOLLY NJ
128 AM EST WED JAN 18 2017


...................................

...THE TRENTON NJ CLIMATE SUMMARY FOR JANUARY 17 2017...

CLIMATE NORMAL PERIOD 1981 TO 2010
CLIMATE RECORD PERIOD 1865 TO 2017


WEATHER ITEM   OBSERVED TIME   RECORD YEAR NORMAL DEPARTURE LAST
                VALUE   (LST)  VALUE       VALUE  FROM      YEAR
                                                  NORMAL
..................................................................
TEMPERATURE (F)
 YESTERDAY
  MAXIMUM         43    524 PM  67    1870  39      4       39
  MINIMUM         38    728 AM  -8    1982  23     15       27
  AVERAGE         41                        31     10       33

PRECIPITATION (IN)
  YESTERDAY        0.45          1.30 1994   0.09   0.36     0.04
  MONTH TO DATE    1.74                      1.80  -0.06     1.84
  SINCE DEC 1      4.39                      5.50  -1.11     6.25
  SINCE JAN 1      1.74                      1.80  -0.06     1.84

DEGREE DAYS
 HEATING
  YESTERDAY       24                        34    -10       32
  MONTH TO DATE  520                       577    -57      531
  SINCE DEC 1   1394                      1496   -102     1018
  SINCE JUL 1   2204                      2472   -268     1764

 COOLING
  YESTERDAY        0                         0      0        0
  MONTH TO DATE    0                         0      0        0
  SINCE DEC 1      0                         0      0        2
  SINCE JAN 1      0                         0      0        0
..................................................................


WIND (MPH)
  HIGHEST WIND SPEED    10   HIGHEST WIND DIRECTION    SE (120)
  HIGHEST GUST SPEED    12   HIGHEST GUST DIRECTION     E (110)
  AVERAGE WIND SPEED     4.0


SKY COVER
  POSSIBLE SUNSHINE  MM
  AVERAGE SKY COVER 1.0


WEATHER CONDITIONS
 THE FOLLOWING WEATHER WAS RECORDED YESTERDAY.
  HEAVY RAIN
  RAIN
  LIGHT RAIN
  FOG


RELATIVE HUMIDITY (PERCENT)
 HIGHEST    96           900 PM
 LOWEST     59          1200 AM
 AVERAGE    78

..........................................................


THE TRENTON NJ CLIMATE NORMALS FOR TODAY
                         NORMAL    RECORD    YEAR
 MAXIMUM TEMPERATURE (F)   39        64      2006
                                             1990
                                             1986
 MINIMUM TEMPERATURE (F)   23        -4      1893


SUNRISE AND SUNSET
JANUARY 18 2017.......SUNRISE   718 AM EST   SUNSET   501 PM EST
JANUARY 19 2017.......SUNRISE   718 AM EST   SUNSET   503 PM EST


-  INDICATES NEGATIVE NUMBERS.
R  INDICATES RECORD WAS SET OR TIED.
MM INDICATES DATA IS MISSING.
T  INDICATES TRACE AMOUNT.




$$
