000
CDUS41 KPHI 060627
CLITTN


CLIMATE REPORT
NATIONAL WEATHER SERVICE MOUNT HOLLY NJ
227 AM EDT FRI MAY 6 2016


...................................

...THE TRENTON NJ CLIMATE SUMMARY FOR MAY 5 2016...

CLIMATE NORMAL PERIOD 1981 TO 2010
CLIMATE RECORD PERIOD 1865 TO 2016


WEATHER ITEM   OBSERVED TIME   RECORD YEAR NORMAL DEPARTURE LAST
                VALUE   (LST)  VALUE       VALUE  FROM      YEAR
                                                  NORMAL
..................................................................
TEMPERATURE (F)
 YESTERDAY
  MAXIMUM         58    525 PM  91    1928  68    -10       83
  MINIMUM         47    629 AM  35    1911  47      0       58
  AVERAGE         53                        58     -5       71

PRECIPITATION (IN)
  YESTERDAY        0.00          1.53 1948   0.10  -0.10      T
  MONTH TO DATE    1.26                      0.48   0.78      T
  SINCE MAR 1      4.55                      8.16  -3.61     6.84
  SINCE JAN 1     11.75                     13.63  -1.88    13.43

SNOWFALL (IN)
  YESTERDAY       MM            MM      MM  MM     MM       MM
  MONTH TO DATE   MM                        MM     MM       MM
  SINCE MAR 1     MM                        MM     MM       MM
  SINCE JUL 1     MM                        MM     MM       MM
  SNOW DEPTH      MM

DEGREE DAYS
 HEATING
  YESTERDAY       12                         8      4        0
  MONTH TO DATE   65                        43     22       22
  SINCE MAR 1    989                      1197   -208     1245
  SINCE JUL 1   4083                      5011   -928     5328

 COOLING
  YESTERDAY        0                         1     -1        6
  MONTH TO DATE    0                         5     -5        7
  SINCE MAR 1     12                        13     -1        7
  SINCE JAN 1     12                        13     -1        7
..................................................................


WIND (MPH)
  HIGHEST WIND SPEED    16   HIGHEST WIND DIRECTION    NE (50)
  HIGHEST GUST SPEED    20   HIGHEST GUST DIRECTION    NE (50)
  AVERAGE WIND SPEED     8.0


SKY COVER
  POSSIBLE SUNSHINE  MM
  AVERAGE SKY COVER 1.0


WEATHER CONDITIONS
 THE FOLLOWING WEATHER WAS RECORDED YESTERDAY.
  FOG


RELATIVE HUMIDITY (PERCENT)
 HIGHEST    93           300 AM
 LOWEST     62           500 PM
 AVERAGE    78

..........................................................


THE TRENTON NJ CLIMATE NORMALS FOR TODAY
                         NORMAL    RECORD    YEAR
 MAXIMUM TEMPERATURE (F)   69        91      1949
 MINIMUM TEMPERATURE (F)   47        36      1891


SUNRISE AND SUNSET
MAY  6 2016...........SUNRISE   552 AM EDT   SUNSET   800 PM EDT
MAY  7 2016...........SUNRISE   551 AM EDT   SUNSET   801 PM EDT


-  INDICATES NEGATIVE NUMBERS.
R  INDICATES RECORD WAS SET OR TIED.
MM INDICATES DATA IS MISSING.
T  INDICATES TRACE AMOUNT.




$$
