000
CDUS41 KPHI 312134
CLITTN


CLIMATE REPORT
NATIONAL WEATHER SERVICE MOUNT HOLLY NJ
532 PM EDT FRI JUL 31 2015


...................................

...THE TRENTON NJ CLIMATE SUMMARY FOR JULY 31 2015...
VALID TODAY AS OF 0500 PM LOCAL TIME.

CLIMATE NORMAL PERIOD 1981 TO 2010
CLIMATE RECORD PERIOD 1865 TO 2015


WEATHER ITEM   OBSERVED TIME   RECORD YEAR NORMAL DEPARTURE LAST
                VALUE   (LST)  VALUE       VALUE  FROM      YEAR
                                                  NORMAL
..................................................................
TEMPERATURE (F)
 TODAY
  MAXIMUM         90    354 PM  99    1954  85      5       84
  MINIMUM         68    548 AM  56    2001  66      2       59
                                      1914
                                      1895
  AVERAGE         79                        76      3       72

PRECIPITATION (IN)
  TODAY            0.00          2.50 1996   0.16  -0.16     0.00
  MONTH TO DATE    3.11                      4.95  -1.84     5.43
  SINCE JUN 1      9.44                      9.36   0.08     7.67
  SINCE JAN 1     23.50                     26.88  -3.38    28.00

SNOWFALL (IN)
  TODAY           MM            MM      MM  MM     MM       MM
  MONTH TO DATE   MM                        MM     MM       MM
  SINCE JUN 1     MM                        MM     MM       MM
  SINCE JUL 1     MM                        MM     MM       MM
  SNOW DEPTH      MM

DEGREE DAYS
 HEATING
  TODAY            0                         0      0        0
  MONTH TO DATE    0                         0      0        0
  SINCE JUN 1     25                        24      1        3
  SINCE JUL 1      0                         0      0        0

 COOLING
  TODAY           14                        11      3        7
  MONTH TO DATE  364                       330     34      319
  SINCE JUN 1    588                       520     68      520
  SINCE JAN 1    727                       577    150      564
..................................................................


WIND (MPH)
  HIGHEST WIND SPEED    13   HIGHEST WIND DIRECTION    NW (300)
  HIGHEST GUST SPEED    18   HIGHEST GUST DIRECTION     W (260)
  AVERAGE WIND SPEED     7.1


SKY COVER
  POSSIBLE SUNSHINE  MM
  AVERAGE SKY COVER 0.1


WEATHER CONDITIONS
 THE FOLLOWING WEATHER WAS RECORDED TODAY.
  FOG


RELATIVE HUMIDITY (PERCENT)
 HIGHEST    93          1200 AM
 LOWEST     32           400 PM
 AVERAGE    63

..........................................................


THE TRENTON NJ CLIMATE NORMALS FOR TOMORROW
                         NORMAL    RECORD    YEAR
 MAXIMUM TEMPERATURE (F)   85        99      2002
                                             1999
 MINIMUM TEMPERATURE (F)   66        54      1895


SUNRISE AND SUNSET
JULY 31 2015..........SUNRISE   556 AM EDT   SUNSET   815 PM EDT
AUGUST  1 2015........SUNRISE   557 AM EDT   SUNSET   814 PM EDT


-  INDICATES NEGATIVE NUMBERS.
R  INDICATES RECORD WAS SET OR TIED.
MM INDICATES DATA IS MISSING.
T  INDICATES TRACE AMOUNT.




$$
