000
CDUS41 KPHI 270628
CLITTN


CLIMATE REPORT
NATIONAL WEATHER SERVICE MOUNT HOLLY NJ
226 AM EDT WED JUL 27 2016


...................................

...THE TRENTON NJ CLIMATE SUMMARY FOR JULY 26 2016...

CLIMATE NORMAL PERIOD 1981 TO 2010
CLIMATE RECORD PERIOD 1865 TO 2016


WEATHER ITEM   OBSERVED TIME   RECORD YEAR NORMAL DEPARTURE LAST
                VALUE   (LST)  VALUE       VALUE  FROM      YEAR
                                                  NORMAL
..................................................................
TEMPERATURE (F)
 YESTERDAY
  MAXIMUM         91    500 PM  99    1892  85      6       88
  MINIMUM         71    524 AM  53    1920  66      5       68
  AVERAGE         81                        76      5       78

PRECIPITATION (IN)
  YESTERDAY        0.00          2.80 1994   0.15  -0.15     0.00
  MONTH TO DATE    5.88                      4.17   1.71     2.49
  SINCE JUN 1      7.99                      8.58  -0.59     8.82
  SINCE JAN 1     22.03                     26.10  -4.07    22.88

SNOWFALL (IN)
  YESTERDAY       MM            MM      MM  MM     MM       MM
  MONTH TO DATE   MM                        MM     MM       MM
  SINCE JUN 1     MM                        MM     MM       MM
  SINCE JUL 1     MM                        MM     MM       MM
  SNOW DEPTH      MM

DEGREE DAYS
 HEATING
  YESTERDAY        0                         0      0        0
  MONTH TO DATE    0                         0      0        0
  SINCE JUN 1      8                        24    -16       25
  SINCE JUL 1      0                         0      0        0

 COOLING
  YESTERDAY       16                        11      5       13
  MONTH TO DATE  350                       277     73      286
  SINCE JUN 1    573                       467    106      510
  SINCE JAN 1    665                       524    141      649
..................................................................


WIND (MPH)
  HIGHEST WIND SPEED    13   HIGHEST WIND DIRECTION    NW (310)
  HIGHEST GUST SPEED    17   HIGHEST GUST DIRECTION    NW (300)
  AVERAGE WIND SPEED     5.1


SKY COVER
  POSSIBLE SUNSHINE  MM
  AVERAGE SKY COVER 0.0


WEATHER CONDITIONS
 THE FOLLOWING WEATHER WAS RECORDED YESTERDAY.
  NO SIGNIFICANT WEATHER WAS OBSERVED.


RELATIVE HUMIDITY (PERCENT)
 HIGHEST    93          1200 AM
 LOWEST     44           300 PM
 AVERAGE    69

..........................................................


THE TRENTON NJ CLIMATE NORMALS FOR TODAY
                         NORMAL    RECORD    YEAR
 MAXIMUM TEMPERATURE (F)   85        98      1940
 MINIMUM TEMPERATURE (F)   66        53      1920


SUNRISE AND SUNSET
JULY 27 2016..........SUNRISE   553 AM EDT   SUNSET   818 PM EDT
JULY 28 2016..........SUNRISE   554 AM EDT   SUNSET   817 PM EDT


-  INDICATES NEGATIVE NUMBERS.
R  INDICATES RECORD WAS SET OR TIED.
MM INDICATES DATA IS MISSING.
T  INDICATES TRACE AMOUNT.




$$
