000
CDUS41 KPHI 180548
CLITTN


CLIMATE REPORT
NATIONAL WEATHER SERVICE MOUNT HOLLY NJ
1248 AM EST SAT NOV 18 2017


...................................

...THE TRENTON NJ CLIMATE SUMMARY FOR NOVEMBER 17 2017...

CLIMATE NORMAL PERIOD 1981 TO 2010
CLIMATE RECORD PERIOD 1865 TO 2017


WEATHER ITEM   OBSERVED TIME   RECORD YEAR NORMAL DEPARTURE LAST
                VALUE   (LST)  VALUE       VALUE  FROM      YEAR
                                                  NORMAL
..................................................................
TEMPERATURE (F)
 YESTERDAY
  MAXIMUM         49    403 PM  72    1896  54     -5       62
  MINIMUM         30   1134 PM  19    1933  37     -7       43
                                      1924
  AVERAGE         40                        45     -5       53

PRECIPITATION (IN)
  YESTERDAY        T             1.30 2002   0.12  -0.12     0.00
  MONTH TO DATE    0.96                      1.77  -0.81     0.42
  SINCE SEP 1      8.04                     10.22  -2.18     4.89
  SINCE JAN 1     39.21                     41.20  -1.99    29.69

DEGREE DAYS
 HEATING
  YESTERDAY       25                        20      5       12
  MONTH TO DATE  316                       293     23      258
  SINCE SEP 1    509                       687   -178      552
  SINCE JUL 1    510                       690   -180      552

 COOLING
  YESTERDAY        0                         0      0        0
  MONTH TO DATE    2                         0      2        0
  SINCE SEP 1    231                       109    122      230
  SINCE JAN 1   1151                       965    186     1381
..................................................................


WIND (MPH)
  HIGHEST WIND SPEED    22   HIGHEST WIND DIRECTION    NW (300)
  HIGHEST GUST SPEED    30   HIGHEST GUST DIRECTION    NW (300)
  AVERAGE WIND SPEED     9.1


SKY COVER
  POSSIBLE SUNSHINE  MM
  AVERAGE SKY COVER 0.3


WEATHER CONDITIONS
 THE FOLLOWING WEATHER WAS RECORDED YESTERDAY.
  LIGHT RAIN


RELATIVE HUMIDITY (PERCENT)
 HIGHEST    69          1000 PM
 LOWEST     31           300 PM
 AVERAGE    50

..........................................................


THE TRENTON NJ CLIMATE NORMALS FOR TODAY
                         NORMAL    RECORD    YEAR
 MAXIMUM TEMPERATURE (F)   54        76      1921
 MINIMUM TEMPERATURE (F)   37        18      1936


SUNRISE AND SUNSET
NOVEMBER 18 2017......SUNRISE   649 AM EST   SUNSET   440 PM EST
NOVEMBER 19 2017......SUNRISE   650 AM EST   SUNSET   439 PM EST


-  INDICATES NEGATIVE NUMBERS.
R  INDICATES RECORD WAS SET OR TIED.
MM INDICATES DATA IS MISSING.
T  INDICATES TRACE AMOUNT.




$$
