000
CDUS44 KTSA 240652
CLITUL

CLIMATE REPORT
NATIONAL WEATHER SERVICE TULSA OK
152 AM CDT SUN MAY 24 2015

...................................

...THE TULSA OKLAHOMA CLIMATE SUMMARY FOR MAY 23 2015...

CLIMATE NORMAL PERIOD 1981 TO 2010
CLIMATE RECORD PERIOD 1882 TO 2015


WEATHER ITEM   OBSERVED TIME   RECORD YEAR NORMAL DEPARTURE LAST
                VALUE   (LST)  VALUE       VALUE  FROM      YEAR
                                                  NORMAL
..................................................................
TEMPERATURE (F)
 YESTERDAY
  MAXIMUM         76    200 PM  94    2000  81     -5       88
  MINIMUM         59    523 AM  41    1917  61     -2       65
  AVERAGE         68                        71     -3       77

PRECIPITATION (IN)
  YESTERDAY        3.36R         1.47 1947   0.20   3.16     0.00
  MONTH TO DATE   11.23                      4.40   6.83     0.69
  SINCE MAR 1     19.04                     11.48   7.56     5.18
  SINCE JAN 1     21.36                     14.99   6.37     5.63

DEGREE DAYS
 COOLING
  YESTERDAY        3                         7     -4       12
  MONTH TO DATE   93                       107    -14      155
  SINCE MAR 1    167                       171     -4      189
  SINCE JAN 1    167                       172     -5      189
..................................................................


WIND (MPH)
  HIGHEST WIND SPEED    23   HIGHEST WIND DIRECTION    SE (150)
  HIGHEST GUST SPEED    29   HIGHEST GUST DIRECTION    SE (150)
  AVERAGE WIND SPEED     9.9


SKY COVER
  POSSIBLE SUNSHINE  MM
  AVERAGE SKY COVER 1.0


WEATHER CONDITIONS
 THE FOLLOWING WEATHER WAS RECORDED YESTERDAY.
  THUNDERSTORM
  HEAVY RAIN
  RAIN
  LIGHT RAIN
  FOG
  HAZE


RELATIVE HUMIDITY (PERCENT)
 HIGHEST   100           900 PM
 LOWEST     73           100 PM
 AVERAGE    87

..........................................................


THE TULSA OKLAHOMA CLIMATE NORMALS FOR TODAY
                         NORMAL    RECORD    YEAR
 MAXIMUM TEMPERATURE (F)   81        94      1911
 MINIMUM TEMPERATURE (F)   62        42      1935


SUNRISE AND SUNSET
MAY 24 2015...........SUNRISE   611 AM CDT   SUNSET   830 PM CDT
MAY 25 2015...........SUNRISE   611 AM CDT   SUNSET   831 PM CDT


-  INDICATES NEGATIVE NUMBERS.
R  INDICATES RECORD WAS SET OR TIED.
MM INDICATES DATA IS MISSING.
T  INDICATES TRACE AMOUNT.




$$

&&
...........................................................

THE TULSA PRECIPITATION NORMALS FOR TODAY
                       NORMAL    RECORD      YEAR
  TODAY                 0.19      3.16       1908
  MONTH TO DATE         4.59
  YEAR TO DATE         15.18
...........................................................
ALL DATA MEASURED AT THE TULSA INTERNATIONAL AIRPORT...
EXCEPT SNOWFALL...WHICH IS MEASURED AT THE NWS OFFICE.
