000
CDUS44 KTSA 190648
CLITUL

CLIMATE REPORT
NATIONAL WEATHER SERVICE TULSA OK
147 AM CDT SAT APR 19 2014


...................................

...THE TULSA OKLAHOMA CLIMATE SUMMARY FOR APRIL 18 2014...

CLIMATE NORMAL PERIOD 1981 TO 2010
CLIMATE RECORD PERIOD 1882 TO 2014


WEATHER ITEM   OBSERVED TIME   RECORD YEAR NORMAL DEPARTURE LAST
                VALUE   (LST)  VALUE       VALUE  FROM      YEAR
                                                  NORMAL
..................................................................
TEMPERATURE (F)
 YESTERDAY
  MAXIMUM         75    354 PM  98    1925  73      2       69
  MINIMUM         36    613 AM  29    1953  50    -14       39
  AVERAGE         56                        61     -5       54

PRECIPITATION (IN)
  YESTERDAY        0.00          2.61 1941   0.13  -0.13     0.22
  MONTH TO DATE    0.56                      2.01  -1.45     2.87
  SINCE MAR 1      2.92                      5.30  -2.38     3.97
  SINCE JAN 1      3.37                      8.81  -5.44     8.69

SNOWFALL (IN)
  YESTERDAY        0.0                                       0.0
  MONTH TO DATE    T                                         0.0
  SINCE MAR 1      2.4                                        T
  SINCE JUL 1     12.4                                       3.7

DEGREE DAYS
 HEATING
  YESTERDAY        9                         6      3       11
  MONTH TO DATE  163                       138     25      184
  SINCE MAR 1    725                       576    149      719
  SINCE JUL 1   4026                      3487    539     3391

 COOLING
  YESTERDAY        0                         2     -2        0
  MONTH TO DATE   17                        25     -8       11
  SINCE MAR 1     18                        36    -18       15
  SINCE JAN 1     18                        37    -19       17
..................................................................


WIND (MPH)
  HIGHEST WIND SPEED    10   HIGHEST WIND DIRECTION     S (170)
  HIGHEST GUST SPEED    15   HIGHEST GUST DIRECTION     E (80)
  AVERAGE WIND SPEED     5.0


SKY COVER
  POSSIBLE SUNSHINE  MM
  AVERAGE SKY COVER 0.1


WEATHER CONDITIONS
 THE FOLLOWING WEATHER WAS RECORDED YESTERDAY.
  FOG


RELATIVE HUMIDITY (PERCENT)
 HIGHEST   100          1200 AM
 LOWEST     31           400 PM
 AVERAGE    66

..........................................................


THE TULSA OKLAHOMA CLIMATE NORMALS FOR TODAY
                         NORMAL    RECORD    YEAR
 MAXIMUM TEMPERATURE (F)   73        94      1987
 MINIMUM TEMPERATURE (F)   50        34      2013
                                             1953


SUNRISE AND SUNSET
APRIL 19 2014.........SUNRISE   645 AM CDT   SUNSET   801 PM CDT
APRIL 20 2014.........SUNRISE   644 AM CDT   SUNSET   802 PM CDT


-  INDICATES NEGATIVE NUMBERS.
R  INDICATES RECORD WAS SET OR TIED.
MM INDICATES DATA IS MISSING.
T  INDICATES TRACE AMOUNT.




$$

&&
...........................................................

THE TULSA PRECIPITATION NORMALS FOR TODAY
                       NORMAL    RECORD      YEAR
  TODAY                 0.13      2.52       1917
  MONTH TO DATE         2.14
  YEAR TO DATE          8.94
...........................................................
ALL DATA MEASURED AT THE TULSA INTERNATIONAL AIRPORT...
EXCEPT SNOWFALL...WHICH IS MEASURED AT THE NWS OFFICE.
