000
CDUS44 KTSA 290756
CLITUL

CLIMATE REPORT
NATIONAL WEATHER SERVICE TULSA OK
256 AM CDT WED MAR 29 2017


...................................

...THE TULSA OKLAHOMA CLIMATE SUMMARY FOR MARCH 28 2017...

CLIMATE NORMAL PERIOD 1981 TO 2010
CLIMATE RECORD PERIOD 1882 TO 2017


WEATHER ITEM   OBSERVED TIME   RECORD YEAR NORMAL DEPARTURE LAST
                VALUE   (LST)  VALUE       VALUE  FROM      YEAR
                                                  NORMAL
..................................................................
TEMPERATURE (F)
 YESTERDAY
  MAXIMUM         75    359 PM  90    1963  66      9       69
  MINIMUM         50   1202 AM  17    1931  44      6       31
  AVERAGE         63                        55      8       50

PRECIPITATION (IN)
  YESTERDAY        0.09          3.05 2004   0.12  -0.03     0.00
  MONTH TO DATE    1.40                      2.94  -1.54     2.10
  SINCE MAR 1      1.40                      2.94  -1.54     2.10
  SINCE JAN 1      6.00                      6.45  -0.45     3.30

SNOWFALL (IN)
  YESTERDAY        0.0                                       0.0
  MONTH TO DATE    0.0                                       0.0
  SINCE MAR 1      0.0                                       0.0
  SINCE JUL 1      0.7                                       3.0

DEGREE DAYS
 HEATING
  YESTERDAY        2                        11     -9       15
  MONTH TO DATE  264                       407   -143      257
  SINCE MAR 1    264                       407   -143      257
  SINCE JUL 1   2485                      3318   -833     2589

 COOLING
  YESTERDAY        0                         1     -1        0
  MONTH TO DATE   40                         7     33        3
  SINCE MAR 1     40                         7     33        3
  SINCE JAN 1     56                         8     48        9
..................................................................


WIND (MPH)
  HIGHEST WIND SPEED    28   HIGHEST WIND DIRECTION    SE (130)
  HIGHEST GUST SPEED    37   HIGHEST GUST DIRECTION    SE (120)
  AVERAGE WIND SPEED     9.0


SKY COVER
  POSSIBLE SUNSHINE  MM
  AVERAGE SKY COVER 0.9


WEATHER CONDITIONS
 THE FOLLOWING WEATHER WAS RECORDED YESTERDAY.
  THUNDERSTORM
  HEAVY RAIN
  LIGHT RAIN
  FOG
  HAZE


RELATIVE HUMIDITY (PERCENT)
 HIGHEST    89          1200 AM
 LOWEST     46           400 PM
 AVERAGE    68

..........................................................


THE TULSA OKLAHOMA CLIMATE NORMALS FOR TODAY
                         NORMAL    RECORD    YEAR
 MAXIMUM TEMPERATURE (F)   67        90      1967
                                             1963
 MINIMUM TEMPERATURE (F)   44        24      1944


SUNRISE AND SUNSET
MARCH 29 2017.........SUNRISE   714 AM CDT   SUNSET   743 PM CDT
MARCH 30 2017.........SUNRISE   712 AM CDT   SUNSET   744 PM CDT


-  INDICATES NEGATIVE NUMBERS.
R  INDICATES RECORD WAS SET OR TIED.
MM INDICATES DATA IS MISSING.
T  INDICATES TRACE AMOUNT.




$$

&&
...........................................................

THE TULSA PRECIPITATION NORMALS FOR TODAY
                       NORMAL    RECORD      YEAR
  TODAY                 0.11      2.15       1918
  MONTH TO DATE         3.05
  YEAR TO DATE          6.56
...........................................................
ALL DATA MEASURED AT THE TULSA INTERNATIONAL AIRPORT...
EXCEPT SNOWFALL...WHICH IS MEASURED AT THE NWS OFFICE.
