000
CDUS44 KTSA 262130
CLITUL

CLIMATE REPORT
NATIONAL WEATHER SERVICE TULSA OK
430 PM CDT WED JUL 26 2017


...................................

...THE TULSA OKLAHOMA CLIMATE SUMMARY FOR JULY 26 2017...
VALID TODAY AS OF 0400 PM LOCAL TIME.

CLIMATE NORMAL PERIOD 1981 TO 2010
CLIMATE RECORD PERIOD 1882 TO 2017


WEATHER ITEM   OBSERVED TIME   RECORD YEAR NORMAL DEPARTURE LAST
                VALUE   (LST)  VALUE       VALUE  FROM      YEAR
                                                  NORMAL
..................................................................
TEMPERATURE (F)
 TODAY
  MAXIMUM         97    256 PM 106    1978  94      3       95
                                      1934
  MINIMUM         80    605 AM  60    2004  73      7       76
                                      1905
  AVERAGE         89                        84      5       86

PRECIPITATION (IN)
  TODAY            0.00          1.81 1928   0.09  -0.09     1.09
  MONTH TO DATE    2.00                      2.89  -0.89     3.08
  SINCE JUN 1      4.77                      7.61  -2.84     3.85
  SINCE JAN 1     28.70                     24.11   4.59    17.71

DEGREE DAYS
 COOLING
  TODAY           24                        19      5       21
  MONTH TO DATE  504                       461     43      544
  SINCE JUN 1    904                       840     64     1077
  SINCE JAN 1   1191                      1074    117     1281
..................................................................


WIND (MPH)
  HIGHEST WIND SPEED    18   HIGHEST WIND DIRECTION    SE (140)
  HIGHEST GUST SPEED    24   HIGHEST GUST DIRECTION    SE (150)
  AVERAGE WIND SPEED    11.7


SKY COVER
  POSSIBLE SUNSHINE  MM
  AVERAGE SKY COVER 0.6


WEATHER CONDITIONS
 THE FOLLOWING WEATHER WAS RECORDED TODAY.
  NO SIGNIFICANT WEATHER WAS OBSERVED.


RELATIVE HUMIDITY (PERCENT)
 HIGHEST    79           400 AM
 LOWEST     48          1200 PM
 AVERAGE    64

..........................................................


THE TULSA OKLAHOMA CLIMATE NORMALS FOR TOMORROW
                         NORMAL    RECORD    YEAR
 MAXIMUM TEMPERATURE (F)   94       107      2011
 MINIMUM TEMPERATURE (F)   73        59      1971


SUNRISE AND SUNSET
JULY 26 2017..........SUNRISE   626 AM CDT   SUNSET   834 PM CDT
JULY 27 2017..........SUNRISE   627 AM CDT   SUNSET   833 PM CDT


-  INDICATES NEGATIVE NUMBERS.
R  INDICATES RECORD WAS SET OR TIED.
MM INDICATES DATA IS MISSING.
T  INDICATES TRACE AMOUNT.




$$

&&
...........................................................

TULSA RECORD LOW MAX AND HIGH MIN TEMPERATURES FOR TOMORROW
                      RECORD        YEAR
  LOW MAXIMUM           76          1977
  HIGH MINIMUM          81          *1999
...........................................................
ALL DATA MEASURED AT THE TULSA INTERNATIONAL AIRPORT...
EXCEPT SNOWFALL...WHICH IS MEASURED AT THE NWS OFFICE.
