000
CDUS44 KTSA 250650
CLITUL

CLIMATE REPORT
NATIONAL WEATHER SERVICE TULSA OK
147 AM CDT THU MAY 25 2017


...................................

...THE TULSA OKLAHOMA CLIMATE SUMMARY FOR MAY 24 2017...

CLIMATE NORMAL PERIOD 1981 TO 2010
CLIMATE RECORD PERIOD 1882 TO 2017


WEATHER ITEM   OBSERVED TIME   RECORD YEAR NORMAL DEPARTURE LAST
                VALUE   (LST)  VALUE       VALUE  FROM      YEAR
                                                  NORMAL
..................................................................
TEMPERATURE (F)
 YESTERDAY
  MAXIMUM         70    505 PM  94    1911  81    -11       86
  MINIMUM         51    529 AM  42    1935  62    -11       68
  AVERAGE         61                        71    -10       77

PRECIPITATION (IN)
  YESTERDAY        0.00          3.16 1908   0.19  -0.19     0.15
  MONTH TO DATE    5.88                      4.59   1.29     2.40
  SINCE MAR 1     18.09                     11.67   6.42    11.15
  SINCE JAN 1     22.69                     15.18   7.51    12.35

DEGREE DAYS
 COOLING
  YESTERDAY        0                         7     -7       12
  MONTH TO DATE   96                       114    -18       80
  SINCE MAR 1    200                       178     22      128
  SINCE JAN 1    216                       179     37      134
..................................................................


WIND (MPH)
  HIGHEST WIND SPEED    20   HIGHEST WIND DIRECTION    NW (320)
  HIGHEST GUST SPEED    26   HIGHEST GUST DIRECTION    NW (310)
  AVERAGE WIND SPEED     9.2


SKY COVER
  POSSIBLE SUNSHINE  MM
  AVERAGE SKY COVER 0.4


WEATHER CONDITIONS
 THE FOLLOWING WEATHER WAS RECORDED YESTERDAY.
  NO SIGNIFICANT WEATHER WAS OBSERVED.


RELATIVE HUMIDITY (PERCENT)
 HIGHEST    83           500 AM
 LOWEST     40           600 PM
 AVERAGE    62

..........................................................


THE TULSA OKLAHOMA CLIMATE NORMALS FOR TODAY
                         NORMAL    RECORD    YEAR
 MAXIMUM TEMPERATURE (F)   82        97      2006
 MINIMUM TEMPERATURE (F)   62        45      1925


SUNRISE AND SUNSET
MAY 25 2017...........SUNRISE   611 AM CDT   SUNSET   831 PM CDT
MAY 26 2017...........SUNRISE   610 AM CDT   SUNSET   832 PM CDT


-  INDICATES NEGATIVE NUMBERS.
R  INDICATES RECORD WAS SET OR TIED.
MM INDICATES DATA IS MISSING.
T  INDICATES TRACE AMOUNT.




$$

&&
...........................................................

THE TULSA PRECIPITATION NORMALS FOR TODAY
                       NORMAL    RECORD      YEAR
  TODAY                 0.19      1.80       1974
  MONTH TO DATE         4.78
  YEAR TO DATE         15.37
...........................................................
ALL DATA MEASURED AT THE TULSA INTERNATIONAL AIRPORT...
EXCEPT SNOWFALL...WHICH IS MEASURED AT THE NWS OFFICE.
