000
CDUS44 KTSA 012132
CLITUL

CLIMATE REPORT
NATIONAL WEATHER SERVICE TULSA OK
418 PM CDT SUN MAY 1 2016


...................................

...THE TULSA OKLAHOMA CLIMATE SUMMARY FOR MAY 1 2016...
VALID TODAY AS OF 0400 PM LOCAL TIME.

CLIMATE NORMAL PERIOD 1981 TO 2010
CLIMATE RECORD PERIOD 1882 TO 2016


WEATHER ITEM   OBSERVED TIME   RECORD YEAR NORMAL DEPARTURE LAST
                VALUE   (LST)  VALUE       VALUE  FROM      YEAR
                                                  NORMAL
..................................................................
TEMPERATURE (F)
 TODAY
  MAXIMUM         68    259 PM  91    2002  76     -8       79
  MINIMUM         48    450 AM  32    1909  55     -7       48
  AVERAGE         58                        65     -7       64

PRECIPITATION (IN)
  TODAY            0.00          3.01 2009   0.18  -0.18     0.00
  MONTH TO DATE    0.00                      0.18  -0.18     0.00
  SINCE MAR 1      8.75                      7.26   1.49     7.81
  SINCE JAN 1      9.95                     10.77  -0.82    10.13

SNOWFALL (IN)
  TODAY            0.0                                       0.0
  MONTH TO DATE    0.0                                       0.0
  SINCE MAR 1      0.0                                       0.3
  SINCE JUL 1      3.0                                       8.5

DEGREE DAYS
 HEATING
  TODAY            7                         3      4        1
  MONTH TO DATE    7                         3      4        1
  SINCE MAR 1    358                       627   -269      497
  SINCE JUL 1   2690                      3538   -848     3512

 COOLING
  TODAY            0                         3     -3        0
  MONTH TO DATE    0                         3     -3        0
  SINCE MAR 1     48                        67    -19       74
  SINCE JAN 1     54                        68    -14       74
..................................................................


WIND (MPH)
  HIGHEST WIND SPEED    18   HIGHEST WIND DIRECTION    NW (300)
  HIGHEST GUST SPEED    22   HIGHEST GUST DIRECTION     W (290)
  AVERAGE WIND SPEED     7.5


SKY COVER
  POSSIBLE SUNSHINE  MM
  AVERAGE SKY COVER 0.2


WEATHER CONDITIONS
 THE FOLLOWING WEATHER WAS RECORDED TODAY.
  NO SIGNIFICANT WEATHER WAS OBSERVED.


RELATIVE HUMIDITY (PERCENT)
 HIGHEST    93           400 AM
 LOWEST     48           100 PM
 AVERAGE    71

..........................................................


THE TULSA OKLAHOMA CLIMATE NORMALS FOR TOMORROW
                         NORMAL    RECORD    YEAR
 MAXIMUM TEMPERATURE (F)   76        94      1943
 MINIMUM TEMPERATURE (F)   55        32      1909


SUNRISE AND SUNSET
MAY  1 2016...........SUNRISE   630 AM CDT   SUNSET   812 PM CDT
MAY  2 2016...........SUNRISE   629 AM CDT   SUNSET   812 PM CDT


-  INDICATES NEGATIVE NUMBERS.
R  INDICATES RECORD WAS SET OR TIED.
MM INDICATES DATA IS MISSING.
T  INDICATES TRACE AMOUNT.




$$

&&
...........................................................

TULSA RECORD LOW MAX AND HIGH MIN TEMPERATURES FOR TOMORROW
                      RECORD        YEAR
  LOW MAXIMUM           50          1994
  HIGH MINIMUM          69          *1959
...........................................................
ALL DATA MEASURED AT THE TULSA INTERNATIONAL AIRPORT...
EXCEPT SNOWFALL...WHICH IS MEASURED AT THE NWS OFFICE.
