557
CDUS44 KTSA 220649
CLITUL

CLIMATE REPORT
NATIONAL WEATHER SERVICE TULSA OK
1247 AM CST SUN JAN 22 2017


...................................

...THE TULSA OKLAHOMA CLIMATE SUMMARY FOR JANUARY 21 2017...

CLIMATE NORMAL PERIOD 1981 TO 2010
CLIMATE RECORD PERIOD 1882 TO 2017


WEATHER ITEM   OBSERVED TIME   RECORD YEAR NORMAL DEPARTURE LAST
                VALUE   (LST)  VALUE       VALUE  FROM      YEAR
                                                  NORMAL
..................................................................
TEMPERATURE (F)
 YESTERDAY
  MAXIMUM         62    252 PM  75    1957  48     14       37
  MINIMUM         37    707 AM  -1    1918  27     10       30
  AVERAGE         50                        38     12       34

PRECIPITATION (IN)
  YESTERDAY        T             2.20 1916   0.05  -0.05      T
  MONTH TO DATE    1.75                      1.10   0.65     0.61
  SINCE DEC 1      2.19                      3.59  -1.40     9.21
  SINCE JAN 1      1.75                      1.10   0.65     0.61

SNOWFALL (IN)
  YESTERDAY        0.0                                       0.0
  MONTH TO DATE    0.2                                       2.5
  SINCE DEC 1      0.7                                       3.0
  SINCE JUL 1      0.7                                       3.0

DEGREE DAYS
 HEATING
  YESTERDAY       15                        27    -12       31
  MONTH TO DATE  508                       582    -74      625
  SINCE DEC 1   1292                      1374    -82     1186
  SINCE JUL 1   1631                      2010   -379     1661
..................................................................


WIND (MPH)
  HIGHEST WIND SPEED    15   HIGHEST WIND DIRECTION     S (200)
  HIGHEST GUST SPEED    18   HIGHEST GUST DIRECTION     S (200)
  AVERAGE WIND SPEED     3.8


SKY COVER
  POSSIBLE SUNSHINE  MM
  AVERAGE SKY COVER 0.6


WEATHER CONDITIONS
 THE FOLLOWING WEATHER WAS RECORDED YESTERDAY.
  NO SIGNIFICANT WEATHER WAS OBSERVED.


RELATIVE HUMIDITY (PERCENT)
 HIGHEST    96          1100 PM
 LOWEST     40          1200 AM
 AVERAGE    68

..........................................................


THE TULSA OKLAHOMA CLIMATE NORMALS FOR TODAY
                         NORMAL    RECORD    YEAR
 MAXIMUM TEMPERATURE (F)   48        78      1909
 MINIMUM TEMPERATURE (F)   27       -16      1930


SUNRISE AND SUNSET
JANUARY 22 2017.......SUNRISE   731 AM CST   SUNSET   540 PM CST
JANUARY 23 2017.......SUNRISE   730 AM CST   SUNSET   541 PM CST


-  INDICATES NEGATIVE NUMBERS.
R  INDICATES RECORD WAS SET OR TIED.
MM INDICATES DATA IS MISSING.
T  INDICATES TRACE AMOUNT.




$$

&&
...........................................................

THE TULSA PRECIPITATION NORMALS FOR TODAY
                       NORMAL    RECORD      YEAR
  TODAY                 0.05      0.83       1999
  MONTH TO DATE         1.15
  YEAR TO DATE          1.15
...........................................................
ALL DATA MEASURED AT THE TULSA INTERNATIONAL AIRPORT...
EXCEPT SNOWFALL...WHICH IS MEASURED AT THE NWS OFFICE.
