000
CDUS44 KMEG 302146
CLITUP


CLIMATE REPORT
NATIONAL WEATHER SERVICE MEMPHIS TN
446 PM CDT THU OCT 30 2014


...................................

...THE TUPELO CLIMATE SUMMARY FOR OCTOBER 30 2014...
VALID TODAY AS OF 0400 PM LOCAL TIME.

CLIMATE NORMAL PERIOD 1981 TO 2010
CLIMATE RECORD PERIOD 1930 TO 2014


WEATHER ITEM   OBSERVED TIME   RECORD YEAR NORMAL DEPARTURE LAST
                VALUE   (LST)  VALUE       VALUE  FROM      YEAR
                                                  NORMAL
..................................................................
TEMPERATURE (F)
 TODAY
  MAXIMUM         68    245 PM  89    1937  71     -3       79
  MINIMUM         42    626 AM  28    1952  46     -4       59
  AVERAGE         55                        58     -3       69

PRECIPITATION (IN)
  TODAY            0.00          3.20 1960   0.12  -0.12     0.00
  MONTH TO DATE    8.34                      3.99   4.35     1.05
  SINCE SEP 1     11.57                      7.43   4.14     4.13
  SINCE JAN 1     47.50                     43.90   3.60    41.41

SNOWFALL (IN)
  TODAY            0.0

DEGREE DAYS
 HEATING
  TODAY           10                         8      2        0
  MONTH TO DATE   85                       129    -44      119
  SINCE SEP 1     86                       141    -55      119
  SINCE JUL 1     86                       141    -55      119

 COOLING
  TODAY            0                         1     -1        4
  MONTH TO DATE  104                        75     29       98
  SINCE SEP 1    427                       361     66      429
  SINCE JAN 1   1974                      2033    -59     2024
..................................................................


WIND (MPH)
  HIGHEST WIND SPEED    10   HIGHEST WIND DIRECTION     N (20)
  HIGHEST GUST SPEED    14   HIGHEST GUST DIRECTION    NE (30)
  AVERAGE WIND SPEED     2.8


SKY COVER
  POSSIBLE SUNSHINE  MM
  AVERAGE SKY COVER 0.0


WEATHER CONDITIONS
 THE FOLLOWING WEATHER WAS RECORDED TODAY.
  NO SIGNIFICANT WEATHER WAS OBSERVED.


RELATIVE HUMIDITY (PERCENT)
 HIGHEST    96           400 AM
 LOWEST     34          1200 PM
 AVERAGE    65

..........................................................


THE TUPELO CLIMATE NORMALS FOR TOMORROW
                         NORMAL    RECORD    YEAR
 MAXIMUM TEMPERATURE (F)   70        89      1937
 MINIMUM TEMPERATURE (F)   46        24      1980


SUNRISE AND SUNSET
OCTOBER 30 2014.......SUNRISE   713 AM CDT   SUNSET   604 PM CDT
OCTOBER 31 2014.......SUNRISE   714 AM CDT   SUNSET   603 PM CDT


-  INDICATES NEGATIVE NUMBERS.
R  INDICATES RECORD WAS SET OR TIED.
MM INDICATES DATA IS MISSING.
T  INDICATES TRACE AMOUNT.




$$
