000
CDUS44 KMEG 302202
CLITUP


CLIMATE REPORT
NATIONAL WEATHER SERVICE MEMPHIS TN
500 PM CDT SAT JUL 30 2016


...................................

...THE TUPELO CLIMATE SUMMARY FOR JULY 30 2016...
VALID TODAY AS OF 0500 PM LOCAL TIME.

CLIMATE NORMAL PERIOD 1981 TO 2010
CLIMATE RECORD PERIOD 1930 TO 2016


WEATHER ITEM   OBSERVED TIME   RECORD YEAR NORMAL DEPARTURE LAST
                VALUE   (LST)  VALUE       VALUE  FROM      YEAR
                                                  NORMAL
..................................................................
TEMPERATURE (F)
 TODAY
  MAXIMUM         93    250 PM 104    1986  92      1       91
  MINIMUM         72    222 AM  58    2014  71      1       70
  AVERAGE         83                        82      1       81

PRECIPITATION (IN)
  TODAY            0.00          1.26 1936   0.12  -0.12     0.00
  MONTH TO DATE    2.34                      3.78  -1.44    10.28
  SINCE JUN 1      8.40                      8.30   0.10    13.66
  SINCE JAN 1     30.50                     32.90  -2.40    46.07

SNOWFALL (IN)
  TODAY            0.0

DEGREE DAYS
 HEATING
  TODAY            0                         0      0        0
  MONTH TO DATE    0                         0      0        0
  SINCE JUN 1      0                         0      0        0
  SINCE JUL 1      0                         0      0        0

 COOLING
  TODAY           18                        17      1       16
  MONTH TO DATE  558                       499     59      549
  SINCE JUN 1   1041                       894    147      982
  SINCE JAN 1   1327                      1171    156     1287
..................................................................


WIND (MPH)
  HIGHEST WIND SPEED    15   HIGHEST WIND DIRECTION     N (340)
  HIGHEST GUST SPEED    19   HIGHEST GUST DIRECTION     N (340)
  AVERAGE WIND SPEED     3.4


SKY COVER
  POSSIBLE SUNSHINE  MM
  AVERAGE SKY COVER 0.3


WEATHER CONDITIONS
 THE FOLLOWING WEATHER WAS RECORDED TODAY.
  NO SIGNIFICANT WEATHER WAS OBSERVED.


RELATIVE HUMIDITY (PERCENT)
 HIGHEST    87          1200 AM
 LOWEST     49           300 PM
 AVERAGE    68

..........................................................


THE TUPELO CLIMATE NORMALS FOR TOMORROW
                         NORMAL    RECORD    YEAR
 MAXIMUM TEMPERATURE (F)   92       105      1986
 MINIMUM TEMPERATURE (F)   71        55      1981


SUNRISE AND SUNSET
JULY 30 2016..........SUNRISE   605 AM CDT   SUNSET   758 PM CDT
JULY 31 2016..........SUNRISE   606 AM CDT   SUNSET   757 PM CDT


-  INDICATES NEGATIVE NUMBERS.
R  INDICATES RECORD WAS SET OR TIED.
MM INDICATES DATA IS MISSING.
T  INDICATES TRACE AMOUNT.




$$
