474
CDUS44 KMEG 192247
CLITUP


CLIMATE REPORT
NATIONAL WEATHER SERVICE MEMPHIS TN
446 PM CST SUN FEB 19 2017


...................................

...THE TUPELO CLIMATE SUMMARY FOR FEBRUARY 19 2017...
VALID TODAY AS OF 0400 PM LOCAL TIME.

CLIMATE NORMAL PERIOD 1981 TO 2010
CLIMATE RECORD PERIOD 1930 TO 2017


WEATHER ITEM   OBSERVED TIME   RECORD YEAR NORMAL DEPARTURE LAST
                VALUE   (LST)  VALUE       VALUE  FROM      YEAR
                                                  NORMAL
..................................................................
TEMPERATURE (F)
 TODAY
  MAXIMUM         76    259 PM  77    1956  58     18       73
  MINIMUM         45    658 AM  10    1958  36      9       42
  AVERAGE         61                        47     14       58

PRECIPITATION (IN)
  TODAY            0.00          3.14 1991   0.19  -0.19     0.00
  MONTH TO DATE    1.09                      3.23  -2.14     2.28
  SINCE DEC 1     11.76                     13.99  -2.23    13.48
  SINCE JAN 1      6.86                      7.71  -0.85     6.12

SNOWFALL (IN)
  TODAY            0.0

DEGREE DAYS
 HEATING
  TODAY            4                        18    -14        7
  MONTH TO DATE  244                       385   -141      375
  SINCE DEC 1   1263                      1759   -496     1483
  SINCE JUL 1   1557                      2281   -724     1824

 COOLING
  TODAY            0                         0      0        0
  MONTH TO DATE    0                         0      0        0
  SINCE DEC 1     15                         3     12       27
  SINCE JAN 1      8                         1      7        0
..................................................................


WIND (MPH)
  HIGHEST WIND SPEED     9   HIGHEST WIND DIRECTION     N (360)
  HIGHEST GUST SPEED    12   HIGHEST GUST DIRECTION     N (360)
  AVERAGE WIND SPEED     2.3


SKY COVER
  POSSIBLE SUNSHINE  MM
  AVERAGE SKY COVER 0.2


WEATHER CONDITIONS
 THE FOLLOWING WEATHER WAS RECORDED TODAY.
  FOG


RELATIVE HUMIDITY (PERCENT)
 HIGHEST    93           300 AM
 LOWEST     36           300 PM
 AVERAGE    65

..........................................................


THE TUPELO CLIMATE NORMALS FOR TOMORROW
                         NORMAL    RECORD    YEAR
 MAXIMUM TEMPERATURE (F)   58        78      1986
 MINIMUM TEMPERATURE (F)   37        13      1978


SUNRISE AND SUNSET
FEBRUARY 19 2017......SUNRISE   635 AM CST   SUNSET   543 PM CST
FEBRUARY 20 2017......SUNRISE   634 AM CST   SUNSET   544 PM CST


-  INDICATES NEGATIVE NUMBERS.
R  INDICATES RECORD WAS SET OR TIED.
MM INDICATES DATA IS MISSING.
T  INDICATES TRACE AMOUNT.




$$
