324
CDUS44 KMEG 250632
CLITUP


CLIMATE REPORT
NATIONAL WEATHER SERVICE MEMPHIS TN
132 AM CDT THU AUG 25 2016


...................................

...THE TUPELO CLIMATE SUMMARY FOR AUGUST 24 2016...

CLIMATE NORMAL PERIOD 1981 TO 2010
CLIMATE RECORD PERIOD 1930 TO 2016


WEATHER ITEM   OBSERVED TIME   RECORD YEAR NORMAL DEPARTURE LAST
                VALUE   (LST)  VALUE       VALUE  FROM      YEAR
                                                  NORMAL
..................................................................
TEMPERATURE (F)
 YESTERDAY
  MAXIMUM         96    215 PM 103    1938  91      5       84
  MINIMUM         73    405 AM  56    1930  70      3       66
  AVERAGE         85                        80      5       75

PRECIPITATION (IN)
  YESTERDAY        0.00          2.00 2008   0.09  -0.09     0.00
  MONTH TO DATE    4.03                      2.80   1.23     6.50
  SINCE JUN 1     12.43                     11.22   1.21    20.16
  SINCE JAN 1     34.53                     35.82  -1.29    52.57

SNOWFALL (IN)
  YESTERDAY        0.0          MM      MM   0.0    0.0      0.0
  MONTH TO DATE    0.0                       0.0    0.0      0.0
  SINCE JUN 1      0.0                       0.0    0.0      0.0
  SINCE JUL 1      0.0                       0.0    0.0      0.0
  SNOW DEPTH       0

DEGREE DAYS
 HEATING
  YESTERDAY        0                         0      0        0
  MONTH TO DATE    0                         0      0        0
  SINCE JUN 1      0                         0      0        0
  SINCE JUL 1      0                         0      0        0

 COOLING
  YESTERDAY       20                        15      5       10
  MONTH TO DATE  446                       386     60      371
  SINCE JUN 1   1506                      1291    215     1367
  SINCE JAN 1   1792                      1568    224     1672
..................................................................


WIND (MPH)
  HIGHEST WIND SPEED    10   HIGHEST WIND DIRECTION     S (180)
  HIGHEST GUST SPEED    14   HIGHEST GUST DIRECTION     S (160)
  AVERAGE WIND SPEED     2.3


SKY COVER
  POSSIBLE SUNSHINE  MM
  AVERAGE SKY COVER 0.1


WEATHER CONDITIONS
 THE FOLLOWING WEATHER WAS RECORDED YESTERDAY.
  NO SIGNIFICANT WEATHER WAS OBSERVED.


RELATIVE HUMIDITY (PERCENT)
 HIGHEST    93           400 AM
 LOWEST     46           200 PM
 AVERAGE    70

..........................................................


THE TUPELO CLIMATE NORMALS FOR TODAY
                         NORMAL    RECORD    YEAR
 MAXIMUM TEMPERATURE (F)   91       105      1943
                                             1938
 MINIMUM TEMPERATURE (F)   69        57      1969


SUNRISE AND SUNSET
AUGUST 25 2016........SUNRISE   624 AM CDT   SUNSET   730 PM CDT
AUGUST 26 2016........SUNRISE   625 AM CDT   SUNSET   728 PM CDT


-  INDICATES NEGATIVE NUMBERS.
R  INDICATES RECORD WAS SET OR TIED.
MM INDICATES DATA IS MISSING.
T  INDICATES TRACE AMOUNT.




$$
