000
CDUS44 KMEG 230734
CLITUP


CLIMATE REPORT
NATIONAL WEATHER SERVICE MEMPHIS TN
133 AM CST TUE JAN 23 2018


...................................

...THE TUPELO CLIMATE SUMMARY FOR JANUARY 22 2018...

CLIMATE NORMAL PERIOD 1981 TO 2010
CLIMATE RECORD PERIOD 1930 TO 2018


WEATHER ITEM   OBSERVED TIME   RECORD YEAR NORMAL DEPARTURE LAST
                VALUE   (LST)  VALUE       VALUE  FROM      YEAR
                                                  NORMAL
..................................................................
TEMPERATURE (F)
 YESTERDAY
  MAXIMUM         67    337 PM  75    1937  52     15       60
  MINIMUM         47   1159 PM  10    1984  32     15       51
  AVERAGE         57                        42     15       56

PRECIPITATION (IN)
  YESTERDAY        0.56          3.75 1999   0.14   0.42     1.41
  MONTH TO DATE    3.08                      3.18  -0.10     5.74
  SINCE DEC 1      9.54                      9.46   0.08    10.64
  SINCE JAN 1      3.08                      3.18  -0.10     5.74

SNOWFALL (IN)
  YESTERDAY        0.0           4.0  1935   0.1   -0.1      0.0
  MONTH TO DATE    0.8                       0.7    0.1       T
  SINCE DEC 1      0.8                       1.0   -0.2       T
  SINCE JUL 1      0.8                       1.0   -0.2       T
  SNOW DEPTH       0

DEGREE DAYS
 HEATING
  YESTERDAY        8                        23    -15        9
  MONTH TO DATE  636                       520    116      281
  SINCE DEC 1   1297                      1171    126      857
  SINCE JUL 1   1787                      1693     94     1151

 COOLING
  YESTERDAY        0                         0      0        0
  MONTH TO DATE    0                         0      0        8
  SINCE DEC 1      0                         2     -2       15
  SINCE JAN 1      0                         0      0        8
..................................................................


WIND (MPH)
  HIGHEST WIND SPEED    24   HIGHEST WIND DIRECTION    SE (150)
  HIGHEST GUST SPEED    34   HIGHEST GUST DIRECTION    SE (140)
  AVERAGE WIND SPEED    11.9


SKY COVER
  POSSIBLE SUNSHINE  MM
  AVERAGE SKY COVER 0.4


WEATHER CONDITIONS
 THE FOLLOWING WEATHER WAS RECORDED YESTERDAY.
  THUNDERSTORM
  HEAVY RAIN
  RAIN
  LIGHT RAIN
  FOG


RELATIVE HUMIDITY (PERCENT)
 HIGHEST    90           100 PM
 LOWEST     25           500 PM
 AVERAGE    58

..........................................................


THE TUPELO CLIMATE NORMALS FOR TODAY
                         NORMAL    RECORD    YEAR
 MAXIMUM TEMPERATURE (F)   52        79      1943
 MINIMUM TEMPERATURE (F)   32         2      1963


SUNRISE AND SUNSET
JANUARY 23 2018.......SUNRISE   658 AM CST   SUNSET   516 PM CST
JANUARY 24 2018.......SUNRISE   657 AM CST   SUNSET   517 PM CST


-  INDICATES NEGATIVE NUMBERS.
R  INDICATES RECORD WAS SET OR TIED.
MM INDICATES DATA IS MISSING.
T  INDICATES TRACE AMOUNT.




$$
