000
CDUS44 KMEG 310733
CLITUP


CLIMATE REPORT
NATIONAL WEATHER SERVICE MEMPHIS TN
132 AM CST SAT JAN 31 2015


...................................

...THE TUPELO CLIMATE SUMMARY FOR JANUARY 30 2015...

CLIMATE NORMAL PERIOD 1981 TO 2010
CLIMATE RECORD PERIOD 1930 TO 2015


WEATHER ITEM   OBSERVED TIME   RECORD YEAR NORMAL DEPARTURE LAST
                VALUE   (LST)  VALUE       VALUE  FROM      YEAR
                                                  NORMAL
..................................................................
TEMPERATURE (F)
 YESTERDAY
  MAXIMUM         50    404 PM  73    2013  53     -3       45
                                      1975
  MINIMUM         29   1141 PM  -5    1966  32     -3       10
  AVERAGE         40                        43     -3       28

PRECIPITATION (IN)
  YESTERDAY        0.00          2.05 2013   0.15  -0.15     0.00
  MONTH TO DATE    4.24                      4.33  -0.09     1.77
  SINCE DEC 1      9.32                     10.61  -1.29     7.95
  SINCE JAN 1      4.24                      4.33  -0.09     1.77

SNOWFALL (IN)
  YESTERDAY        0.0           7.0  1936   0.1   -0.1      0.0
  MONTH TO DATE    T                         0.9   -0.9       T
  SINCE DEC 1      T                         1.2   -1.2       T
  SINCE JUL 1      T                         1.2   -1.2       T
  SNOW DEPTH       0

DEGREE DAYS
 HEATING
  YESTERDAY       25                        22      3       37
  MONTH TO DATE  717                       703     14      896
  SINCE DEC 1   1277                      1354    -77     1566
  SINCE JUL 1   1914                      1876     38     2189

 COOLING
  YESTERDAY        0                         0      0        0
  MONTH TO DATE    0                         0      0        0
  SINCE DEC 1      0                         2     -2        9
  SINCE JAN 1      0                         0      0        0
..................................................................


WIND (MPH)
  HIGHEST WIND SPEED    22   HIGHEST WIND DIRECTION    NE (30)
  HIGHEST GUST SPEED    27   HIGHEST GUST DIRECTION    NE (30)
  AVERAGE WIND SPEED     8.4


SKY COVER
  POSSIBLE SUNSHINE  MM
  AVERAGE SKY COVER 0.1


WEATHER CONDITIONS
 THE FOLLOWING WEATHER WAS RECORDED YESTERDAY.
  NO SIGNIFICANT WEATHER WAS OBSERVED.


RELATIVE HUMIDITY (PERCENT)
 HIGHEST    72          1000 PM
 LOWEST     36           300 PM
 AVERAGE    54

..........................................................


THE TUPELO CLIMATE NORMALS FOR TODAY
                         NORMAL    RECORD    YEAR
 MAXIMUM TEMPERATURE (F)   53        77      2002
 MINIMUM TEMPERATURE (F)   32       -10      1936


SUNRISE AND SUNSET
JANUARY 31 2015.......SUNRISE   653 AM CST   SUNSET   524 PM CST
FEBRUARY  1 2015......SUNRISE   653 AM CST   SUNSET   525 PM CST


-  INDICATES NEGATIVE NUMBERS.
R  INDICATES RECORD WAS SET OR TIED.
MM INDICATES DATA IS MISSING.
T  INDICATES TRACE AMOUNT.




$$
