000
CDUS44 KMEG 262246
CLITUP


CLIMATE REPORT
NATIONAL WEATHER SERVICE MEMPHIS TN
446 PM CST WED NOV 26 2014


...................................

...THE TUPELO CLIMATE SUMMARY FOR NOVEMBER 26 2014...
VALID TODAY AS OF 0400 PM LOCAL TIME.

CLIMATE NORMAL PERIOD 1981 TO 2010
CLIMATE RECORD PERIOD 1930 TO 2014


WEATHER ITEM   OBSERVED TIME   RECORD YEAR NORMAL DEPARTURE LAST
                VALUE   (LST)  VALUE       VALUE  FROM      YEAR
                                                  NORMAL
..................................................................
TEMPERATURE (F)
 TODAY
  MAXIMUM         54    259 PM  82    1965  60     -6       41
  MINIMUM         27    604 AM  20    1974  39    -12       38
  AVERAGE         41                        49     -8       40

PRECIPITATION (IN)
  TODAY            0.00          1.86 1948   0.19  -0.19     0.53
  MONTH TO DATE    4.50                      3.90   0.60     4.33
  SINCE SEP 1     16.07                     11.46   4.61     9.59
  SINCE JAN 1     52.00                     47.93   4.07    46.87

SNOWFALL (IN)
  TODAY            0.0

DEGREE DAYS
 HEATING
  TODAY           24                        16      8       25
  MONTH TO DATE  473                       308    165      388
  SINCE SEP 1    572                       456    116      507
  SINCE JUL 1    572                       456    116      507

 COOLING
  TODAY            0                         0      0        0
  MONTH TO DATE    0                         9     -9        0
  SINCE SEP 1    427                       370     57      432
  SINCE JAN 1   1974                      2042    -68     2027
..................................................................


WIND (MPH)
  HIGHEST WIND SPEED    15   HIGHEST WIND DIRECTION     S (200)
  HIGHEST GUST SPEED    20   HIGHEST GUST DIRECTION     S (200)
  AVERAGE WIND SPEED     3.8


SKY COVER
  POSSIBLE SUNSHINE  MM
  AVERAGE SKY COVER 0.2


WEATHER CONDITIONS
 THE FOLLOWING WEATHER WAS RECORDED TODAY.
  NO SIGNIFICANT WEATHER WAS OBSERVED.


RELATIVE HUMIDITY (PERCENT)
 HIGHEST    92           700 AM
 LOWEST     41           100 PM
 AVERAGE    67

..........................................................


THE TUPELO CLIMATE NORMALS FOR TOMORROW
                         NORMAL    RECORD    YEAR
 MAXIMUM TEMPERATURE (F)   59        79      1990
                                             1989
                                             1985
 MINIMUM TEMPERATURE (F)   38        19      1938


SUNRISE AND SUNSET
NOVEMBER 26 2014......SUNRISE   638 AM CST   SUNSET   446 PM CST
NOVEMBER 27 2014......SUNRISE   639 AM CST   SUNSET   446 PM CST


-  INDICATES NEGATIVE NUMBERS.
R  INDICATES RECORD WAS SET OR TIED.
MM INDICATES DATA IS MISSING.
T  INDICATES TRACE AMOUNT.




$$
