000
CDUS45 KTWC 250731
CLITUS

CLIMATE REPORT
NATIONAL WEATHER SERVICE TUCSON AZ
1230 AM MST TUE APR 25 2017

...................................

...THE TUCSON AZ CLIMATE SUMMARY FOR APRIL 24 2017...

CLIMATE NORMAL PERIOD 1981 TO 2010
CLIMATE RECORD PERIOD 1895 TO 2017


WEATHER ITEM   OBSERVED TIME   RECORD YEAR NORMAL DEPARTURE LAST
                VALUE   (LST)  VALUE       VALUE  FROM      YEAR
                                                  NORMAL
..................................................................
TEMPERATURE (F)
 YESTERDAY
  MAXIMUM         93    325 PM  99    1996  85      8       87
  MINIMUM         64    609 AM  35    1937  54     10       57
  AVERAGE         79                        69     10       72

PRECIPITATION (IN)
  YESTERDAY        0.00          0.40 1930   0.00   0.00     0.00
  MONTH TO DATE    T                         0.27  -0.27     0.71
  SINCE OCT 1      3.27                      5.19  -1.92     5.41
  SINCE JAN 1      1.59                      2.80  -1.21     2.53

DEGREE DAYS
 HEATING
  YESTERDAY        0                         1     -1        0
  MONTH TO DATE   14                        54    -40       18
  SINCE MAR 1     61                       233   -172       85
  SINCE JUL 1    942                      1500   -558     1213

 COOLING
  YESTERDAY       14                         6      8        7
  MONTH TO DATE  166                        83     83      122
  SINCE MAR 1    310                       112    198      200
  SINCE JAN 1    319                       116    203      234
..................................................................


WIND (MPH)
  HIGHEST WIND SPEED    24   HIGHEST WIND DIRECTION     W (250)
  HIGHEST GUST SPEED    35   HIGHEST GUST DIRECTION     W (270)
  AVERAGE WIND SPEED    10.4


SKY COVER
  POSSIBLE SUNSHINE  MM
  AVERAGE SKY COVER 0.0


WEATHER CONDITIONS
 THE FOLLOWING WEATHER WAS RECORDED YESTERDAY.
  NO SIGNIFICANT WEATHER WAS OBSERVED.


RELATIVE HUMIDITY (PERCENT)
 HIGHEST    18
 LOWEST      7
 AVERAGE    13

..........................................................


THE TUCSON AZ CLIMATE NORMALS FOR TODAY
                         NORMAL    RECORD    YEAR
 MAXIMUM TEMPERATURE (F)   85        99      1910
 MINIMUM TEMPERATURE (F)   55        34      1960


SUNRISE AND SUNSET
APRIL 25 2017.........SUNRISE   543 AM MST   SUNSET   700 PM MST
APRIL 26 2017.........SUNRISE   542 AM MST   SUNSET   701 PM MST


-  INDICATES NEGATIVE NUMBERS.
R  INDICATES RECORD WAS SET OR TIED.
MM INDICATES DATA IS MISSING.
T  INDICATES TRACE AMOUNT.

$$
