000
CDUS45 KTWC 240734
CLITUS

CLIMATE REPORT
NATIONAL WEATHER SERVICE TUCSON AZ
1231 AM MST THU APR 24 2014


...................................

...THE TUCSON AZ CLIMATE SUMMARY FOR APRIL 23 2014...

CLIMATE NORMAL PERIOD 1981 TO 2010
CLIMATE RECORD PERIOD 1895 TO 2014


WEATHER ITEM   OBSERVED TIME   RECORD YEAR NORMAL DEPARTURE LAST
                VALUE   (LST)  VALUE       VALUE  FROM      YEAR
                                                  NORMAL
..................................................................
TEMPERATURE (F)
 YESTERDAY
  MAXIMUM         86    228 PM 100    2012  84      2       90
  MINIMUM         62   1147 PM  37    1923  54      8       61
                                      1909
  AVERAGE         74                        69      5       76

PRECIPITATION (IN)
  YESTERDAY        0.00          0.81 1905   0.01  -0.01     0.00
  MONTH TO DATE    T                         0.27  -0.27     0.12
  SINCE OCT 1      3.64                      5.19  -1.55     2.94
  SINCE JAN 1      0.59                      2.80  -2.21     1.73

DEGREE DAYS
 HEATING
  YESTERDAY        0                         1     -1        0
  MONTH TO DATE   21                        53    -32       27
  SINCE MAR 1     63                       232   -169       88
  SINCE JUL 1    896                      1499   -603     1363

 COOLING
  YESTERDAY        9                         5      4       11
  MONTH TO DATE  135                        77     58      106
  SINCE MAR 1    165                       106     59      197
  SINCE JAN 1    189                       110     79      197
..................................................................


WIND (MPH)
  HIGHEST WIND SPEED    23   HIGHEST WIND DIRECTION     W (280)
  HIGHEST GUST SPEED    31   HIGHEST GUST DIRECTION     W (260)
  AVERAGE WIND SPEED     9.7


SKY COVER
  POSSIBLE SUNSHINE  MM
  AVERAGE SKY COVER 0.0


WEATHER CONDITIONS
 THE FOLLOWING WEATHER WAS RECORDED YESTERDAY.
  NO SIGNIFICANT WEATHER WAS OBSERVED.


RELATIVE HUMIDITY (PERCENT)
 HIGHEST    28
 LOWEST      6
 AVERAGE    17

..........................................................


THE TUCSON AZ CLIMATE NORMALS FOR TODAY
                         NORMAL    RECORD    YEAR
 MAXIMUM TEMPERATURE (F)   85        99      1996
 MINIMUM TEMPERATURE (F)   54        35      1937


SUNRISE AND SUNSET
APRIL 24 2014.........SUNRISE   545 AM MST   SUNSET   659 PM MST
APRIL 25 2014.........SUNRISE   544 AM MST   SUNSET   700 PM MST


-  INDICATES NEGATIVE NUMBERS.
R  INDICATES RECORD WAS SET OR TIED.
MM INDICATES DATA IS MISSING.
T  INDICATES TRACE AMOUNT.




$$
