000
CDUS45 KTWC 240030 RRA
CLITUS

CLIMATE REPORT
NATIONAL WEATHER SERVICE TUCSON AZ
530 PM MST MON OCT 23 2017


...................................

...THE TUCSON AZ CLIMATE SUMMARY FOR OCTOBER 23 2017...
VALID TODAY AS OF 0500 PM LOCAL TIME.

CLIMATE NORMAL PERIOD 1981 TO 2010
CLIMATE RECORD PERIOD 1895 TO 2017


WEATHER ITEM   OBSERVED TIME   RECORD YEAR NORMAL DEPARTURE LAST
                VALUE   (LST)  VALUE       VALUE  FROM      YEAR
                                                  NORMAL
..................................................................
TEMPERATURE (F)
 TODAY
  MAXIMUM         96R   415 PM  94    1933  83     13       93
  MINIMUM         57    618 AM  29    1906  55      2       67
  AVERAGE         77                        68      9       80

PRECIPITATION (IN)
  TODAY            0.00          0.66 1896   0.02  -0.02     0.00
  MONTH TO DATE    0.00                      0.71  -0.71     0.10
  SINCE OCT 1      0.00                      0.71  -0.71     0.10
  SINCE JAN 1     10.18                      9.91   0.27    10.23

DEGREE DAYS
 HEATING
  TODAY            0                         1     -1        0
  MONTH TO DATE    0                         9     -9        0
  SINCE SEP 1      0                         9     -9        0
  SINCE JUL 1      0                         9     -9        0

 COOLING
  TODAY           12                         5      7       15
  MONTH TO DATE  318                       182    136      287
  SINCE SEP 1    864                       679    185      762
  SINCE JAN 1   3703                      3089    614     3472
..................................................................


WIND (MPH)
  HIGHEST WIND SPEED    13   HIGHEST WIND DIRECTION     N (340)
  HIGHEST GUST SPEED    18   HIGHEST GUST DIRECTION     N (340)
  AVERAGE WIND SPEED    MM


SKY COVER
  POSSIBLE SUNSHINE  MM
  AVERAGE SKY COVER  MM


WEATHER CONDITIONS
 THE FOLLOWING WEATHER WAS RECORDED TODAY.
  NO SIGNIFICANT WEATHER WAS OBSERVED.


RELATIVE HUMIDITY (PERCENT)
 HIGHEST    MM
 LOWEST     MM
 AVERAGE    MM

..........................................................


THE TUCSON AZ CLIMATE NORMALS FOR TOMORROW
                         NORMAL    RECORD    YEAR
 MAXIMUM TEMPERATURE (F)   82        96      1959
 MINIMUM TEMPERATURE (F)   54        33      1935


SUNRISE AND SUNSET
OCTOBER 23 2017.......SUNRISE   634 AM MST   SUNSET   542 PM MST
OCTOBER 24 2017.......SUNRISE   634 AM MST   SUNSET   541 PM MST


-  INDICATES NEGATIVE NUMBERS.
R  INDICATES RECORD WAS SET OR TIED.
MM INDICATES DATA IS MISSING.
T  INDICATES TRACE AMOUNT.




$$
