000
CDUS43 KAPX 300528
CLITVC


CLIMATE REPORT
NATIONAL WEATHER SERVICE GAYLORD MI
127 AM EDT FRI SEP 30 2016


...................................

...THE TRAVERSE CITY MI CLIMATE SUMMARY FOR SEPTEMBER 29 2016...

CLIMATE NORMAL PERIOD 1981 TO 2010
CLIMATE RECORD PERIOD 1896 TO 2016


WEATHER ITEM   OBSERVED TIME   RECORD YEAR NORMAL DEPARTURE LAST
                VALUE   (LST)  VALUE       VALUE  FROM      YEAR
                                                  NORMAL
..................................................................
TEMPERATURE (F)
 YESTERDAY
  MAXIMUM         72    340 PM  90    1898  64      8       66
  MINIMUM         55    612 AM  28    1942  45     10       47
  AVERAGE         64                        55      9       57

PRECIPITATION (IN)
  YESTERDAY        0.00          1.01 1967   0.11  -0.11     0.03
  MONTH TO DATE    3.76                      3.42   0.34     4.32
  SINCE SEP 1      3.76                      3.42   0.34     4.32
  SINCE JAN 1     21.50                     24.53  -3.03    15.97

DEGREE DAYS
 HEATING
  YESTERDAY        1                        11    -10        8
  MONTH TO DATE   48                       183   -135       52
  SINCE SEP 1     48                       183   -135       52
  SINCE JUL 1     57                       252   -195       99

 COOLING
  YESTERDAY        0                         0      0        0
  MONTH TO DATE   99                        40     59      136
  SINCE SEP 1     99                        40     59      136
  SINCE JAN 1    759                       409    350      569
..................................................................


WIND (MPH)
  HIGHEST WIND SPEED    17   HIGHEST WIND DIRECTION    NE (50)
  HIGHEST GUST SPEED    24   HIGHEST GUST DIRECTION    NE (60)
  AVERAGE WIND SPEED     9.8




RELATIVE HUMIDITY (PERCENT)
 HIGHEST    86
 LOWEST     49
 AVERAGE    68

..........................................................


THE TRAVERSE CITY MI CLIMATE NORMALS FOR TODAY
                         NORMAL    RECORD    YEAR
 MAXIMUM TEMPERATURE (F)   64        89      1922
 MINIMUM TEMPERATURE (F)   44        26      1945


SUNRISE AND SUNSET
SEPTEMBER 30 2016.....SUNRISE   740 AM EDT   SUNSET   724 PM EDT
OCTOBER  1 2016.......SUNRISE   741 AM EDT   SUNSET   722 PM EDT


-  INDICATES NEGATIVE NUMBERS.
R  INDICATES RECORD WAS SET OR TIED.
MM INDICATES DATA IS MISSING.
T  INDICATES TRACE AMOUNT.




$$
