000
CDUS43 KAPX 120531
CLITVC


CLIMATE REPORT
NATIONAL WEATHER SERVICE GAYLORD MI
1230 AM EST FRI FEB 12 2016


...................................

...THE TRAVERSE CITY MI CLIMATE SUMMARY FOR FEBRUARY 11 2016...

CLIMATE NORMAL PERIOD 1981 TO 2010
CLIMATE RECORD PERIOD 1896 TO 2016


WEATHER ITEM   OBSERVED TIME   RECORD YEAR NORMAL DEPARTURE LAST
                VALUE   (LST)  VALUE       VALUE  FROM      YEAR
                                                  NORMAL
..................................................................
TEMPERATURE (F)
 YESTERDAY
  MAXIMUM         19    510 PM  60    1999  29    -10       30
  MINIMUM         14    140 AM -32    1899  15     -1       16
  AVERAGE         17                        22     -5       23

PRECIPITATION (IN)
  YESTERDAY        0.01          0.70 1932   0.05  -0.04     0.03
  MONTH TO DATE    0.43                      0.62  -0.19     0.04
  SINCE DEC 1      5.51                      5.93  -0.42     1.78
  SINCE JAN 1      2.52                      3.44  -0.92     0.72

DEGREE DAYS
 HEATING
  YESTERDAY       48                        43      5       42
  MONTH TO DATE  414                       480    -66      518
  SINCE DEC 1   2469                      3017   -548     3025
  SINCE JUL 1   3649                      4636   -987     4704
..................................................................


WIND (MPH)
  HIGHEST WIND SPEED    21   HIGHEST WIND DIRECTION    NW (320)
  HIGHEST GUST SPEED    31   HIGHEST GUST DIRECTION    NW (330)
  AVERAGE WIND SPEED     9.7




RELATIVE HUMIDITY (PERCENT)
 HIGHEST    80
 LOWEST     49
 AVERAGE    65

..........................................................


THE TRAVERSE CITY MI CLIMATE NORMALS FOR TODAY
                         NORMAL    RECORD    YEAR
 MAXIMUM TEMPERATURE (F)   30        54      1932
 MINIMUM TEMPERATURE (F)   15       -29      1917


SUNRISE AND SUNSET
FEBRUARY 12 2016......SUNRISE   748 AM EST   SUNSET   606 PM EST
FEBRUARY 13 2016......SUNRISE   746 AM EST   SUNSET   607 PM EST


-  INDICATES NEGATIVE NUMBERS.
R  INDICATES RECORD WAS SET OR TIED.
MM INDICATES DATA IS MISSING.
T  INDICATES TRACE AMOUNT.




$$
