000
CDUS43 KAPX 300530
CLITVC


CLIMATE REPORT
NATIONAL WEATHER SERVICE GAYLORD MI
128 AM EDT TUE MAY 30 2017


...................................

...THE TRAVERSE CITY MI CLIMATE SUMMARY FOR MAY 29 2017...

CLIMATE NORMAL PERIOD 1981 TO 2010
CLIMATE RECORD PERIOD 1896 TO 2017


WEATHER ITEM   OBSERVED TIME   RECORD YEAR NORMAL DEPARTURE LAST
                VALUE   (LST)  VALUE       VALUE  FROM      YEAR
                                                  NORMAL
..................................................................
TEMPERATURE (F)
 YESTERDAY
  MAXIMUM         70   1213 PM  93    2006  70      0       80
  MINIMUM         52    158 AM  31    1964  46      6       66
  AVERAGE         61                        58      3       73

PRECIPITATION (IN)
  YESTERDAY        T             4.18 1942   0.09  -0.09     0.01
  MONTH TO DATE    2.19                      2.42  -0.23     1.51
  SINCE MAR 1      6.63                      7.06  -0.43     7.07
  SINCE JAN 1      9.96                     11.38  -1.42     9.86

DEGREE DAYS
 HEATING
  YESTERDAY        4                         8     -4        0
  MONTH TO DATE  345                       355    -10      298
  SINCE MAR 1   1879                      2082   -203     1857
  SINCE JUL 1   6052                      7422  -1370     6167

 COOLING
  YESTERDAY        0                         1     -1        8
  MONTH TO DATE   18                        12      6       47
  SINCE MAR 1     21                        15      6       47
  SINCE JAN 1     21                        15      6       47
..................................................................


WIND (MPH)
  HIGHEST WIND SPEED    21   HIGHEST WIND DIRECTION     W (260)
  HIGHEST GUST SPEED    37   HIGHEST GUST DIRECTION     W (260)
  AVERAGE WIND SPEED     7.6




RELATIVE HUMIDITY (PERCENT)
 HIGHEST    93
 LOWEST     39
 AVERAGE    66

..........................................................


THE TRAVERSE CITY MI CLIMATE NORMALS FOR TODAY
                         NORMAL    RECORD    YEAR
 MAXIMUM TEMPERATURE (F)   70        92      1937
 MINIMUM TEMPERATURE (F)   47        28      1961


SUNRISE AND SUNSET
MAY 30 2017...........SUNRISE   601 AM EDT   SUNSET   919 PM EDT
MAY 31 2017...........SUNRISE   600 AM EDT   SUNSET   920 PM EDT


-  INDICATES NEGATIVE NUMBERS.
R  INDICATES RECORD WAS SET OR TIED.
MM INDICATES DATA IS MISSING.
T  INDICATES TRACE AMOUNT.




$$
