000
CDUS43 KAPX 300540
CLITVC


CLIMATE REPORT
NATIONAL WEATHER SERVICE GAYLORD MI
139 AM EDT TUE JUN 30 2015


...................................

...THE TRAVERSE CITY MI CLIMATE SUMMARY FOR JUNE 29 2015...

CLIMATE NORMAL PERIOD 1981 TO 2010
CLIMATE RECORD PERIOD 1896 TO 2015


WEATHER ITEM   OBSERVED TIME   RECORD YEAR NORMAL DEPARTURE LAST
                VALUE   (LST)  VALUE       VALUE  FROM      YEAR
                                                  NORMAL
..................................................................
TEMPERATURE (F)
 YESTERDAY
  MAXIMUM         84    302 PM 100    1971  79      5       82
  MINIMUM         53    544 AM  40    1988  56     -3       72
  AVERAGE         69                        68      1       77

PRECIPITATION (IN)
  YESTERDAY        0.38          0.84 1973   0.11   0.27     0.46
  MONTH TO DATE    2.01                      3.05  -1.04     2.58
  SINCE JUN 1      2.01                      3.05  -1.04     2.58
  SINCE JAN 1      8.49                     14.60  -6.11    12.26

DEGREE DAYS
 HEATING
  YESTERDAY        0                         2     -2        0
  MONTH TO DATE   86                       112    -26       72
  SINCE JUN 1     86                       112    -26       72
  SINCE JUL 1   7822                      7548    274     8152

 COOLING
  YESTERDAY        4                         4      0       12
  MONTH TO DATE   24                        75    -51       95
  SINCE JUN 1     24                        75    -51       95
  SINCE JAN 1     59                        95    -36      104
..................................................................


WIND (MPH)
  HIGHEST WIND SPEED    16   HIGHEST WIND DIRECTION    SW (220)
  HIGHEST GUST SPEED    24   HIGHEST GUST DIRECTION    SW (220)
  AVERAGE WIND SPEED     3.0




RELATIVE HUMIDITY (PERCENT)
 HIGHEST    93
 LOWEST     33
 AVERAGE    63

..........................................................


THE TRAVERSE CITY MI CLIMATE NORMALS FOR TODAY
                         NORMAL    RECORD    YEAR
 MAXIMUM TEMPERATURE (F)   79        99      1931
 MINIMUM TEMPERATURE (F)   56        40      1943


SUNRISE AND SUNSET
JUNE 30 2015..........SUNRISE   600 AM EDT   SUNSET   932 PM EDT
JULY  1 2015..........SUNRISE   600 AM EDT   SUNSET   932 PM EDT


-  INDICATES NEGATIVE NUMBERS.
R  INDICATES RECORD WAS SET OR TIED.
MM INDICATES DATA IS MISSING.
T  INDICATES TRACE AMOUNT.




$$
