000
CDUS43 KAPX 062232
CLITVC


CLIMATE REPORT
NATIONAL WEATHER SERVICE GAYLORD MI
531 PM EST FRI MAR 6 2015


...................................

...THE TRAVERSE CITY MI CLIMATE SUMMARY FOR MARCH 6 2015...
VALID TODAY AS OF 0500 PM LOCAL TIME.

CLIMATE NORMAL PERIOD 1981 TO 2010
CLIMATE RECORD PERIOD 1896 TO 2015


WEATHER ITEM   OBSERVED TIME   RECORD YEAR NORMAL DEPARTURE LAST
                VALUE   (LST)  VALUE       VALUE  FROM      YEAR
                                                  NORMAL
..................................................................
TEMPERATURE (F)
 TODAY
  MAXIMUM         31    358 PM  68    2000  36     -5       32
  MINIMUM          2    207 AM -16    1972  18    -16      -13
  AVERAGE         17                        27    -10       10

PRECIPITATION (IN)
  TODAY            0.00          1.03 1959   0.06  -0.06     0.00
  MONTH TO DATE    0.07                      0.35  -0.28     0.02
  SINCE MAR 1      0.07                      0.35  -0.28     0.02
  SINCE JAN 1      0.85                      4.67  -3.82     1.44

SNOWFALL (IN)
  TODAY           MM            MM      MM   0.4   MM       MM
  MONTH TO DATE   MM                         2.8   MM       MM
  SINCE OCT 1     MM                        90.8   MM       MM
  SINCE JUL 1     MM                        90.8   MM       MM

DEGREE DAYS
 HEATING
  TODAY           48                        38     10       55
  MONTH TO DATE  304                       232     72      359
  SINCE MAR 1    304                       232     72      359
  SINCE JUL 1   6036                      5572    464     6081

 COOLING
  TODAY            0                         0      0        0
  MONTH TO DATE    0                         0      0        0
  SINCE MAR 1      0                         0      0        0
  SINCE JAN 1      0                         0      0        0
..................................................................


WIND (MPH)
  RESULTANT WIND SPEED   7   RESULTANT WIND DIRECTION  SW (210)
  HIGHEST WIND SPEED    22   HIGHEST WIND DIRECTION    SW (210)
  HIGHEST GUST SPEED    37   HIGHEST GUST DIRECTION    SW (220)
  AVERAGE WIND SPEED     8.1


SKY COVER
  POSSIBLE SUNSHINE  MM
  AVERAGE SKY COVER 0.3


WEATHER CONDITIONS
 THE FOLLOWING WEATHER WAS RECORDED TODAY.
  NO SIGNIFICANT WEATHER WAS OBSERVED.


RELATIVE HUMIDITY (PERCENT)
 HIGHEST    80          1200 AM
 LOWEST     42           200 PM
 AVERAGE    61

..........................................................




SUNRISE AND SUNSET
MARCH  6 2015.........SUNRISE   712 AM EST   SUNSET   636 PM EST
MARCH  7 2015.........SUNRISE   710 AM EST   SUNSET   638 PM EST


-  INDICATES NEGATIVE NUMBERS.
R  INDICATES RECORD WAS SET OR TIED.
MM INDICATES DATA IS MISSING.
T  INDICATES TRACE AMOUNT.




$$
