000
CDUS43 KAPX 230530
CLITVC


CLIMATE REPORT
NATIONAL WEATHER SERVICE GAYLORD MI
130 AM EDT SAT JUL 23 2016


...................................

...THE TRAVERSE CITY MI CLIMATE SUMMARY FOR JULY 22 2016...

CLIMATE NORMAL PERIOD 1981 TO 2010
CLIMATE RECORD PERIOD 1896 TO 2016


WEATHER ITEM   OBSERVED TIME   RECORD YEAR NORMAL DEPARTURE LAST
                VALUE   (LST)  VALUE       VALUE  FROM      YEAR
                                                  NORMAL
..................................................................
TEMPERATURE (F)
 YESTERDAY
  MAXIMUM         91    446 PM  96    1987  80     11       80
  MINIMUM         72   1159 PM  46    1981  58     14       53
  AVERAGE         82                        69     13       67

PRECIPITATION (IN)
  YESTERDAY        0.00          1.98 1948   0.09  -0.09     0.00
  MONTH TO DATE    1.96                      2.12  -0.16     1.04
  SINCE JUN 1      4.03                      5.28  -1.25     3.06
  SINCE JAN 1     13.89                     16.83  -2.94     9.54

DEGREE DAYS
 HEATING
  YESTERDAY        0                         1     -1        0
  MONTH TO DATE    9                        23    -14       28
  SINCE JUN 1     73                       135    -62      116
  SINCE JUL 1      9                        23    -14       28

 COOLING
  YESTERDAY       17                         5     12        2
  MONTH TO DATE  164                       110     54       99
  SINCE JUN 1    254                       191     63      123
  SINCE JAN 1    304                       211     93      158
..................................................................


WIND (MPH)
  HIGHEST WIND SPEED    13   HIGHEST WIND DIRECTION     W (270)
  HIGHEST GUST SPEED    17   HIGHEST GUST DIRECTION     N (360)
  AVERAGE WIND SPEED     5.2




RELATIVE HUMIDITY (PERCENT)
 HIGHEST    90
 LOWEST     30
 AVERAGE    60

..........................................................


THE TRAVERSE CITY MI CLIMATE NORMALS FOR TODAY
                         NORMAL    RECORD    YEAR
 MAXIMUM TEMPERATURE (F)   80        97      1940
 MINIMUM TEMPERATURE (F)   58        42      1985


SUNRISE AND SUNSET
JULY 23 2016..........SUNRISE   619 AM EDT   SUNSET   918 PM EDT
JULY 24 2016..........SUNRISE   620 AM EDT   SUNSET   917 PM EDT


-  INDICATES NEGATIVE NUMBERS.
R  INDICATES RECORD WAS SET OR TIED.
MM INDICATES DATA IS MISSING.
T  INDICATES TRACE AMOUNT.




$$
