000
CDUS43 KAPX 160535
CLITVC


CLIMATE REPORT
NATIONAL WEATHER SERVICE GAYLORD MI
135 AM EDT WED APR 16 2014


...................................

...THE TRAVERSE CITY MI CLIMATE SUMMARY FOR APRIL 15 2014...

CLIMATE NORMAL PERIOD 1981 TO 2010
CLIMATE RECORD PERIOD 1896 TO 2014


WEATHER ITEM   OBSERVED TIME   RECORD YEAR NORMAL DEPARTURE LAST
                VALUE   (LST)  VALUE       VALUE  FROM      YEAR
                                                  NORMAL
..................................................................
TEMPERATURE (F)
 YESTERDAY
  MAXIMUM         31    533 PM  85    2002  54    -23       58
  MINIMUM         22   1041 AM  18    1950  32    -10       39
  AVERAGE         27                        43    -16       49

PRECIPITATION (IN)
  YESTERDAY        T             1.79 1993   0.09  -0.09     0.16
  MONTH TO DATE    2.93                      1.40   1.53     2.95
  SINCE MAR 1      3.85                      3.26   0.59     4.52
  SINCE JAN 1      5.27                      7.58  -2.31     8.06

DEGREE DAYS
 HEATING
  YESTERDAY       38                        22     16       16
  MONTH TO DATE  397                       376     21      437
  SINCE MAR 1   1728                      1438    290     1551
  SINCE JUL 1   7450                      6778    672     6397

 COOLING
  YESTERDAY        0                         0      0        0
  MONTH TO DATE    0                         0      0        0
  SINCE MAR 1      0                         0      0        0
  SINCE JAN 1      0                         0      0        0
..................................................................


WIND (MPH)
  HIGHEST WIND SPEED    18   HIGHEST WIND DIRECTION     N (340)
  HIGHEST GUST SPEED    25   HIGHEST GUST DIRECTION    NW (320)
  AVERAGE WIND SPEED    10.2




RELATIVE HUMIDITY (PERCENT)
 HIGHEST    88
 LOWEST     39
 AVERAGE    64

..........................................................


THE TRAVERSE CITY MI CLIMATE NORMALS FOR TODAY
                         NORMAL    RECORD    YEAR
 MAXIMUM TEMPERATURE (F)   54        88      2002
 MINIMUM TEMPERATURE (F)   32         6      1904


SUNRISE AND SUNSET
APRIL 16 2014.........SUNRISE   656 AM EDT   SUNSET   829 PM EDT
APRIL 17 2014.........SUNRISE   655 AM EDT   SUNSET   830 PM EDT


-  INDICATES NEGATIVE NUMBERS.
R  INDICATES RECORD WAS SET OR TIED.
MM INDICATES DATA IS MISSING.
T  INDICATES TRACE AMOUNT.




$$
