000
CDUS43 KAPX 010540
CLITVC


CLIMATE REPORT
NATIONAL WEATHER SERVICE GAYLORD MI
1240 AM EST SUN FEB 1 2015


...................................

...THE TRAVERSE CITY MI CLIMATE SUMMARY FOR JANUARY 31 2015...

CLIMATE NORMAL PERIOD 1981 TO 2010
CLIMATE RECORD PERIOD 1896 TO 2015


WEATHER ITEM   OBSERVED TIME   RECORD YEAR NORMAL DEPARTURE LAST
                VALUE   (LST)  VALUE       VALUE  FROM      YEAR
                                                  NORMAL
..................................................................
TEMPERATURE (F)
 YESTERDAY
  MAXIMUM         28    519 PM  52    2012  28      0       25
  MINIMUM         15    222 AM -20    1918  14      1       10
  AVERAGE         22                        21      1       18

PRECIPITATION (IN)
  YESTERDAY        T             0.40 1943   0.08  -0.08      T
  MONTH TO DATE    0.68                      2.82  -2.14     0.99
  SINCE DEC 1      1.74                      5.31  -3.57     1.98
  SINCE JAN 1      0.68                      2.82  -2.14     0.99

DEGREE DAYS
 HEATING
  YESTERDAY       43                        44     -1       47
  MONTH TO DATE 1436                      1349     87     1483
  SINCE DEC 1   2507                      2537    -30     2813
  SINCE JUL 1   4186                      4156     30     4304
..................................................................


WIND (MPH)
  HIGHEST WIND SPEED    20   HIGHEST WIND DIRECTION     N (10)
  HIGHEST GUST SPEED    25   HIGHEST GUST DIRECTION     N (20)
  AVERAGE WIND SPEED     7.0




RELATIVE HUMIDITY (PERCENT)
 HIGHEST    81
 LOWEST     67
 AVERAGE    74

..........................................................


THE TRAVERSE CITY MI CLIMATE NORMALS FOR TODAY
                         NORMAL    RECORD    YEAR
 MAXIMUM TEMPERATURE (F)   28        45      1998
 MINIMUM TEMPERATURE (F)   14       -26      1918


SUNRISE AND SUNSET
FEBRUARY  1 2015......SUNRISE   802 AM EST   SUNSET   551 PM EST
FEBRUARY  2 2015......SUNRISE   801 AM EST   SUNSET   552 PM EST


-  INDICATES NEGATIVE NUMBERS.
R  INDICATES RECORD WAS SET OR TIED.
MM INDICATES DATA IS MISSING.
T  INDICATES TRACE AMOUNT.




$$
