000
CDUS43 KAPX 030538
CLITVC


CLIMATE REPORT
NATIONAL WEATHER SERVICE GAYLORD MI
138 AM EDT WED JUN 3 2015


...................................

...THE TRAVERSE CITY MI CLIMATE SUMMARY FOR JUNE 2 2015...

CLIMATE NORMAL PERIOD 1981 TO 2010
CLIMATE RECORD PERIOD 1896 TO 2015


WEATHER ITEM   OBSERVED TIME   RECORD YEAR NORMAL DEPARTURE LAST
                VALUE   (LST)  VALUE       VALUE  FROM      YEAR
                                                  NORMAL
..................................................................
TEMPERATURE (F)
 YESTERDAY
  MAXIMUM         69    220 PM  99    1934  71     -2       85
  MINIMUM         38    438 AM  31    1964  48    -10       66
  AVERAGE         54                        60     -6       76

PRECIPITATION (IN)
  YESTERDAY        0.00          1.00 2012   0.08  -0.08     0.30
  MONTH TO DATE    0.00                      0.17  -0.17     0.42
  SINCE JUN 1      0.00                      0.17  -0.17     0.42
  SINCE JAN 1      6.48                     11.72  -5.24    10.10

DEGREE DAYS
 HEATING
  YESTERDAY       11                         7      4        0
  MONTH TO DATE   26                        14     12        0
  SINCE JUN 1     26                        14     12        0
  SINCE JUL 1   7762                      7450    312     8080

 COOLING
  YESTERDAY        0                         1     -1       11
  MONTH TO DATE    0                         2     -2       24
  SINCE JUN 1      0                         2     -2       24
  SINCE JAN 1     35                        22     13       33
..................................................................


WIND (MPH)
  HIGHEST WIND SPEED    13   HIGHEST WIND DIRECTION     N (20)
  HIGHEST GUST SPEED    16   HIGHEST GUST DIRECTION     N (20)
  AVERAGE WIND SPEED     3.4




RELATIVE HUMIDITY (PERCENT)
 HIGHEST    92
 LOWEST     30
 AVERAGE    61

..........................................................


THE TRAVERSE CITY MI CLIMATE NORMALS FOR TODAY
                         NORMAL    RECORD    YEAR
 MAXIMUM TEMPERATURE (F)   72        91      1948
 MINIMUM TEMPERATURE (F)   48        28      1965


SUNRISE AND SUNSET
JUNE  3 2015..........SUNRISE   559 AM EDT   SUNSET   922 PM EDT
JUNE  4 2015..........SUNRISE   558 AM EDT   SUNSET   923 PM EDT


-  INDICATES NEGATIVE NUMBERS.
R  INDICATES RECORD WAS SET OR TIED.
MM INDICATES DATA IS MISSING.
T  INDICATES TRACE AMOUNT.




$$
