000
CDUS43 KAPX 180543
CLITVC


CLIMATE REPORT
NATIONAL WEATHER SERVICE GAYLORD MI
1242 AM EST THU DEC 18 2014


...................................

...THE TRAVERSE CITY MI CLIMATE SUMMARY FOR DECEMBER 17 2014...

CLIMATE NORMAL PERIOD 1981 TO 2010
CLIMATE RECORD PERIOD 1896 TO 2014


WEATHER ITEM   OBSERVED TIME   RECORD YEAR NORMAL DEPARTURE LAST
                VALUE   (LST)  VALUE       VALUE  FROM      YEAR
                                                  NORMAL
..................................................................
TEMPERATURE (F)
 YESTERDAY
  MAXIMUM         34    147 AM  56    1913  32      2       26
  MINIMUM         29    550 PM -10    1973  21      8       17
  AVERAGE         32                        26      6       22

PRECIPITATION (IN)
  YESTERDAY        0.02          0.33 1990   0.08  -0.06     0.01
  MONTH TO DATE    0.38                      1.36  -0.98     0.49
  SINCE DEC 1      0.38                      1.36  -0.98     0.49
  SINCE JAN 1     31.86                     31.92  -0.06    35.64

DEGREE DAYS
 HEATING
  YESTERDAY       33                        39     -6       43
  MONTH TO DATE  575                       619    -44      726
  SINCE DEC 1    575                       619    -44      726
  SINCE JUL 1   2254                      2238     16     2217
..................................................................


WIND (MPH)
  HIGHEST WIND SPEED    20   HIGHEST WIND DIRECTION     W (280)
  HIGHEST GUST SPEED    25   HIGHEST GUST DIRECTION    NW (300)
  AVERAGE WIND SPEED    12.6




RELATIVE HUMIDITY (PERCENT)
 HIGHEST    92
 LOWEST     78
 AVERAGE    85

..........................................................


THE TRAVERSE CITY MI CLIMATE NORMALS FOR TODAY
                         NORMAL    RECORD    YEAR
 MAXIMUM TEMPERATURE (F)   31        49      1931
 MINIMUM TEMPERATURE (F)   20        -3      1926


SUNRISE AND SUNSET
DECEMBER 18 2014......SUNRISE   815 AM EST   SUNSET   503 PM EST
DECEMBER 19 2014......SUNRISE   815 AM EST   SUNSET   504 PM EST


-  INDICATES NEGATIVE NUMBERS.
R  INDICATES RECORD WAS SET OR TIED.
MM INDICATES DATA IS MISSING.
T  INDICATES TRACE AMOUNT.




$$
