000
CDUS43 KAPX 200528
CLITVC


CLIMATE REPORT
NATIONAL WEATHER SERVICE GAYLORD MI
128 AM EDT SAT SEP 20 2014


...................................

...THE TRAVERSE CITY MI CLIMATE SUMMARY FOR SEPTEMBER 19 2014...

CLIMATE NORMAL PERIOD 1981 TO 2010
CLIMATE RECORD PERIOD 1896 TO 2014


WEATHER ITEM   OBSERVED TIME   RECORD YEAR NORMAL DEPARTURE LAST
                VALUE   (LST)  VALUE       VALUE  FROM      YEAR
                                                  NORMAL
..................................................................
TEMPERATURE (F)
 YESTERDAY
  MAXIMUM         71    201 PM  88    1965  69      2       79
  MINIMUM         47    722 AM  35    1896  49     -2       62
  AVERAGE         59                        59      0       71

PRECIPITATION (IN)
  YESTERDAY        0.00          1.62 2013   0.12  -0.12     1.62
  MONTH TO DATE    4.19                      2.24   1.95     2.61
  SINCE SEP 1      4.19                      2.24   1.95     2.61
  SINCE JAN 1     20.99                     23.35  -2.36    23.18

DEGREE DAYS
 HEATING
  YESTERDAY        6                         7     -1        0
  MONTH TO DATE  106                        90     16       85
  SINCE SEP 1    106                        90     16       85
  SINCE JUL 1    185                       159     26      135

 COOLING
  YESTERDAY        0                         1     -1        6
  MONTH TO DATE   38                        31      7       50
  SINCE SEP 1     38                        31      7       50
  SINCE JAN 1    370                       400    -30      527
..................................................................


WIND (MPH)
  HIGHEST WIND SPEED    17   HIGHEST WIND DIRECTION     S (190)
  HIGHEST GUST SPEED    29   HIGHEST GUST DIRECTION    SW (230)
  AVERAGE WIND SPEED     7.6




RELATIVE HUMIDITY (PERCENT)
 HIGHEST    86
 LOWEST     47
 AVERAGE    67

..........................................................


THE TRAVERSE CITY MI CLIMATE NORMALS FOR TODAY
                         NORMAL    RECORD    YEAR
 MAXIMUM TEMPERATURE (F)   68        90      1908
 MINIMUM TEMPERATURE (F)   48        32      1937


SUNRISE AND SUNSET
SEPTEMBER 20 2014.....SUNRISE   727 AM EDT   SUNSET   744 PM EDT
SEPTEMBER 21 2014.....SUNRISE   728 AM EDT   SUNSET   742 PM EDT


-  INDICATES NEGATIVE NUMBERS.
R  INDICATES RECORD WAS SET OR TIED.
MM INDICATES DATA IS MISSING.
T  INDICATES TRACE AMOUNT.




$$
