000
CDUS43 KAPX 240527
CLITVC


CLIMATE REPORT
NATIONAL WEATHER SERVICE GAYLORD MI
126 AM EDT WED AUG 24 2016


...................................

...THE TRAVERSE CITY MI CLIMATE SUMMARY FOR AUGUST 23 2016...

CLIMATE NORMAL PERIOD 1981 TO 2010
CLIMATE RECORD PERIOD 1896 TO 2016


WEATHER ITEM   OBSERVED TIME   RECORD YEAR NORMAL DEPARTURE LAST
                VALUE   (LST)  VALUE       VALUE  FROM      YEAR
                                                  NORMAL
..................................................................
TEMPERATURE (F)
 YESTERDAY
  MAXIMUM         83    335 PM  98    1968  77      6       76
  MINIMUM         61   1221 AM  39    1952  56      5       62
  AVERAGE         72                        67      5       69

PRECIPITATION (IN)
  YESTERDAY        0.07          0.86 2011   0.11  -0.04     0.28
  MONTH TO DATE    3.35                      2.51   0.84     1.51
  SINCE JUN 1      7.56                      8.69  -1.13     4.60
  SINCE JAN 1     17.42                     20.24  -2.82    11.08

DEGREE DAYS
 HEATING
  YESTERDAY        0                         1     -1        0
  MONTH TO DATE    0                        23    -23        1
  SINCE JUN 1     73                       163    -90      117
  SINCE JUL 1      9                        51    -42       29

 COOLING
  YESTERDAY        7                         3      4        4
  MONTH TO DATE  214                        93    121      157
  SINCE JUN 1    556                       326    230      378
  SINCE JAN 1    606                       346    260      413
..................................................................


WIND (MPH)
  HIGHEST WIND SPEED    15   HIGHEST WIND DIRECTION     W (260)
  HIGHEST GUST SPEED    24   HIGHEST GUST DIRECTION    SW (240)
  AVERAGE WIND SPEED     5.1




RELATIVE HUMIDITY (PERCENT)
 HIGHEST    87
 LOWEST     45
 AVERAGE    66

..........................................................


THE TRAVERSE CITY MI CLIMATE NORMALS FOR TODAY
                         NORMAL    RECORD    YEAR
 MAXIMUM TEMPERATURE (F)   77        98      1947
 MINIMUM TEMPERATURE (F)   56        39      1971


SUNRISE AND SUNSET
AUGUST 24 2016........SUNRISE   656 AM EDT   SUNSET   832 PM EDT
AUGUST 25 2016........SUNRISE   657 AM EDT   SUNSET   831 PM EDT


-  INDICATES NEGATIVE NUMBERS.
R  INDICATES RECORD WAS SET OR TIED.
MM INDICATES DATA IS MISSING.
T  INDICATES TRACE AMOUNT.




$$
