000
CDUS44 KJAN 050712
CLITVR


CLIMATE REPORT
NATIONAL WEATHER SERVICE JACKSON MS
210 AM CDT SAT SEP 5 2015


...................................

...THE VICKSBURG CLIMATE SUMMARY FOR SEPTEMBER 4 2015...

CLIMATE NORMAL PERIOD 1981 TO 2010
CLIMATE RECORD PERIOD 1948 TO 2015


WEATHER ITEM   OBSERVED TIME   RECORD YEAR NORMAL DEPARTURE LAST
                VALUE   (LST)  VALUE       VALUE  FROM      YEAR
                                                  NORMAL
..................................................................
TEMPERATURE (F)
 YESTERDAY
  MAXIMUM         95    432 PM 102    2000  90      5       94
  MINIMUM         71    348 AM  48    1952  67      4       72
  AVERAGE         83                        78      5       83

PRECIPITATION (IN)
  YESTERDAY        0.00          3.05 2011   0.12  -0.12     0.00
  MONTH TO DATE    T                         0.53  -0.53     0.95
  SINCE SEP 1      T                         0.53  -0.53     0.95
  SINCE JAN 1     40.45                     37.10   3.35    45.19

SNOWFALL (IN)
  YESTERDAY        0.0

DEGREE DAYS
 HEATING
  YESTERDAY        0                         0      0        0
  MONTH TO DATE    0                         0      0        0
  SINCE SEP 1      0                         0      0        0
  SINCE JUL 1      0                         0      0        0

 COOLING
  YESTERDAY       18                        13      5       18
  MONTH TO DATE   65                        54     11       68
  SINCE SEP 1     65                        54     11       68
  SINCE JAN 1   2119                      1843    276     1726
..................................................................


WIND (MPH)
  HIGHEST WIND SPEED     9   HIGHEST WIND DIRECTION    NE (60)
  HIGHEST GUST SPEED    13   HIGHEST GUST DIRECTION     E (70)
  AVERAGE WIND SPEED     3.1


SKY COVER
  POSSIBLE SUNSHINE  MM
  AVERAGE SKY COVER 0.1


WEATHER CONDITIONS
 THE FOLLOWING WEATHER WAS RECORDED YESTERDAY.
  NO SIGNIFICANT WEATHER WAS OBSERVED.


RELATIVE HUMIDITY (PERCENT)
 HIGHEST    93           200 AM
 LOWEST     43           400 PM
 AVERAGE    68

..........................................................


THE VICKSBURG CLIMATE NORMALS FOR TODAY
                         NORMAL    RECORD    YEAR
 MAXIMUM TEMPERATURE (F)   89       103      2000
 MINIMUM TEMPERATURE (F)   67        49      2010


SUNRISE AND SUNSET
SEPTEMBER  5 2015.....SUNRISE   642 AM CDT   SUNSET   724 PM CDT
SEPTEMBER  6 2015.....SUNRISE   642 AM CDT   SUNSET   722 PM CDT


-  INDICATES NEGATIVE NUMBERS.
R  INDICATES RECORD WAS SET OR TIED.
MM INDICATES DATA IS MISSING.
T  INDICATES TRACE AMOUNT.




$$
