000
CDUS44 KJAN 012117
CLITVR


CLIMATE REPORT
NATIONAL WEATHER SERVICE JACKSON MS
415 PM CDT SUN MAY 1 2016


...................................

...THE VICKSBURG CLIMATE SUMMARY FOR MAY 1 2016...
VALID TODAY AS OF 0400 PM LOCAL TIME.

CLIMATE NORMAL PERIOD 1981 TO 2010
CLIMATE RECORD PERIOD 1948 TO 2016


WEATHER ITEM   OBSERVED TIME   RECORD YEAR NORMAL DEPARTURE LAST
                VALUE   (LST)  VALUE       VALUE  FROM      YEAR
                                                  NORMAL
..................................................................
TEMPERATURE (F)
 TODAY
  MAXIMUM         85    220 PM  91    2002  80      5       78
  MINIMUM         68    918 AM  42    2005  58     10       49
  AVERAGE         77                        69      8       64

PRECIPITATION (IN)
  TODAY            1.08          3.09 1954   0.17   0.91     0.00
  MONTH TO DATE    1.08                      0.17   0.91     0.00
  SINCE MAR 1     23.71                     10.17  13.54    10.28
  SINCE JAN 1     33.71                     20.51  13.20    21.53

SNOWFALL (IN)
  TODAY            0.0

DEGREE DAYS
 HEATING
  TODAY            0                         1     -1        1
  MONTH TO DATE    0                         1     -1        1
  SINCE MAR 1    129                       366   -237      262
  SINCE JUL 1   1507                      2342   -835     2520

 COOLING
  TODAY           12                         5      7        0
  MONTH TO DATE   12                         5      7        0
  SINCE MAR 1    228                       114    114      154
  SINCE JAN 1    240                       123    117      154
..................................................................


WIND (MPH)
  HIGHEST WIND SPEED    15   HIGHEST WIND DIRECTION    SE (120)
  HIGHEST GUST SPEED    18   HIGHEST GUST DIRECTION    SE (120)
  AVERAGE WIND SPEED     7.2


SKY COVER
  POSSIBLE SUNSHINE  MM
  AVERAGE SKY COVER 0.6


WEATHER CONDITIONS
 THE FOLLOWING WEATHER WAS RECORDED TODAY.
  THUNDERSTORM
  HEAVY RAIN
  RAIN
  LIGHT RAIN
  FOG
  FOG W/VISIBILITY <= 1/4 MILE


RELATIVE HUMIDITY (PERCENT)
 HIGHEST    90          1200 AM
 LOWEST     58           200 PM
 AVERAGE    74

..........................................................


THE VICKSBURG CLIMATE NORMALS FOR TOMORROW
                         NORMAL    RECORD    YEAR
 MAXIMUM TEMPERATURE (F)   80        92      2003
 MINIMUM TEMPERATURE (F)   58        42      1963


SUNRISE AND SUNSET
MAY  1 2016...........SUNRISE   617 AM CDT   SUNSET   746 PM CDT
MAY  2 2016...........SUNRISE   616 AM CDT   SUNSET   746 PM CDT


-  INDICATES NEGATIVE NUMBERS.
R  INDICATES RECORD WAS SET OR TIED.
MM INDICATES DATA IS MISSING.
T  INDICATES TRACE AMOUNT.




$$
