000
CDUS44 KJAN 190814
CLITVR


CLIMATE REPORT
NATIONAL WEATHER SERVICE JACKSON MS
212 AM CST FRI JAN 19 2018


...................................

...THE VICKSBURG CLIMATE SUMMARY FOR JANUARY 18 2018...

CLIMATE NORMAL PERIOD 1981 TO 2010
CLIMATE RECORD PERIOD 1948 TO 2018


WEATHER ITEM   OBSERVED TIME   RECORD YEAR NORMAL DEPARTURE LAST
                VALUE   (LST)  VALUE       VALUE  FROM      YEAR
                                                  NORMAL
..................................................................
TEMPERATURE (F)
 YESTERDAY
  MAXIMUM         41    344 PM  78    1950  55    -14       70
  MINIMUM          8R   534 AM  12    1977  35    -27       54
  AVERAGE         25                        45    -20       62

PRECIPITATION (IN)
  YESTERDAY        0.00          2.18 1990   0.17  -0.17     0.50
  MONTH TO DATE    1.98                      2.81  -0.83     1.71
  SINCE DEC 1      4.39                      8.42  -4.03     7.98
  SINCE JAN 1      1.98                      2.81  -0.83     1.71

SNOWFALL (IN)
  YESTERDAY        0.0

DEGREE DAYS
 HEATING
  YESTERDAY       40                        20     20        3
  MONTH TO DATE  515                       359    156      206
  SINCE DEC 1   1071                       894    177      666
  SINCE JUL 1   1428                      1296    132      943

 COOLING
  YESTERDAY        0                         0      0        0
  MONTH TO DATE    0                         0      0       13
  SINCE DEC 1      6                         6      0       41
  SINCE JAN 1      0                         0      0       13
..................................................................


WIND (MPH)
  HIGHEST WIND SPEED     8   HIGHEST WIND DIRECTION    NE (30)
  HIGHEST GUST SPEED    10   HIGHEST GUST DIRECTION    NE (40)
  AVERAGE WIND SPEED     1.6


SKY COVER
  POSSIBLE SUNSHINE  MM
  AVERAGE SKY COVER 0.0


WEATHER CONDITIONS
 THE FOLLOWING WEATHER WAS RECORDED YESTERDAY.
  NO SIGNIFICANT WEATHER WAS OBSERVED.


RELATIVE HUMIDITY (PERCENT)
 HIGHEST   100           300 AM
 LOWEST     37           300 PM
 AVERAGE    69

..........................................................


THE VICKSBURG CLIMATE NORMALS FOR TODAY
                         NORMAL    RECORD    YEAR
 MAXIMUM TEMPERATURE (F)   56        78      1974
 MINIMUM TEMPERATURE (F)   35         6      1977


SUNRISE AND SUNSET
JANUARY 19 2018.......SUNRISE   705 AM CST   SUNSET   525 PM CST
JANUARY 20 2018.......SUNRISE   704 AM CST   SUNSET   526 PM CST


-  INDICATES NEGATIVE NUMBERS.
R  INDICATES RECORD WAS SET OR TIED.
MM INDICATES DATA IS MISSING.
T  INDICATES TRACE AMOUNT.




$$
