000
CDUS44 KJAN 240644
CLITVR


CLIMATE REPORT
NATIONAL WEATHER SERVICE JACKSON MS
1243 AM CST TUE JAN 24 2017


...................................

...THE VICKSBURG CLIMATE SUMMARY FOR JANUARY 23 2017...

CLIMATE NORMAL PERIOD 1981 TO 2010
CLIMATE RECORD PERIOD 1948 TO 2017


WEATHER ITEM   OBSERVED TIME   RECORD YEAR NORMAL DEPARTURE LAST
                VALUE   (LST)  VALUE       VALUE  FROM      YEAR
                                                  NORMAL
..................................................................
TEMPERATURE (F)
 YESTERDAY
  MAXIMUM         59    414 PM  82    2002  56      3       37
  MINIMUM         41   1141 PM  18    1948  35      6       27
  AVERAGE         50                        46      4       32

PRECIPITATION (IN)
  YESTERDAY        0.00          2.05 1999   0.17  -0.17     0.00
  MONTH TO DATE    4.14                      3.62   0.52     4.54
  SINCE DEC 1     10.41                      9.23   1.18    10.09
  SINCE JAN 1      4.14                      3.62   0.52     4.54

SNOWFALL (IN)
  YESTERDAY        0.0

DEGREE DAYS
 HEATING
  YESTERDAY       15                        19     -4       33
  MONTH TO DATE  230                       458   -228      467
  SINCE DEC 1    690                       993   -303      750
  SINCE JUL 1    967                      1395   -428      939

 COOLING
  YESTERDAY        0                         0      0        0
  MONTH TO DATE   14                         0     14        0
  SINCE DEC 1     42                         6     36       62
  SINCE JAN 1     14                         0     14        0
..................................................................


WIND (MPH)
  HIGHEST WIND SPEED    18   HIGHEST WIND DIRECTION    NW (310)
  HIGHEST GUST SPEED    30   HIGHEST GUST DIRECTION    NW (320)
  AVERAGE WIND SPEED     6.9


SKY COVER
  POSSIBLE SUNSHINE  MM
  AVERAGE SKY COVER 0.3


WEATHER CONDITIONS
 THE FOLLOWING WEATHER WAS RECORDED YESTERDAY.
  NO SIGNIFICANT WEATHER WAS OBSERVED.


RELATIVE HUMIDITY (PERCENT)
 HIGHEST    92           900 PM
 LOWEST     57           200 PM
 AVERAGE    75

..........................................................


THE VICKSBURG CLIMATE NORMALS FOR TODAY
                         NORMAL    RECORD    YEAR
 MAXIMUM TEMPERATURE (F)   56        80      1950
 MINIMUM TEMPERATURE (F)   36        -2      1948


SUNRISE AND SUNSET
JANUARY 24 2017.......SUNRISE   703 AM CST   SUNSET   530 PM CST
JANUARY 25 2017.......SUNRISE   702 AM CST   SUNSET   531 PM CST


-  INDICATES NEGATIVE NUMBERS.
R  INDICATES RECORD WAS SET OR TIED.
MM INDICATES DATA IS MISSING.
T  INDICATES TRACE AMOUNT.




$$
