000
CDUS44 KJAN 050743
CLITVR


CLIMATE REPORT
NATIONAL WEATHER SERVICE JACKSON MS
238 AM CDT WED AUG 5 2015


...................................

...THE VICKSBURG CLIMATE SUMMARY FOR AUGUST 4 2015...

CLIMATE NORMAL PERIOD 1981 TO 2010
CLIMATE RECORD PERIOD 1948 TO 2015


WEATHER ITEM   OBSERVED TIME   RECORD YEAR NORMAL DEPARTURE LAST
                VALUE   (LST)  VALUE       VALUE  FROM      YEAR
                                                  NORMAL
..................................................................
TEMPERATURE (F)
 YESTERDAY
  MAXIMUM        100    238 PM 101    2011  93      7       93
  MINIMUM         71    455 AM  63    1969  71      0       68
  AVERAGE         86                        82      4       81

PRECIPITATION (IN)
  YESTERDAY        0.00          1.89 1984   0.09  -0.09     0.00
  MONTH TO DATE    0.00                      0.36  -0.36     1.33
  SINCE JUN 1      6.97                      7.98  -1.01    10.81
  SINCE JAN 1     37.24                     33.28   3.96    39.14

SNOWFALL (IN)
  YESTERDAY        0.0

DEGREE DAYS
 HEATING
  YESTERDAY        0                         0      0        0
  MONTH TO DATE    0                         0      0        0
  SINCE JUN 1      0                         0      0        0
  SINCE JUL 1      0                         0      0        0

 COOLING
  YESTERDAY       21                        17      4       16
  MONTH TO DATE   74                        68      6       51
  SINCE JUN 1   1151                       996    155      882
  SINCE JAN 1   1597                      1366    231     1232
..................................................................


WIND (MPH)
  HIGHEST WIND SPEED     9   HIGHEST WIND DIRECTION    NE (60)
  HIGHEST GUST SPEED    12   HIGHEST GUST DIRECTION    NE (50)
  AVERAGE WIND SPEED     2.4


SKY COVER
  POSSIBLE SUNSHINE  MM
  AVERAGE SKY COVER 0.0


WEATHER CONDITIONS
 THE FOLLOWING WEATHER WAS RECORDED YESTERDAY.
  NO SIGNIFICANT WEATHER WAS OBSERVED.


RELATIVE HUMIDITY (PERCENT)
 HIGHEST    94          1100 PM
 LOWEST     33           200 PM
 AVERAGE    64

..........................................................


THE VICKSBURG CLIMATE NORMALS FOR TODAY
                         NORMAL    RECORD    YEAR
 MAXIMUM TEMPERATURE (F)   93       101      1964
 MINIMUM TEMPERATURE (F)   71        56      1974


SUNRISE AND SUNSET
AUGUST  5 2015........SUNRISE   621 AM CDT   SUNSET   758 PM CDT
AUGUST  6 2015........SUNRISE   622 AM CDT   SUNSET   758 PM CDT


-  INDICATES NEGATIVE NUMBERS.
R  INDICATES RECORD WAS SET OR TIED.
MM INDICATES DATA IS MISSING.
T  INDICATES TRACE AMOUNT.




$$
