812
CDUS44 KJAN 050753
CLITVR


CLIMATE REPORT
NATIONAL WEATHER SERVICE JACKSON MS
150 AM CST MON DEC 5 2016


...................................

...THE VICKSBURG CLIMATE SUMMARY FOR DECEMBER 4 2016...

CLIMATE NORMAL PERIOD 1981 TO 2010
CLIMATE RECORD PERIOD 1948 TO 2016


WEATHER ITEM   OBSERVED TIME   RECORD YEAR NORMAL DEPARTURE LAST
                VALUE   (LST)  VALUE       VALUE  FROM      YEAR
                                                  NORMAL
..................................................................
TEMPERATURE (F)
 YESTERDAY
  MAXIMUM         50    405 PM  82    1978  61    -11       58
  MINIMUM         47    832 AM  21    1989  39      8       35
  AVERAGE         49                        50     -1       47

PRECIPITATION (IN)
  YESTERDAY        0.43          4.92 1982   0.20   0.23     0.00
  MONTH TO DATE    1.80                      0.80   0.00     0.26
  SINCE DEC 1      1.80                      0.80   0.00     0.26
  SINCE JAN 1     56.62                     49.93   6.69    58.48

SNOWFALL (IN)
  YESTERDAY        0.0

DEGREE DAYS
 HEATING
  YESTERDAY       16                        15      1       18
  MONTH TO DATE   65                        59      6       59
  SINCE DEC 1     65                        59      6       59
  SINCE JUL 1    342                       461   -119      248

 COOLING
  YESTERDAY        0                         0      0        0
  MONTH TO DATE    0                         0      0        0
  SINCE DEC 1      0                         0      0        0
  SINCE JAN 1   2919                      2225    694     2603
..................................................................


WIND (MPH)
  HIGHEST WIND SPEED    20   HIGHEST WIND DIRECTION    SE (130)
  HIGHEST GUST SPEED    23   HIGHEST GUST DIRECTION    SE (120)
  AVERAGE WIND SPEED     6.5


SKY COVER
  POSSIBLE SUNSHINE  MM
  AVERAGE SKY COVER 1.0


WEATHER CONDITIONS
 THE FOLLOWING WEATHER WAS RECORDED YESTERDAY.
  HEAVY RAIN
  RAIN
  LIGHT RAIN
  FOG


RELATIVE HUMIDITY (PERCENT)
 HIGHEST   100           100 AM
 LOWEST     93          1200 AM
 AVERAGE    97

..........................................................


THE VICKSBURG CLIMATE NORMALS FOR TODAY
                         NORMAL    RECORD    YEAR
 MAXIMUM TEMPERATURE (F)   61        81      2013
                                             1998
 MINIMUM TEMPERATURE (F)   39        20      2009
                                             2006


SUNRISE AND SUNSET
DECEMBER  5 2016......SUNRISE   651 AM CST   SUNSET   459 PM CST
DECEMBER  6 2016......SUNRISE   652 AM CST   SUNSET   459 PM CST


-  INDICATES NEGATIVE NUMBERS.
R  INDICATES RECORD WAS SET OR TIED.
MM INDICATES DATA IS MISSING.
T  INDICATES TRACE AMOUNT.




$$
