000
CDUS45 KBOI 240932
CLITWF


CLIMATE REPORT
NATIONAL WEATHER SERVICE BOISE ID
332 AM MDT SUN SEP 24 2017


...................................

...THE TWIN FALLS ID CLIMATE SUMMARY FOR SEPTEMBER 23 2017...

CLIMATE NORMAL PERIOD 1981 TO 2010
CLIMATE RECORD PERIOD 9999 TO 9999


WEATHER ITEM   OBSERVED TIME   NORMAL DEPARTURE LAST
                VALUE   (LST)  VALUE  FROM      YEAR
                                      NORMAL
......................................................
TEMPERATURE (F)
 YESTERDAY
  MAXIMUM         54    351 PM  74    -20       55
  MINIMUM         34    355 AM  45    -11       45
  AVERAGE         44

PRECIPITATION (IN)
  YESTERDAY        0.00          0.02  -0.02     0.82
  MONTH TO DATE    0.65          0.41   0.24     2.28
  SINCE OCT 1     12.59         10.54   2.05    13.25
  SINCE JAN 1      8.09          7.29   0.80     8.87

DEGREE DAYS
 HEATING
  YESTERDAY       21             6     15       15
  MONTH TO DATE  141            85     56      147
  SINCE SEP 1    141            85     56      147
  SINCE JUL 1    143           106     37      171

 COOLING
  YESTERDAY        0             1     -1        0
  MONTH TO DATE  119            57     62       19
  SINCE SEP 1    119            57     62       19
  SINCE JAN 1    871           674    197      635
......................................................


WIND (MPH)
  HIGHEST WIND SPEED    15   HIGHEST WIND DIRECTION    NW (300)
  HIGHEST GUST SPEED    22   HIGHEST GUST DIRECTION    NW (310)
  AVERAGE WIND SPEED     8.8


SKY COVER
  AVERAGE SKY COVER 0.5


WEATHER CONDITIONS
 THE FOLLOWING WEATHER WAS RECORDED YESTERDAY.
  NO SIGNIFICANT WEATHER WAS OBSERVED.


RELATIVE HUMIDITY (PERCENT)
 HIGHEST    96           400 AM
 LOWEST     45           500 PM
 AVERAGE    71

..........................................................




SUNRISE AND SUNSET
SEPTEMBER 24 2017.....SUNRISE   728 AM MDT   SUNSET   731 PM MDT
SEPTEMBER 25 2017.....SUNRISE   729 AM MDT   SUNSET   729 PM MDT


-  INDICATES NEGATIVE NUMBERS.
R  INDICATES RECORD WAS SET OR TIED.
MM INDICATES DATA IS MISSING.
T  INDICATES TRACE AMOUNT.




$$
