000
CDUS45 KBOI 300931
CLITWF


CLIMATE REPORT
NATIONAL WEATHER SERVICE BOISE ID
331 AM MDT SAT JUL 30 2016


...................................

...THE TWIN FALLS ID CLIMATE SUMMARY FOR JULY 29 2016...

CLIMATE NORMAL PERIOD 1981 TO 2010
CLIMATE RECORD PERIOD 9999 TO 9999


WEATHER ITEM   OBSERVED TIME   NORMAL DEPARTURE LAST
                VALUE   (LST)  VALUE  FROM      YEAR
                                      NORMAL
......................................................
TEMPERATURE (F)
 YESTERDAY
  MAXIMUM         96    525 PM  91      5       87
  MINIMUM         69    507 AM  59     10       47
  AVERAGE         83

PRECIPITATION (IN)
  YESTERDAY        0.00          0.01  -0.01     0.00
  MONTH TO DATE    0.15          0.28  -0.13     0.71
  SINCE OCT 1     10.96          9.79   1.17     8.11
  SINCE JAN 1      6.58          6.54   0.04     5.11

DEGREE DAYS
 HEATING
  YESTERDAY        0             0      0        0
  MONTH TO DATE   21             3     18        3
  SINCE JUN 1     74            90    -16       10
  SINCE JUL 1     21             3     18        3

 COOLING
  YESTERDAY       18            10      8        2
  MONTH TO DATE  226           256    -30      267
  SINCE JUN 1    367           343     24      533
  SINCE JAN 1    370           365      5      549
......................................................


WIND (MPH)
  HIGHEST WIND SPEED    15   HIGHEST WIND DIRECTION     S (200)
  HIGHEST GUST SPEED    20   HIGHEST GUST DIRECTION     S (190)
  AVERAGE WIND SPEED     9.4


SKY COVER
  AVERAGE SKY COVER 0.1


WEATHER CONDITIONS
 THE FOLLOWING WEATHER WAS RECORDED YESTERDAY.
  HAZE


RELATIVE HUMIDITY (PERCENT)
 HIGHEST    28           800 PM
 LOWEST     12           400 PM
 AVERAGE    20

..........................................................




SUNRISE AND SUNSET
JULY 30 2016..........SUNRISE   629 AM MDT   SUNSET   859 PM MDT
JULY 31 2016..........SUNRISE   630 AM MDT   SUNSET   858 PM MDT


-  INDICATES NEGATIVE NUMBERS.
R  INDICATES RECORD WAS SET OR TIED.
MM INDICATES DATA IS MISSING.
T  INDICATES TRACE AMOUNT.




$$
