000
CDUS45 KBOI 030931
CLITWF


CLIMATE REPORT
NATIONAL WEATHER SERVICE BOISE ID
231 AM MST SAT DEC 3 2016


...................................

...THE TWIN FALLS ID CLIMATE SUMMARY FOR DECEMBER 2 2016...

CLIMATE NORMAL PERIOD 1981 TO 2010
CLIMATE RECORD PERIOD 9999 TO 9999


WEATHER ITEM   OBSERVED TIME   NORMAL DEPARTURE LAST
                VALUE   (LST)  VALUE  FROM      YEAR
                                      NORMAL
......................................................
TEMPERATURE (F)
 YESTERDAY
  MAXIMUM         35    234 PM  40     -5       34
  MINIMUM         23    632 PM  21      2        6
  AVERAGE         29

PRECIPITATION (IN)
  YESTERDAY        0.00          0.03  -0.03     0.00
  MONTH TO DATE    T             0.07  -0.07     0.00
  SINCE OCT 1      2.97          2.05   0.92     2.71
  SINCE JAN 1     11.88          9.50   2.38     8.66

DEGREE DAYS
 HEATING
  YESTERDAY       36            34      2       45
  MONTH TO DATE   70            68      2      102
  SINCE DEC 1     70            68      2      102
  SINCE JUL 1   1372          1506   -134     1313

 COOLING
  YESTERDAY        0             0      0        0
  MONTH TO DATE    0             0      0        0
  SINCE DEC 1      0             0      0        0
  SINCE JAN 1    642           680    -38     1020
......................................................


WIND (MPH)
  HIGHEST WIND SPEED    15   HIGHEST WIND DIRECTION     W (290)
  HIGHEST GUST SPEED    20   HIGHEST GUST DIRECTION     W (290)
  AVERAGE WIND SPEED     9.0


SKY COVER
  AVERAGE SKY COVER 0.5


WEATHER CONDITIONS
 THE FOLLOWING WEATHER WAS RECORDED YESTERDAY.
  NO SIGNIFICANT WEATHER WAS OBSERVED.


RELATIVE HUMIDITY (PERCENT)
 HIGHEST    92           200 AM
 LOWEST     56           100 PM
 AVERAGE    74

..........................................................




SUNRISE AND SUNSET
DECEMBER  3 2016......SUNRISE   750 AM MST   SUNSET   505 PM MST
DECEMBER  4 2016......SUNRISE   751 AM MST   SUNSET   505 PM MST


-  INDICATES NEGATIVE NUMBERS.
R  INDICATES RECORD WAS SET OR TIED.
MM INDICATES DATA IS MISSING.
T  INDICATES TRACE AMOUNT.




$$
