000
CDUS45 KBOI 210931
CLITWF


CLIMATE REPORT
NATIONAL WEATHER SERVICE BOISE ID
230 AM MST WED FEB 21 2018


...................................

...THE TWIN FALLS ID CLIMATE SUMMARY FOR FEBRUARY 20 2018...

CLIMATE NORMAL PERIOD 1981 TO 2010
CLIMATE RECORD PERIOD 9999 TO 9999


WEATHER ITEM   OBSERVED TIME   NORMAL DEPARTURE LAST
                VALUE   (LST)  VALUE  FROM      YEAR
                                      NORMAL
......................................................
TEMPERATURE (F)
 YESTERDAY
  MAXIMUM         23    443 PM  44    -21       51
  MINIMUM          0    857 PM  24    -24       33
  AVERAGE         12

PRECIPITATION (IN)
  YESTERDAY        0.00          0.03  -0.03     0.08
  MONTH TO DATE    0.53          0.60  -0.07     1.09
  SINCE OCT 1      3.92          4.83  -0.91     7.10
  SINCE JAN 1      1.36          1.58  -0.22     2.60

DEGREE DAYS
 HEATING
  YESTERDAY       53            31     22       23
  MONTH TO DATE  588           663    -75      560
  SINCE DEC 1   2655          2893   -238     3179
  SINCE JUL 1   4189          4331   -142     4481

 COOLING
  YESTERDAY        0             0      0        0
  MONTH TO DATE    0             0      0        0
  SINCE DEC 1      0             0      0        0
  SINCE JAN 1      0             0      0        0
......................................................


WIND (MPH)
  HIGHEST WIND SPEED    23   HIGHEST WIND DIRECTION    SW (230)
  HIGHEST GUST SPEED    27   HIGHEST GUST DIRECTION    SW (230)
  AVERAGE WIND SPEED     9.0


SKY COVER
  AVERAGE SKY COVER 0.1


WEATHER CONDITIONS
 THE FOLLOWING WEATHER WAS RECORDED YESTERDAY.
  NO SIGNIFICANT WEATHER WAS OBSERVED.


RELATIVE HUMIDITY (PERCENT)
 HIGHEST    86           500 AM
 LOWEST     45           400 PM
 AVERAGE    66

..........................................................




SUNRISE AND SUNSET
FEBRUARY 21 2018......SUNRISE   726 AM MST   SUNSET   618 PM MST
FEBRUARY 22 2018......SUNRISE   724 AM MST   SUNSET   619 PM MST


-  INDICATES NEGATIVE NUMBERS.
R  INDICATES RECORD WAS SET OR TIED.
MM INDICATES DATA IS MISSING.
T  INDICATES TRACE AMOUNT.




$$
