000
CDUS45 KBOI 290931
CLITWF


CLIMATE REPORT
NATIONAL WEATHER SERVICE BOISE ID
331 AM MDT SUN MAY 29 2016


...................................

...THE TWIN FALLS ID CLIMATE SUMMARY FOR MAY 28 2016...

CLIMATE NORMAL PERIOD 1981 TO 2010
CLIMATE RECORD PERIOD 9999 TO 9999


WEATHER ITEM   OBSERVED TIME   NORMAL DEPARTURE LAST
                VALUE   (LST)  VALUE  FROM      YEAR
                                      NORMAL
......................................................
TEMPERATURE (F)
 YESTERDAY
  MAXIMUM         67    533 PM  74     -7       74
  MINIMUM         39    348 AM  46     -7       49
  AVERAGE         53

PRECIPITATION (IN)
  YESTERDAY        0.00          0.04  -0.04     0.00
  MONTH TO DATE    1.85          1.23   0.62     2.27
  SINCE OCT 1     10.52          8.45   2.07     7.13
  SINCE JAN 1      6.14          5.20   0.94     4.13

DEGREE DAYS
 HEATING
  YESTERDAY       12             7      5        3
  MONTH TO DATE  278           270      8      191
  SINCE MAR 1   1356          1501   -145     1132
  SINCE JUL 1   5642          6068   -426     4825

 COOLING
  YESTERDAY        0             1     -1        0
  MONTH TO DATE    3            16    -13        0
  SINCE MAR 1      3            17    -14        0
  SINCE JAN 1      3            17    -14        0
......................................................


WIND (MPH)
  HIGHEST WIND SPEED    17   HIGHEST WIND DIRECTION    SW (240)
  HIGHEST GUST SPEED    22   HIGHEST GUST DIRECTION    SW (240)
  AVERAGE WIND SPEED     9.6


SKY COVER
  AVERAGE SKY COVER 0.0


WEATHER CONDITIONS
 THE FOLLOWING WEATHER WAS RECORDED YESTERDAY.
  NO SIGNIFICANT WEATHER WAS OBSERVED.


RELATIVE HUMIDITY (PERCENT)
 HIGHEST    76           900 PM
 LOWEST     22           500 PM
 AVERAGE    49

..........................................................




SUNRISE AND SUNSET
MAY 29 2016...........SUNRISE   605 AM MDT   SUNSET   907 PM MDT
MAY 30 2016...........SUNRISE   604 AM MDT   SUNSET   908 PM MDT


-  INDICATES NEGATIVE NUMBERS.
R  INDICATES RECORD WAS SET OR TIED.
MM INDICATES DATA IS MISSING.
T  INDICATES TRACE AMOUNT.




$$
