000
CDUS45 KBOI 010931
CLITWF


CLIMATE REPORT
NATIONAL WEATHER SERVICE BOISE ID
330 AM MDT SAT OCT 1 2016


...................................

...THE TWIN FALLS ID CLIMATE SUMMARY FOR SEPTEMBER 30 2016...

CLIMATE NORMAL PERIOD 1981 TO 2010
CLIMATE RECORD PERIOD 9999 TO 9999


WEATHER ITEM   OBSERVED TIME   NORMAL DEPARTURE LAST
                VALUE   (LST)  VALUE  FROM      YEAR
                                      NORMAL
......................................................
TEMPERATURE (F)
 YESTERDAY
  MAXIMUM         79    209 PM  70      9       84
  MINIMUM         50    645 AM  43      7       54
  AVERAGE         65

PRECIPITATION (IN)
  YESTERDAY        0.04          0.02   0.02      T
  MONTH TO DATE    2.32          0.57   1.75     0.44
  SINCE OCT 1     13.29         10.70   2.59     8.95
  SINCE JAN 1      8.91          7.45   1.46     5.95

DEGREE DAYS
 HEATING
  YESTERDAY        0             9     -9        0
  MONTH TO DATE  178           140     38       65
  SINCE SEP 1    178           140     38       65
  SINCE JUL 1    202           161     41       68

 COOLING
  YESTERDAY        0             0      0        4
  MONTH TO DATE   26            61    -35      120
  SINCE SEP 1     26            61    -35      120
  SINCE JAN 1    642           678    -36      998
......................................................


WIND (MPH)
  HIGHEST WIND SPEED    28   HIGHEST WIND DIRECTION    SW (220)
  HIGHEST GUST SPEED    37   HIGHEST GUST DIRECTION     S (200)
  AVERAGE WIND SPEED     8.4


SKY COVER
  AVERAGE SKY COVER 0.2


WEATHER CONDITIONS
 THE FOLLOWING WEATHER WAS RECORDED YESTERDAY.
  THUNDERSTORM
  LIGHT RAIN


RELATIVE HUMIDITY (PERCENT)
 HIGHEST    77           200 AM
 LOWEST     28           200 PM
 AVERAGE    53

..........................................................




SUNRISE AND SUNSET
OCTOBER  1 2016.......SUNRISE   736 AM MDT   SUNSET   718 PM MDT
OCTOBER  2 2016.......SUNRISE   737 AM MDT   SUNSET   717 PM MDT


-  INDICATES NEGATIVE NUMBERS.
R  INDICATES RECORD WAS SET OR TIED.
MM INDICATES DATA IS MISSING.
T  INDICATES TRACE AMOUNT.




$$
