000
CDUS45 KBOI 290931
CLITWF


CLIMATE REPORT
NATIONAL WEATHER SERVICE BOISE ID
231 AM MST THU JAN 29 2015


...................................

...THE TWIN FALLS ID CLIMATE SUMMARY FOR JANUARY 28 2015...

CLIMATE NORMAL PERIOD 1981 TO 2010
CLIMATE RECORD PERIOD 9999 TO 9999


WEATHER ITEM   OBSERVED TIME   NORMAL DEPARTURE LAST
                VALUE   (LST)  VALUE  FROM      YEAR
                                      NORMAL
......................................................
TEMPERATURE (F)
 YESTERDAY
  MAXIMUM         50    140 PM  39     11       36
  MINIMUM         30   1149 PM  22      8       19
  AVERAGE         40

PRECIPITATION (IN)
  YESTERDAY        0.01          0.03  -0.02     0.00
  MONTH TO DATE    0.92          0.90   0.02     0.28
  SINCE OCT 1      3.92          4.15  -0.23     0.75
  SINCE JAN 1      0.92          0.90   0.02     0.28

DEGREE DAYS
 HEATING
  YESTERDAY       25            35    -10       37
  MONTH TO DATE  918           994    -76      895
  SINCE DEC 1   1799          2123   -324     2085
  SINCE JUL 1   2991          3561   -570     3441

 COOLING
  YESTERDAY        0             0      0        0
  MONTH TO DATE    0             0      0        0
  SINCE DEC 1      0             0      0        0
  SINCE JAN 1      0             0      0        0
......................................................


WIND (MPH)
  HIGHEST WIND SPEED    21   HIGHEST WIND DIRECTION     W (280)
  HIGHEST GUST SPEED    25   HIGHEST GUST DIRECTION     W (280)
  AVERAGE WIND SPEED     9.0


SKY COVER
  AVERAGE SKY COVER 0.5


WEATHER CONDITIONS
 THE FOLLOWING WEATHER WAS RECORDED YESTERDAY.
  LIGHT RAIN
  FOG
  FOG W/VISIBILITY <= 1/4 MILE


RELATIVE HUMIDITY (PERCENT)
 HIGHEST    89          1100 PM
 LOWEST     65           300 PM
 AVERAGE    77

..........................................................




SUNRISE AND SUNSET
JANUARY 29 2015.......SUNRISE   755 AM MST   SUNSET   548 PM MST
JANUARY 30 2015.......SUNRISE   754 AM MST   SUNSET   549 PM MST


-  INDICATES NEGATIVE NUMBERS.
R  INDICATES RECORD WAS SET OR TIED.
MM INDICATES DATA IS MISSING.
T  INDICATES TRACE AMOUNT.




$$
