000
CDUS45 KBOI 190932
CLITWF


CLIMATE REPORT
NATIONAL WEATHER SERVICE BOISE ID
232 AM MST THU JAN 19 2017


...................................

...THE TWIN FALLS ID CLIMATE SUMMARY FOR JANUARY 18 2017...

CLIMATE NORMAL PERIOD 1981 TO 2010
CLIMATE RECORD PERIOD 9999 TO 9999


WEATHER ITEM   OBSERVED TIME   NORMAL DEPARTURE LAST
                VALUE   (LST)  VALUE  FROM      YEAR
                                      NORMAL
......................................................
TEMPERATURE (F)
 YESTERDAY
  MAXIMUM         34   1159 PM  38     -4       43
  MINIMUM          9    315 AM  22    -13       32
  AVERAGE         22

PRECIPITATION (IN)
  YESTERDAY        0.18          0.02   0.16     0.11
  MONTH TO DATE    0.96          0.67   0.29     0.23
  SINCE OCT 1      5.46          3.92   1.54     4.61
  SINCE JAN 1      0.96          0.67   0.29     0.23

DEGREE DAYS
 HEATING
  YESTERDAY       43            35      8       27
  MONTH TO DATE  828           644    184      686
  SINCE DEC 1   2086          1773    313     1829
  SINCE JUL 1   3388          3211    177     3040

 COOLING
  YESTERDAY        0             0      0        0
  MONTH TO DATE    0             0      0        0
  SINCE DEC 1      0             0      0        0
  SINCE JAN 1      0             0      0        0
......................................................


WIND (MPH)
  HIGHEST WIND SPEED    29   HIGHEST WIND DIRECTION     S (170)
  HIGHEST GUST SPEED    34   HIGHEST GUST DIRECTION     S (170)
  AVERAGE WIND SPEED     8.3


SKY COVER
  AVERAGE SKY COVER 0.6


WEATHER CONDITIONS
 THE FOLLOWING WEATHER WAS RECORDED YESTERDAY.
  RAIN
  LIGHT RAIN
  LT FREEZING RAIN
  LIGHT SNOW
  FOG


RELATIVE HUMIDITY (PERCENT)
 HIGHEST    92          1100 PM
 LOWEST     68          1200 PM
 AVERAGE    80

..........................................................




SUNRISE AND SUNSET
JANUARY 19 2017.......SUNRISE   802 AM MST   SUNSET   536 PM MST
JANUARY 20 2017.......SUNRISE   802 AM MST   SUNSET   537 PM MST


-  INDICATES NEGATIVE NUMBERS.
R  INDICATES RECORD WAS SET OR TIED.
MM INDICATES DATA IS MISSING.
T  INDICATES TRACE AMOUNT.




$$
