000
CDUS45 KBOI 300931
CLITWF


CLIMATE REPORT
NATIONAL WEATHER SERVICE BOISE ID
331 AM MDT SUN AUG 30 2015


...................................

...THE TWIN FALLS ID CLIMATE SUMMARY FOR AUGUST 29 2015...

CLIMATE NORMAL PERIOD 1981 TO 2010
CLIMATE RECORD PERIOD 9999 TO 9999


WEATHER ITEM   OBSERVED TIME   NORMAL DEPARTURE LAST
                VALUE   (LST)  VALUE  FROM      YEAR
                                      NORMAL
......................................................
TEMPERATURE (F)
 YESTERDAY
  MAXIMUM         92    225 PM  85      7       86
  MINIMUM         66    145 AM  53     13       62
  AVERAGE         79

PRECIPITATION (IN)
  YESTERDAY        T             0.01  -0.01      T
  MONTH TO DATE    0.40          0.29   0.11     5.55
  SINCE OCT 1      8.51         10.10  -1.59    12.70
  SINCE JAN 1      5.51          6.85  -1.34    12.23

DEGREE DAYS
 HEATING
  YESTERDAY        0             1     -1        0
  MONTH TO DATE    0             7     -7       16
  SINCE JUN 1     10           100    -90       74
  SINCE JUL 1      3            13    -10       16

 COOLING
  YESTERDAY       14             5      9        9
  MONTH TO DATE  296           222     74      204
  SINCE JUN 1    854           586    268      725
  SINCE JAN 1    870           608    262      758
......................................................


WIND (MPH)
  HIGHEST WIND SPEED    23   HIGHEST WIND DIRECTION     S (160)
  HIGHEST GUST SPEED    31   HIGHEST GUST DIRECTION     S (170)
  AVERAGE WIND SPEED    10.8


SKY COVER
  AVERAGE SKY COVER 0.0


WEATHER CONDITIONS
 THE FOLLOWING WEATHER WAS RECORDED YESTERDAY.
  LIGHT RAIN


RELATIVE HUMIDITY (PERCENT)
 HIGHEST    35           200 AM
 LOWEST     16           200 PM
 AVERAGE    26

..........................................................




SUNRISE AND SUNSET
AUGUST 30 2015........SUNRISE   701 AM MDT   SUNSET   816 PM MDT
AUGUST 31 2015........SUNRISE   702 AM MDT   SUNSET   814 PM MDT


-  INDICATES NEGATIVE NUMBERS.
R  INDICATES RECORD WAS SET OR TIED.
MM INDICATES DATA IS MISSING.
T  INDICATES TRACE AMOUNT.




$$
