000
CDUS45 KBOI 010931
CLITWF


CLIMATE REPORT
NATIONAL WEATHER SERVICE BOISE ID
330 AM MDT SUN MAY 1 2016


...................................

...THE TWIN FALLS ID CLIMATE SUMMARY FOR APRIL 30 2016...

CLIMATE NORMAL PERIOD 1981 TO 2010
CLIMATE RECORD PERIOD 9999 TO 9999


WEATHER ITEM   OBSERVED TIME   NORMAL DEPARTURE LAST
                VALUE   (LST)  VALUE  FROM      YEAR
                                      NORMAL
......................................................
TEMPERATURE (F)
 YESTERDAY
  MAXIMUM         59    540 PM  65     -6       67
  MINIMUM         39    641 AM  38      1       41
  AVERAGE         49

PRECIPITATION (IN)
  YESTERDAY        0.01          0.04  -0.03     0.00
  MONTH TO DATE    1.47          1.14   0.33     0.24
  SINCE OCT 1      8.67          7.22   1.45     4.86
  SINCE JAN 1      4.29          3.97   0.32     1.86

DEGREE DAYS
 HEATING
  YESTERDAY       16            13      3       11
  MONTH TO DATE  401           509   -108      451
  SINCE MAR 1   1078          1231   -153      941
  SINCE JUL 1   5364          5798   -434     4634

 COOLING
  YESTERDAY        0             0      0        0
  MONTH TO DATE    0             1     -1        0
  SINCE MAR 1      0             1     -1        0
  SINCE JAN 1      0             1     -1        0
......................................................


WIND (MPH)
  HIGHEST WIND SPEED    20   HIGHEST WIND DIRECTION     N (360)
  HIGHEST GUST SPEED    23   HIGHEST GUST DIRECTION     N (350)
  AVERAGE WIND SPEED     7.9


SKY COVER
  AVERAGE SKY COVER 0.9


WEATHER CONDITIONS
 THE FOLLOWING WEATHER WAS RECORDED YESTERDAY.
  LIGHT RAIN


RELATIVE HUMIDITY (PERCENT)
 HIGHEST    85           500 AM
 LOWEST     40           500 PM
 AVERAGE    63

..........................................................




SUNRISE AND SUNSET
MAY  1 2016...........SUNRISE   632 AM MDT   SUNSET   838 PM MDT
MAY  2 2016...........SUNRISE   631 AM MDT   SUNSET   840 PM MDT


-  INDICATES NEGATIVE NUMBERS.
R  INDICATES RECORD WAS SET OR TIED.
MM INDICATES DATA IS MISSING.
T  INDICATES TRACE AMOUNT.




$$
