000
CDUS45 KBOI 250935
CLITWF


CLIMATE REPORT
NATIONAL WEATHER SERVICE BOISE ID
234 AM MST THU DEC 25 2014


...................................

...THE TWIN FALLS ID CLIMATE SUMMARY FOR DECEMBER 24 2014...

CLIMATE NORMAL PERIOD 1981 TO 2010
CLIMATE RECORD PERIOD 9999 TO 9999


WEATHER ITEM   OBSERVED TIME   NORMAL DEPARTURE LAST
                VALUE   (LST)  VALUE  FROM      YEAR
                                      NORMAL
......................................................
TEMPERATURE (F)
 YESTERDAY
  MAXIMUM         48    715 PM  36     12       49
  MINIMUM         28    607 AM  20      8       27
  AVERAGE         38

PRECIPITATION (IN)
  YESTERDAY        0.06          0.04   0.02      T
  MONTH TO DATE    1.16          1.01   0.15     0.12
  SINCE OCT 1      2.62          2.99  -0.37     0.47
  SINCE JAN 1     15.66         10.44   5.22     4.58

DEGREE DAYS
 HEATING
  YESTERDAY       27            37    -10       27
  MONTH TO DATE  573           871   -298      962
  SINCE DEC 1    573           871   -298      962
  SINCE JUL 1   1765          2309   -544     2318

 COOLING
  YESTERDAY        0             0      0        0
  MONTH TO DATE    0             0      0        0
  SINCE DEC 1      0             0      0        0
  SINCE JAN 1    851           680    171     1138
......................................................


WIND (MPH)
  HIGHEST WIND SPEED    45   HIGHEST WIND DIRECTION     W (260)
  HIGHEST GUST SPEED    57   HIGHEST GUST DIRECTION     W (260)
  AVERAGE WIND SPEED    12.3


SKY COVER
  AVERAGE SKY COVER 0.5


WEATHER CONDITIONS
 THE FOLLOWING WEATHER WAS RECORDED YESTERDAY.
  LIGHT RAIN
  LIGHT SNOW
  FOG


RELATIVE HUMIDITY (PERCENT)
 HIGHEST    82           400 PM
 LOWEST     42          1000 AM
 AVERAGE    62

..........................................................




SUNRISE AND SUNSET
DECEMBER 25 2014......SUNRISE   806 AM MST   SUNSET   510 PM MST
DECEMBER 26 2014......SUNRISE   806 AM MST   SUNSET   511 PM MST


-  INDICATES NEGATIVE NUMBERS.
R  INDICATES RECORD WAS SET OR TIED.
MM INDICATES DATA IS MISSING.
T  INDICATES TRACE AMOUNT.




$$
