000
CDUS45 KBOI 250932
CLITWF


CLIMATE REPORT
NATIONAL WEATHER SERVICE BOISE ID
331 AM MDT TUE APR 25 2017


...................................

...THE TWIN FALLS ID CLIMATE SUMMARY FOR APRIL 24 2017...

CLIMATE NORMAL PERIOD 1981 TO 2010
CLIMATE RECORD PERIOD 9999 TO 9999


WEATHER ITEM   OBSERVED TIME   NORMAL DEPARTURE LAST
                VALUE   (LST)  VALUE  FROM      YEAR
                                      NORMAL
......................................................
TEMPERATURE (F)
 YESTERDAY
  MAXIMUM         53    349 PM  63    -10       57
  MINIMUM         39   1159 PM  37      2       40
  AVERAGE         46

PRECIPITATION (IN)
  YESTERDAY        0.13          0.04   0.09     0.00
  MONTH TO DATE    0.85          0.88  -0.03     0.70
  SINCE OCT 1      9.46          6.96   2.50     7.90
  SINCE JAN 1      4.96          3.71   1.25     3.52

DEGREE DAYS
 HEATING
  YESTERDAY       19            15      4       16
  MONTH TO DATE  467           424     43      294
  SINCE MAR 1   1081          1146    -65      971
  SINCE JUL 1   5861          5713    148     5257

 COOLING
  YESTERDAY        0             0      0        0
  MONTH TO DATE    0             0      0        0
  SINCE MAR 1      0             0      0        0
  SINCE JAN 1      0             0      0        0
......................................................


WIND (MPH)
  HIGHEST WIND SPEED    32   HIGHEST WIND DIRECTION    SW (240)
  HIGHEST GUST SPEED    39   HIGHEST GUST DIRECTION     W (260)
  AVERAGE WIND SPEED    12.5


SKY COVER
  AVERAGE SKY COVER 0.6


WEATHER CONDITIONS
 THE FOLLOWING WEATHER WAS RECORDED YESTERDAY.
  RAIN
  LIGHT RAIN
  FOG


RELATIVE HUMIDITY (PERCENT)
 HIGHEST    96           100 PM
 LOWEST     59           500 PM
 AVERAGE    78

..........................................................




SUNRISE AND SUNSET
APRIL 25 2017.........SUNRISE   641 AM MDT   SUNSET   831 PM MDT
APRIL 26 2017.........SUNRISE   639 AM MDT   SUNSET   833 PM MDT


-  INDICATES NEGATIVE NUMBERS.
R  INDICATES RECORD WAS SET OR TIED.
MM INDICATES DATA IS MISSING.
T  INDICATES TRACE AMOUNT.




$$
