000
CDUS45 KBOI 280931
CLITWF


CLIMATE REPORT
NATIONAL WEATHER SERVICE BOISE ID
231 AM MST SAT FEB 28 2015


...................................

...THE TWIN FALLS ID CLIMATE SUMMARY FOR FEBRUARY 27 2015...

CLIMATE NORMAL PERIOD 1981 TO 2010
CLIMATE RECORD PERIOD 9999 TO 9999


WEATHER ITEM   OBSERVED TIME   NORMAL DEPARTURE LAST
                VALUE   (LST)  VALUE  FROM      YEAR
                                      NORMAL
......................................................
TEMPERATURE (F)
 YESTERDAY
  MAXIMUM         48    352 PM  47      1       53
  MINIMUM         33   1156 PM  26      7       36
  AVERAGE         41

PRECIPITATION (IN)
  YESTERDAY        0.00          0.03  -0.03     0.04
  MONTH TO DATE    0.47          0.79  -0.32     1.54
  SINCE OCT 1      4.39          5.02  -0.63     2.71
  SINCE JAN 1      1.39          1.77  -0.38     2.24

DEGREE DAYS
 HEATING
  YESTERDAY       24            29     -5       20
  MONTH TO DATE  588           871   -283      713
  SINCE DEC 1   2471          3101   -630     2879
  SINCE JUL 1   3663          4539   -876     4235

 COOLING
  YESTERDAY        0             0      0        0
  MONTH TO DATE    0             0      0        0
  SINCE DEC 1      0             0      0        0
  SINCE JAN 1      0             0      0        0
......................................................


WIND (MPH)
  HIGHEST WIND SPEED    18   HIGHEST WIND DIRECTION     E (70)
  HIGHEST GUST SPEED    24   HIGHEST GUST DIRECTION     E (70)
  AVERAGE WIND SPEED     8.1


SKY COVER
  AVERAGE SKY COVER 0.9


WEATHER CONDITIONS
 THE FOLLOWING WEATHER WAS RECORDED YESTERDAY.
  HAZE


RELATIVE HUMIDITY (PERCENT)
 HIGHEST    82           100 AM
 LOWEST     45           500 PM
 AVERAGE    64

..........................................................




SUNRISE AND SUNSET
FEBRUARY 28 2015......SUNRISE   715 AM MST   SUNSET   626 PM MST
MARCH  1 2015.........SUNRISE   714 AM MST   SUNSET   627 PM MST


-  INDICATES NEGATIVE NUMBERS.
R  INDICATES RECORD WAS SET OR TIED.
MM INDICATES DATA IS MISSING.
T  INDICATES TRACE AMOUNT.




$$
