000
CDUS44 KSHV 120838
CLITXK


CLIMATE REPORT
NATIONAL WEATHER SERVICE SHREVEPORT, LA
233 AM CST TUE DEC 12 2017


...................................

...THE TEXARKANA CLIMATE SUMMARY FOR DECEMBER 11 2017...

CLIMATE NORMAL PERIOD 1981 TO 2010
CLIMATE RECORD PERIOD 1896 TO 2017


WEATHER ITEM   OBSERVED TIME   RECORD YEAR NORMAL DEPARTURE LAST
                VALUE   (LST)  VALUE       VALUE  FROM      YEAR
                                                  NORMAL
..................................................................
TEMPERATURE (F)
 YESTERDAY
  MAXIMUM         74    329 PM  81    1949  56     18       65
  MINIMUM         38    702 AM  15    1898  36      2       47
  AVERAGE         56                        46     10       56

PRECIPITATION (IN)
  YESTERDAY        0.00          5.71 1985   0.17  -0.17      T
  MONTH TO DATE    0.56                      1.96  -1.40     1.23
  SINCE DEC 1      0.56                      1.96  -1.40     1.23
  SINCE JAN 1     44.00                     46.56  -2.56    44.14

SNOWFALL (IN)
  YESTERDAY        0.0
  MONTH TO DATE    0.0
  SINCE DEC 1      0.0
  SINCE JUL 1      0.0
  SNOW DEPTH       0

DEGREE DAYS
 HEATING
  YESTERDAY        9                        19    -10        9
  MONTH TO DATE  160                       196    -36      218
  SINCE DEC 1    160                       196    -36      218
  SINCE JUL 1    516                       654   -138      452

 COOLING
  YESTERDAY        0                         0      0        0
  MONTH TO DATE    2                         0      2        0
  SINCE DEC 1      2                         0      2        0
  SINCE JAN 1   2209                      2204      5     2587
..................................................................


WIND (MPH)
  HIGHEST WIND SPEED    16   HIGHEST WIND DIRECTION    SW (220)
  HIGHEST GUST SPEED    20   HIGHEST GUST DIRECTION    SW (220)
  AVERAGE WIND SPEED     8.3


SKY COVER
  POSSIBLE SUNSHINE  MM
  AVERAGE SKY COVER 0.0


WEATHER CONDITIONS
 THE FOLLOWING WEATHER WAS RECORDED YESTERDAY.
  NO SIGNIFICANT WEATHER WAS OBSERVED.


RELATIVE HUMIDITY (PERCENT)
 HIGHEST    70           700 AM
 LOWEST     14           100 PM
 AVERAGE    42

..........................................................


THE TEXARKANA CLIMATE NORMALS FOR TODAY
                         NORMAL    RECORD    YEAR
 MAXIMUM TEMPERATURE (F)   56        78      1973
 MINIMUM TEMPERATURE (F)   36        15      1962


SUNRISE AND SUNSET
DECEMBER 12 2017......SUNRISE   711 AM CST   SUNSET   509 PM CST
DECEMBER 13 2017......SUNRISE   711 AM CST   SUNSET   509 PM CST


-  INDICATES NEGATIVE NUMBERS.
R  INDICATES RECORD WAS SET OR TIED.
MM INDICATES DATA IS MISSING.
T  INDICATES TRACE AMOUNT.




$$
