000
CDUS44 KSHV 302151
CLITXK


CLIMATE REPORT
NATIONAL WEATHER SERVICE SHREVEPORT, LA
431 PM CDT SUN APR 30 2017


...................................

...THE TEXARKANA CLIMATE SUMMARY FOR APRIL 30 2017...
VALID TODAY AS OF 0400 PM LOCAL TIME.

CLIMATE NORMAL PERIOD 1981 TO 2010
CLIMATE RECORD PERIOD 1896 TO 2017


WEATHER ITEM   OBSERVED TIME   RECORD YEAR NORMAL DEPARTURE LAST
                VALUE   (LST)  VALUE       VALUE  FROM      YEAR
                                                  NORMAL
..................................................................
TEMPERATURE (F)
 TODAY
  MAXIMUM         67   1204 AM  91    1943  79    -12       82
  MINIMUM         54    714 AM  36    1908  57     -3       64
  AVERAGE         61                        68     -7       73

PRECIPITATION (IN)
  TODAY            0.06          2.64 1958   0.15  -0.09     0.86
  MONTH TO DATE    5.30                      3.94   1.36     8.05
  SINCE DEC 1     23.04                     20.58   2.46    28.38
  SINCE JAN 1     16.62                     15.53   1.09    22.40

SNOWFALL (IN)
  TODAY            0.0
  MONTH TO DATE    0.0
  SINCE MAR 1      0.0
  SINCE JUL 1      0.1
  SNOW DEPTH       0

DEGREE DAYS
 HEATING
  TODAY            4                         1      3        0
  MONTH TO DATE   45                       109    -64       60
  SINCE MAR 1    244                       409   -165      238
  SINCE JUL 1   1695                      2603   -908     1891

 COOLING
  TODAY            0                         4     -4        8
  MONTH TO DATE   96                        74     22       83
  SINCE MAR 1    145                        93     52      109
  SINCE JAN 1    177                        97     80      115
..................................................................


WIND (MPH)
  HIGHEST WIND SPEED    25   HIGHEST WIND DIRECTION    SW (240)
  HIGHEST GUST SPEED    31   HIGHEST GUST DIRECTION    SW (240)
  AVERAGE WIND SPEED    15.1


SKY COVER
  POSSIBLE SUNSHINE  MM
  AVERAGE SKY COVER 0.7


WEATHER CONDITIONS
 THE FOLLOWING WEATHER WAS RECORDED TODAY.
  THUNDERSTORM
  HEAVY RAIN
  LIGHT RAIN
  FOG


RELATIVE HUMIDITY (PERCENT)
 HIGHEST    93           200 AM
 LOWEST     48           300 PM
 AVERAGE    71

..........................................................


THE TEXARKANA CLIMATE NORMALS FOR TOMORROW
                         NORMAL    RECORD    YEAR
 MAXIMUM TEMPERATURE (F)   79        93      1901
 MINIMUM TEMPERATURE (F)   57        37      1925


SUNRISE AND SUNSET
APRIL 30 2017.........SUNRISE   628 AM CDT   SUNSET   758 PM CDT
MAY  1 2017...........SUNRISE   627 AM CDT   SUNSET   759 PM CDT


-  INDICATES NEGATIVE NUMBERS.
R  INDICATES RECORD WAS SET OR TIED.
MM INDICATES DATA IS MISSING.
T  INDICATES TRACE AMOUNT.




$$
