630
CDUS44 KSHV 290812
CLITXK


CLIMATE REPORT
NATIONAL WEATHER SERVICE SHREVEPORT, LA
300 AM CDT SUN MAY 29 2016


...................................

...THE TEXARKANA CLIMATE SUMMARY FOR MAY 28 2016...

CLIMATE NORMAL PERIOD 1981 TO 2010
CLIMATE RECORD PERIOD 1896 TO 2016


WEATHER ITEM   OBSERVED TIME   RECORD YEAR NORMAL DEPARTURE LAST
                VALUE   (LST)  VALUE       VALUE  FROM      YEAR
                                                  NORMAL
..................................................................
TEMPERATURE (F)
 YESTERDAY
  MAXIMUM         82    419 PM  97    1898  85     -3       84
  MINIMUM         63    618 AM  45    1901  64     -1       68
  AVERAGE         73                        75     -2       76

PRECIPITATION (IN)
  YESTERDAY        0.00         10.48 1998   0.15  -0.15      T
  MONTH TO DATE    3.15                      4.67  -1.52     7.47
  SINCE DEC 1     31.53                     25.25   6.28    35.34
  SINCE JAN 1     25.55                     20.20   5.35    32.66

SNOWFALL (IN)
  YESTERDAY        0.0
  MONTH TO DATE    0.0
  SINCE MAR 1      0.0
  SINCE JUL 1      0.0
  SNOW DEPTH       0

DEGREE DAYS
 HEATING
  YESTERDAY        0                         0      0        0
  MONTH TO DATE   17                        12      5        8
  SINCE MAR 1    255                       421   -166      430
  SINCE JUL 1   1908                      2615   -707     2811

 COOLING
  YESTERDAY        8                        10     -2       11
  MONTH TO DATE  140                       192    -52      201
  SINCE MAR 1    249                       285    -36      298
  SINCE JAN 1    255                       289    -34      298
..................................................................


WIND (MPH)
  HIGHEST WIND SPEED     8   HIGHEST WIND DIRECTION     S (170)
  HIGHEST GUST SPEED    13   HIGHEST GUST DIRECTION    SW (220)
  AVERAGE WIND SPEED     3.5


SKY COVER
  POSSIBLE SUNSHINE  MM
  AVERAGE SKY COVER 0.4


WEATHER CONDITIONS
 THE FOLLOWING WEATHER WAS RECORDED YESTERDAY.
  FOG


RELATIVE HUMIDITY (PERCENT)
 HIGHEST   100           300 AM
 LOWEST     62           500 PM
 AVERAGE    81

..........................................................


THE TEXARKANA CLIMATE NORMALS FOR TODAY
                         NORMAL    RECORD    YEAR
 MAXIMUM TEMPERATURE (F)   85        98      1898
 MINIMUM TEMPERATURE (F)   65        50      1901


SUNRISE AND SUNSET
MAY 29 2016...........SUNRISE   608 AM CDT   SUNSET   819 PM CDT
MAY 30 2016...........SUNRISE   608 AM CDT   SUNSET   820 PM CDT


-  INDICATES NEGATIVE NUMBERS.
R  INDICATES RECORD WAS SET OR TIED.
MM INDICATES DATA IS MISSING.
T  INDICATES TRACE AMOUNT.




$$
