000
CDUS44 KSHV 230742
CLITXK


CLIMATE REPORT
NATIONAL WEATHER SERVICE SHREVEPORT, LA
241 AM CDT THU MAR 23 2017


...................................

...THE TEXARKANA CLIMATE SUMMARY FOR MARCH 22 2017...

CLIMATE NORMAL PERIOD 1981 TO 2010
CLIMATE RECORD PERIOD 1896 TO 2017


WEATHER ITEM   OBSERVED TIME   RECORD YEAR NORMAL DEPARTURE LAST
                VALUE   (LST)  VALUE       VALUE  FROM      YEAR
                                                  NORMAL
..................................................................
TEMPERATURE (F)
 YESTERDAY
  MAXIMUM         75    438 PM  89    1907  69      6       73
  MINIMUM         54    713 AM  25    1915  46      8       45
  AVERAGE         65                        58      7       59

PRECIPITATION (IN)
  YESTERDAY        0.00          1.38 1930   0.14  -0.14     0.00
  MONTH TO DATE    0.67                      3.01  -2.34     6.57
  SINCE DEC 1     15.73                     15.45   0.28    18.67
  SINCE JAN 1      9.31                     10.40  -1.09    12.69

SNOWFALL (IN)
  YESTERDAY        0.0
  MONTH TO DATE    0.0
  SINCE MAR 1      0.0
  SINCE JUL 1      0.1
  SNOW DEPTH       0

DEGREE DAYS
 HEATING
  YESTERDAY        0                         8     -8        6
  MONTH TO DATE  189                       236    -47      129
  SINCE MAR 1    189                       236    -47      129
  SINCE JUL 1   1640                      2430   -790     1782

 COOLING
  YESTERDAY        0                         1     -1        0
  MONTH TO DATE   29                        10     19       13
  SINCE MAR 1     29                        10     19       13
  SINCE JAN 1     61                        14     47       19
..................................................................


WIND (MPH)
  HIGHEST WIND SPEED    14   HIGHEST WIND DIRECTION    NE (40)
  HIGHEST GUST SPEED    20   HIGHEST GUST DIRECTION    NE (60)
  AVERAGE WIND SPEED     7.3


SKY COVER
  POSSIBLE SUNSHINE  MM
  AVERAGE SKY COVER 0.3


WEATHER CONDITIONS
 THE FOLLOWING WEATHER WAS RECORDED YESTERDAY.
  NO SIGNIFICANT WEATHER WAS OBSERVED.


RELATIVE HUMIDITY (PERCENT)
 HIGHEST    93           300 AM
 LOWEST     53           200 PM
 AVERAGE    73

..........................................................


THE TEXARKANA CLIMATE NORMALS FOR TODAY
                         NORMAL    RECORD    YEAR
 MAXIMUM TEMPERATURE (F)   69        94      1929
 MINIMUM TEMPERATURE (F)   46        29      1968


SUNRISE AND SUNSET
MARCH 23 2017.........SUNRISE   715 AM CDT   SUNSET   730 PM CDT
MARCH 24 2017.........SUNRISE   714 AM CDT   SUNSET   731 PM CDT


-  INDICATES NEGATIVE NUMBERS.
R  INDICATES RECORD WAS SET OR TIED.
MM INDICATES DATA IS MISSING.
T  INDICATES TRACE AMOUNT.




$$
