000
CDUS44 KSHV 042233
CLITXK


CLIMATE REPORT
NATIONAL WEATHER SERVICE SHREVEPORT, LA
432 PM CST WED MAR 4 2015


...................................

...THE TEXARKANA CLIMATE SUMMARY FOR MARCH 4 2015...
VALID TODAY AS OF 0400 PM LOCAL TIME.

CLIMATE NORMAL PERIOD 1981 TO 2010
CLIMATE RECORD PERIOD 1896 TO 2015


WEATHER ITEM   OBSERVED TIME   RECORD YEAR NORMAL DEPARTURE LAST
                VALUE   (LST)  VALUE       VALUE  FROM      YEAR
                                                  NORMAL
..................................................................
TEMPERATURE (F)
 TODAY
  MAXIMUM         57    406 AM  85    1938  64     -7       42
  MINIMUM         43    359 PM  20    2002  42      1       24
  AVERAGE         50                        53     -3       33

PRECIPITATION (IN)
  TODAY            1.34          1.67 1989   0.14   1.20     0.00
  MONTH TO DATE    1.86                      0.56   1.30     1.32
  SINCE DEC 1     12.63                     13.00  -0.37    11.07
  SINCE JAN 1      9.95                      7.95   2.00     5.24

SNOWFALL (IN)
  TODAY           MM
  MONTH TO DATE    0.0
  SINCE MAR 1      0.0
  SINCE JUL 1      4.2
  SNOW DEPTH       0

DEGREE DAYS
 HEATING
  TODAY           15                        13      2       32
  MONTH TO DATE   82                        52     30       89
  SINCE MAR 1     82                        52     30       89
  SINCE JUL 1   2463                      2246    217     2557

 COOLING
  TODAY            0                         0      0        0
  MONTH TO DATE    0                         0      0        0
  SINCE MAR 1      0                         0      0        0
  SINCE JAN 1      0                         4     -4        0
..................................................................


WIND (MPH)
  HIGHEST WIND SPEED    21   HIGHEST WIND DIRECTION    NE (30)
  HIGHEST GUST SPEED    30   HIGHEST GUST DIRECTION     N (20)
  AVERAGE WIND SPEED     5.8


SKY COVER
  POSSIBLE SUNSHINE  MM
  AVERAGE SKY COVER 0.7


WEATHER CONDITIONS
 THE FOLLOWING WEATHER WAS RECORDED TODAY.
  HEAVY RAIN
  RAIN
  LIGHT RAIN
  FOG
  FOG W/VISIBILITY <= 1/4 MILE


RELATIVE HUMIDITY (PERCENT)
 HIGHEST   100           500 AM
 LOWEST    100           500 AM
 AVERAGE   100

..........................................................


THE TEXARKANA CLIMATE NORMALS FOR TOMORROW
                         NORMAL    RECORD    YEAR
 MAXIMUM TEMPERATURE (F)   64        87      1991
 MINIMUM TEMPERATURE (F)   42        24      1960


SUNRISE AND SUNSET
MARCH  4 2015.........SUNRISE   641 AM CST   SUNSET   615 PM CST
MARCH  5 2015.........SUNRISE   640 AM CST   SUNSET   616 PM CST


-  INDICATES NEGATIVE NUMBERS.
R  INDICATES RECORD WAS SET OR TIED.
MM INDICATES DATA IS MISSING.
T  INDICATES TRACE AMOUNT.




$$
