000
CDUS44 KSHV 280755
CLITXK


CLIMATE REPORT
NATIONAL WEATHER SERVICE SHREVEPORT, LA
254 AM CDT TUE JUL 28 2015


...................................

...THE TEXARKANA CLIMATE SUMMARY FOR JULY 27 2015...

CLIMATE NORMAL PERIOD 1981 TO 2010
CLIMATE RECORD PERIOD 1896 TO 2015


WEATHER ITEM   OBSERVED TIME   RECORD YEAR NORMAL DEPARTURE LAST
                VALUE   (LST)  VALUE       VALUE  FROM      YEAR
                                                  NORMAL
..................................................................
TEMPERATURE (F)
 YESTERDAY
  MAXIMUM        100    139 PM 107    1934  94      6       96
  MINIMUM         75    543 AM  62    1911  72      3       76
  AVERAGE         88                        83      5       86

PRECIPITATION (IN)
  YESTERDAY        0.00          2.81 2006   0.09  -0.09     0.00
  MONTH TO DATE    2.13                      3.05  -0.92     2.26
  SINCE DEC 1     42.06                     33.17   8.89    27.59
  SINCE JAN 1     39.38                     28.12  11.26    21.76

SNOWFALL (IN)
  YESTERDAY        0.0
  MONTH TO DATE    0.0
  SINCE JUN 1      0.0
  SINCE JUL 1      0.0
  SNOW DEPTH       0

DEGREE DAYS
 HEATING
  YESTERDAY        0                         0      0        0
  MONTH TO DATE    0                         0      0        0
  SINCE JUN 1      0                         0      0        0
  SINCE JUL 1      0                         0      0        0

 COOLING
  YESTERDAY       23                        18      5       21
  MONTH TO DATE  532                       464     68      377
  SINCE JUN 1   1011                       869    142      806
  SINCE JAN 1   1335                      1189    146     1100
..................................................................


WIND (MPH)
  HIGHEST WIND SPEED    13   HIGHEST WIND DIRECTION     S (180)
  HIGHEST GUST SPEED    17   HIGHEST GUST DIRECTION     S (170)
  AVERAGE WIND SPEED     5.2


SKY COVER
  POSSIBLE SUNSHINE  MM
  AVERAGE SKY COVER 0.0


WEATHER CONDITIONS
 THE FOLLOWING WEATHER WAS RECORDED YESTERDAY.
  FOG
  HAZE


RELATIVE HUMIDITY (PERCENT)
 HIGHEST    94           400 AM
 LOWEST     38           400 PM
 AVERAGE    66

..........................................................


THE TEXARKANA CLIMATE NORMALS FOR TODAY
                         NORMAL    RECORD    YEAR
 MAXIMUM TEMPERATURE (F)   94       106      1930
 MINIMUM TEMPERATURE (F)   72        61      1994


SUNRISE AND SUNSET
JULY 28 2015..........SUNRISE   626 AM CDT   SUNSET   819 PM CDT
JULY 29 2015..........SUNRISE   626 AM CDT   SUNSET   818 PM CDT


-  INDICATES NEGATIVE NUMBERS.
R  INDICATES RECORD WAS SET OR TIED.
MM INDICATES DATA IS MISSING.
T  INDICATES TRACE AMOUNT.




$$
