000
CDUS44 KSHV 232236
CLITYR


CLIMATE REPORT
NATIONAL WEATHER SERVICE SHREVEPORT, LA
435 PM CST FRI FEB 23 2018


...................................

...THE TYLER CLIMATE SUMMARY FOR FEBRUARY 23 2018...
VALID TODAY AS OF 0400 PM LOCAL TIME.

CLIMATE NORMAL PERIOD 1981 TO 2010
CLIMATE RECORD PERIOD 1896 TO 2018


WEATHER ITEM   OBSERVED TIME   RECORD YEAR NORMAL DEPARTURE LAST
                VALUE   (LST)  VALUE       VALUE  FROM      YEAR
                                                  NORMAL
..................................................................
TEMPERATURE (F)
 TODAY
  MAXIMUM         68    359 PM  87    1982  63      5       85
  MINIMUM         46    308 AM  19    1901  42      4       56
  AVERAGE         57                        52      5       71

PRECIPITATION (IN)
  TODAY            1.44          1.78 1985   0.13   1.31     0.00
  MONTH TO DATE    6.98                      3.08   3.90     2.25
  SINCE DEC 1     13.54                     10.38   3.16    10.44
  SINCE JAN 1      8.25                      6.14   2.11     7.79

SNOWFALL (IN)
  TODAY            0.0
  MONTH TO DATE    0.2
  SINCE DEC 1      1.5
  SINCE JUL 1      1.5
  SNOW DEPTH       0

DEGREE DAYS
 HEATING
  TODAY            8                        13     -5        0
  MONTH TO DATE  340                       351    -11      136
  SINCE DEC 1   1508                      1455     53      916
  SINCE JUL 1   1780                      1829    -49     1047

 COOLING
  TODAY            0                         0      0        6
  MONTH TO DATE   16                         0     16       36
  SINCE DEC 1     25                        10     15       77
  SINCE JAN 1     19                         4     15       55
..................................................................


WIND (MPH)
  HIGHEST WIND SPEED    15   HIGHEST WIND DIRECTION     W (270)
  HIGHEST GUST SPEED    19   HIGHEST GUST DIRECTION     W (270)
  AVERAGE WIND SPEED     6.0


SKY COVER
  POSSIBLE SUNSHINE  MM
  AVERAGE SKY COVER 1.0


WEATHER CONDITIONS
 THE FOLLOWING WEATHER WAS RECORDED TODAY.
  THUNDERSTORM
  HEAVY RAIN
  RAIN
  LIGHT RAIN
  FOG


RELATIVE HUMIDITY (PERCENT)
 HIGHEST   100           500 AM
 LOWEST     87           400 PM
 AVERAGE    94

..........................................................


THE TYLER CLIMATE NORMALS FOR TOMORROW
                         NORMAL    RECORD    YEAR
 MAXIMUM TEMPERATURE (F)   63        85      1918
 MINIMUM TEMPERATURE (F)   43        19      1965


SUNRISE AND SUNSET
FEBRUARY 23 2018......SUNRISE   656 AM CST   SUNSET   614 PM CST
FEBRUARY 24 2018......SUNRISE   655 AM CST   SUNSET   615 PM CST


-  INDICATES NEGATIVE NUMBERS.
R  INDICATES RECORD WAS SET OR TIED.
MM INDICATES DATA IS MISSING.
T  INDICATES TRACE AMOUNT.




$$
