000
CDUS44 KSHV 030837
CLITYR


CLIMATE REPORT
NATIONAL WEATHER SERVICE SHREVEPORT, LA
236 AM CST SAT DEC 3 2016


...................................

...THE TYLER CLIMATE SUMMARY FOR DECEMBER 2 2016...

CLIMATE NORMAL PERIOD 1981 TO 2010
CLIMATE RECORD PERIOD 1896 TO 2016


WEATHER ITEM   OBSERVED TIME   RECORD YEAR NORMAL DEPARTURE LAST
                VALUE   (LST)  VALUE       VALUE  FROM      YEAR
                                                  NORMAL
..................................................................
TEMPERATURE (F)
 YESTERDAY
  MAXIMUM         64    227 PM  81    1982  60      4       59
  MINIMUM         41    617 AM  20    1910  41      0       36
  AVERAGE         53                        50      3       48

PRECIPITATION (IN)
  YESTERDAY        0.06          2.78 1953   0.14  -0.08     0.00
  MONTH TO DATE    0.06                      0.27  -0.21     0.00
  SINCE DEC 1      0.06                      0.27  -0.21     0.00
  SINCE JAN 1     34.08                     41.82  -7.74    58.28

SNOWFALL (IN)
  YESTERDAY        0.0
  MONTH TO DATE    0.0
  SINCE DEC 1      0.0
  SINCE JUL 1      0.0
  SNOW DEPTH       0

DEGREE DAYS
 HEATING
  YESTERDAY       12                        15     -3       17
  MONTH TO DATE   28                        30     -2       35
  SINCE DEC 1     28                        30     -2       35
  SINCE JUL 1    159                       404   -245      228

 COOLING
  YESTERDAY        0                         0      0        0
  MONTH TO DATE    0                         0      0        0
  SINCE DEC 1      0                         0      0        0
  SINCE JAN 1   3093                      2411    682     2983
..................................................................


WIND (MPH)
  HIGHEST WIND SPEED    15   HIGHEST WIND DIRECTION     E (90)
  HIGHEST GUST SPEED    20   HIGHEST GUST DIRECTION     E (80)
  AVERAGE WIND SPEED     8.1


SKY COVER
  POSSIBLE SUNSHINE  MM
  AVERAGE SKY COVER 0.2


WEATHER CONDITIONS
 THE FOLLOWING WEATHER WAS RECORDED YESTERDAY.
  LIGHT RAIN


RELATIVE HUMIDITY (PERCENT)
 HIGHEST    73           500 AM
 LOWEST     36           400 PM
 AVERAGE    55

..........................................................


THE TYLER CLIMATE NORMALS FOR TODAY
                         NORMAL    RECORD    YEAR
 MAXIMUM TEMPERATURE (F)   60        83      2005
 MINIMUM TEMPERATURE (F)   41        21      1929


SUNRISE AND SUNSET
DECEMBER  3 2016......SUNRISE   707 AM CST   SUNSET   516 PM CST
DECEMBER  4 2016......SUNRISE   708 AM CST   SUNSET   516 PM CST


-  INDICATES NEGATIVE NUMBERS.
R  INDICATES RECORD WAS SET OR TIED.
MM INDICATES DATA IS MISSING.
T  INDICATES TRACE AMOUNT.




$$
