930
CDUS44 KSHV 210854
CLITYR


CLIMATE REPORT
NATIONAL WEATHER SERVICE SHREVEPORT, LA
254 AM CST SAT JAN 21 2017


...................................

...THE TYLER CLIMATE SUMMARY FOR JANUARY 20 2017...

CLIMATE NORMAL PERIOD 1981 TO 2010
CLIMATE RECORD PERIOD 1896 TO 2017


WEATHER ITEM   OBSERVED TIME   RECORD YEAR NORMAL DEPARTURE LAST
                VALUE   (LST)  VALUE       VALUE  FROM      YEAR
                                                  NORMAL
..................................................................
TEMPERATURE (F)
 YESTERDAY
  MAXIMUM         73    415 PM  80    1986  56     17       57
  MINIMUM         54    741 AM   9    1985  37     17       40
  AVERAGE         64                        46     18       49

PRECIPITATION (IN)
  YESTERDAY        0.00          1.66 1979   0.09  -0.09     0.00
  MONTH TO DATE    5.51                      1.95   3.56     0.89
  SINCE DEC 1      8.16                      6.19   1.97    10.66
  SINCE JAN 1      5.51                      1.95   3.56     0.89

SNOWFALL (IN)
  YESTERDAY        0.0
  MONTH TO DATE    T
  SINCE DEC 1      T
  SINCE JUL 1      T
  SNOW DEPTH       0

DEGREE DAYS
 HEATING
  YESTERDAY        1                        19    -18       16
  MONTH TO DATE  247                       380   -133      363
  SINCE DEC 1    659                       907   -248      680
  SINCE JUL 1    790                      1281   -491      873

 COOLING
  YESTERDAY        0                         0      0        0
  MONTH TO DATE   19                         0     19        0
  SINCE DEC 1     41                         6     35       27
  SINCE JAN 1     19                         0     19        0
..................................................................


WIND (MPH)
  HIGHEST WIND SPEED    18   HIGHEST WIND DIRECTION    SW (210)
  HIGHEST GUST SPEED    22   HIGHEST GUST DIRECTION     S (190)
  AVERAGE WIND SPEED    11.2


SKY COVER
  POSSIBLE SUNSHINE  MM
  AVERAGE SKY COVER 0.1


WEATHER CONDITIONS
 THE FOLLOWING WEATHER WAS RECORDED YESTERDAY.
  NO SIGNIFICANT WEATHER WAS OBSERVED.


RELATIVE HUMIDITY (PERCENT)
 HIGHEST    93          1200 AM
 LOWEST     41           400 PM
 AVERAGE    67

..........................................................


THE TYLER CLIMATE NORMALS FOR TODAY
                         NORMAL    RECORD    YEAR
 MAXIMUM TEMPERATURE (F)   56        81      1986
 MINIMUM TEMPERATURE (F)   37        11      1985


SUNRISE AND SUNSET
JANUARY 21 2017.......SUNRISE   721 AM CST   SUNSET   545 PM CST
JANUARY 22 2017.......SUNRISE   721 AM CST   SUNSET   546 PM CST


-  INDICATES NEGATIVE NUMBERS.
R  INDICATES RECORD WAS SET OR TIED.
MM INDICATES DATA IS MISSING.
T  INDICATES TRACE AMOUNT.




$$
