000
CDUS44 KSHV 190733
CLITYR


CLIMATE REPORT
NATIONAL WEATHER SERVICE SHREVEPORT, LA
231 AM CDT SAT APR 19 2014


...................................

...THE TYLER CLIMATE SUMMARY FOR APRIL 18 2014...

CLIMATE NORMAL PERIOD 1981 TO 2010
CLIMATE RECORD PERIOD 1896 TO 2014


WEATHER ITEM   OBSERVED TIME   RECORD YEAR NORMAL DEPARTURE LAST
                VALUE   (LST)  VALUE       VALUE  FROM      YEAR
                                                  NORMAL
..................................................................
TEMPERATURE (F)
 YESTERDAY
  MAXIMUM         77    441 PM  95    1987  75      2       75
  MINIMUM         55    218 AM  31    1921  55      0       45
  AVERAGE         66                        65      1       60

PRECIPITATION (IN)
  YESTERDAY        0.00          1.75 1967   0.10  -0.10     1.16
  MONTH TO DATE    2.46                      1.68   0.78     1.98
  SINCE DEC 1     11.78                     16.91  -5.13    13.22
  SINCE JAN 1      8.76                     12.67  -3.91    10.33

SNOWFALL (IN)
  YESTERDAY        0.0
  MONTH TO DATE    0.0
  SINCE MAR 1      1.0
  SINCE JUL 1      1.2
  SNOW DEPTH       0

DEGREE DAYS
 HEATING
  YESTERDAY        0                         3     -3        5
  MONTH TO DATE   97                        80     17       81
  SINCE MAR 1    446                       353     93      360
  SINCE JUL 1   2510                      2245    265     1919

 COOLING
  YESTERDAY        1                         3     -2        0
  MONTH TO DATE   54                        35     19       67
  SINCE MAR 1     67                        56     11       80
  SINCE JAN 1     70                        68      2       90
..................................................................


WIND (MPH)
  HIGHEST WIND SPEED    14   HIGHEST WIND DIRECTION     E (70)
  HIGHEST GUST SPEED    18   HIGHEST GUST DIRECTION    NE (50)
  AVERAGE WIND SPEED     5.2


SKY COVER
  POSSIBLE SUNSHINE  MM
  AVERAGE SKY COVER 0.4


WEATHER CONDITIONS
 THE FOLLOWING WEATHER WAS RECORDED YESTERDAY.
  NO SIGNIFICANT WEATHER WAS OBSERVED.


RELATIVE HUMIDITY (PERCENT)
 HIGHEST    83           200 AM
 LOWEST     33           200 PM
 AVERAGE    58

..........................................................


THE TYLER CLIMATE NORMALS FOR TODAY
                         NORMAL    RECORD    YEAR
 MAXIMUM TEMPERATURE (F)   76        95      1987
 MINIMUM TEMPERATURE (F)   55        35      1901


SUNRISE AND SUNSET
APRIL 19 2014.........SUNRISE   648 AM CDT   SUNSET   754 PM CDT
APRIL 20 2014.........SUNRISE   647 AM CDT   SUNSET   755 PM CDT


-  INDICATES NEGATIVE NUMBERS.
R  INDICATES RECORD WAS SET OR TIED.
MM INDICATES DATA IS MISSING.
T  INDICATES TRACE AMOUNT.




$$
