000
CDUS44 KSHV 200735
CLITYR


CLIMATE REPORT
NATIONAL WEATHER SERVICE SHREVEPORT, LA
235 AM CDT MON OCT 20 2014


...................................

...THE TYLER CLIMATE SUMMARY FOR OCTOBER 19 2014...

CLIMATE NORMAL PERIOD 1981 TO 2010
CLIMATE RECORD PERIOD 1896 TO 2014


WEATHER ITEM   OBSERVED TIME   RECORD YEAR NORMAL DEPARTURE LAST
                VALUE   (LST)  VALUE       VALUE  FROM      YEAR
                                                  NORMAL
..................................................................
TEMPERATURE (F)
 YESTERDAY
  MAXIMUM         76    346 PM  94    1921  77     -1       65
  MINIMUM         57    509 AM  34    1989  55      2       45
  AVERAGE         67                        66      1       55

PRECIPITATION (IN)
  YESTERDAY        0.00          8.02 1985   0.18  -0.18     0.00
  MONTH TO DATE    4.47                      2.82   1.65     3.35
  SINCE DEC 1     31.71                     39.66  -7.95    32.48
  SINCE JAN 1     28.69                     35.42  -6.73    29.59

SNOWFALL (IN)
  YESTERDAY        0.0
  MONTH TO DATE    0.0
  SINCE SEP 1      0.0
  SINCE JUL 1      0.0
  SNOW DEPTH       0

DEGREE DAYS
 HEATING
  YESTERDAY        0                         2     -2       10
  MONTH TO DATE    5                        25    -20       24
  SINCE SEP 1      5                        30    -25       24
  SINCE JUL 1      5                        30    -25       24

 COOLING
  YESTERDAY        2                         3     -1        0
  MONTH TO DATE  143                        97     46      116
  SINCE SEP 1    579                       439    140      616
  SINCE JAN 1   2545                      2361    184     2732
..................................................................


WIND (MPH)
  HIGHEST WIND SPEED    14   HIGHEST WIND DIRECTION     E (90)
  HIGHEST GUST SPEED    17   HIGHEST GUST DIRECTION     E (80)
  AVERAGE WIND SPEED     6.0


SKY COVER
  POSSIBLE SUNSHINE  MM
  AVERAGE SKY COVER 0.0


WEATHER CONDITIONS
 THE FOLLOWING WEATHER WAS RECORDED YESTERDAY.
  NO SIGNIFICANT WEATHER WAS OBSERVED.


RELATIVE HUMIDITY (PERCENT)
 HIGHEST    80           500 AM
 LOWEST     43           200 PM
 AVERAGE    62

..........................................................


THE TYLER CLIMATE NORMALS FOR TODAY
                         NORMAL    RECORD    YEAR
 MAXIMUM TEMPERATURE (F)   77        92      1977
 MINIMUM TEMPERATURE (F)   55        29      1976


SUNRISE AND SUNSET
OCTOBER 20 2014.......SUNRISE   729 AM CDT   SUNSET   643 PM CDT
OCTOBER 21 2014.......SUNRISE   730 AM CDT   SUNSET   642 PM CDT


-  INDICATES NEGATIVE NUMBERS.
R  INDICATES RECORD WAS SET OR TIED.
MM INDICATES DATA IS MISSING.
T  INDICATES TRACE AMOUNT.




$$
