000
CDUS44 KSHV 110838
CLITYR


CLIMATE REPORT
NATIONAL WEATHER SERVICE SHREVEPORT, LA
237 AM CST THU FEB 11 2016


...................................

...THE TYLER CLIMATE SUMMARY FOR FEBRUARY 10 2016...

CLIMATE NORMAL PERIOD 1981 TO 2010
CLIMATE RECORD PERIOD 1896 TO 2016


WEATHER ITEM   OBSERVED TIME   RECORD YEAR NORMAL DEPARTURE LAST
                VALUE   (LST)  VALUE       VALUE  FROM      YEAR
                                                  NORMAL
..................................................................
TEMPERATURE (F)
 YESTERDAY
  MAXIMUM         68    446 PM  83    1960  59      9       71
  MINIMUM         31    722 AM  16    1979  39     -8       45
  AVERAGE         50                        49      1       58

PRECIPITATION (IN)
  YESTERDAY        0.00          1.39 1983   0.14  -0.14     0.00
  MONTH TO DATE    0.04                      1.27  -1.23     0.25
  SINCE DEC 1     11.24                      8.57   2.67     5.83
  SINCE JAN 1      1.47                      4.33  -2.86     4.36

SNOWFALL (IN)
  YESTERDAY        0.0
  MONTH TO DATE    0.0
  SINCE DEC 1      0.0
  SINCE JUL 1      0.0
  SNOW DEPTH       0

DEGREE DAYS
 HEATING
  YESTERDAY       15                        16     -1        7
  MONTH TO DATE  157                       166     -9      148
  SINCE DEC 1    986                      1270   -284     1149
  SINCE JUL 1   1179                      1644   -465     1530

 COOLING
  YESTERDAY        0                         0      0        0
  MONTH TO DATE    0                         0      0        0
  SINCE DEC 1     29                        10     19        3
  SINCE JAN 1      2                         4     -2        0
..................................................................


WIND (MPH)
  HIGHEST WIND SPEED    18   HIGHEST WIND DIRECTION    SW (240)
  HIGHEST GUST SPEED    25   HIGHEST GUST DIRECTION     S (200)
  AVERAGE WIND SPEED     7.7


SKY COVER
  POSSIBLE SUNSHINE  MM
  AVERAGE SKY COVER 0.0


WEATHER CONDITIONS
 THE FOLLOWING WEATHER WAS RECORDED YESTERDAY.
  NO SIGNIFICANT WEATHER WAS OBSERVED.


RELATIVE HUMIDITY (PERCENT)
 HIGHEST    64           700 AM
 LOWEST     24           400 PM
 AVERAGE    44

..........................................................


THE TYLER CLIMATE NORMALS FOR TODAY
                         NORMAL    RECORD    YEAR
 MAXIMUM TEMPERATURE (F)   60        79      1976
 MINIMUM TEMPERATURE (F)   40        11      1981


SUNRISE AND SUNSET
FEBRUARY 11 2016......SUNRISE   708 AM CST   SUNSET   604 PM CST
FEBRUARY 12 2016......SUNRISE   707 AM CST   SUNSET   605 PM CST


-  INDICATES NEGATIVE NUMBERS.
R  INDICATES RECORD WAS SET OR TIED.
MM INDICATES DATA IS MISSING.
T  INDICATES TRACE AMOUNT.




$$
