000
CDUS44 KSHV 290730
CLITYR


CLIMATE REPORT
NATIONAL WEATHER SERVICE SHREVEPORT, LA
230 AM CDT THU JUN 29 2017


...................................

...THE TYLER CLIMATE SUMMARY FOR JUNE 28 2017...

CLIMATE NORMAL PERIOD 1981 TO 2010
CLIMATE RECORD PERIOD 1896 TO 2017


WEATHER ITEM   OBSERVED TIME   RECORD YEAR NORMAL DEPARTURE LAST
                VALUE   (LST)  VALUE       VALUE  FROM      YEAR
                                                  NORMAL
..................................................................
TEMPERATURE (F)
 YESTERDAY
  MAXIMUM         90    414 PM 105    1930  90      0       95
  MINIMUM         70    545 AM  53    1974  72     -2       76
  AVERAGE         80                        81     -1       86

PRECIPITATION (IN)
  YESTERDAY        0.00          2.15 1940   0.15  -0.15     0.00
  MONTH TO DATE    4.15                      4.54  -0.39     1.98
  SINCE DEC 1     23.62                     27.71  -4.09    34.88
  SINCE JAN 1     20.97                     23.47  -2.50    25.11

SNOWFALL (IN)
  YESTERDAY        0.0
  MONTH TO DATE    0.0
  SINCE JUN 1      0.0
  SINCE JUL 1      T
  SNOW DEPTH       0

DEGREE DAYS
 HEATING
  YESTERDAY        0                         0      0        0
  MONTH TO DATE    0                         0      0        0
  SINCE JUN 1      0                         0      0        0
  SINCE JUL 1   1256                      2269  -1013     1467

 COOLING
  YESTERDAY       15                        16     -1       21
  MONTH TO DATE  425                       400     25      499
  SINCE JUN 1    425                       400     25      499
  SINCE JAN 1    977                       769    208      947
..................................................................


WIND (MPH)
  HIGHEST WIND SPEED    16   HIGHEST WIND DIRECTION    SE (130)
  HIGHEST GUST SPEED    19   HIGHEST GUST DIRECTION    SE (130)
  AVERAGE WIND SPEED     7.2


SKY COVER
  POSSIBLE SUNSHINE  MM
  AVERAGE SKY COVER 0.2


WEATHER CONDITIONS
 THE FOLLOWING WEATHER WAS RECORDED YESTERDAY.
  HAZE


RELATIVE HUMIDITY (PERCENT)
 HIGHEST   100           300 AM
 LOWEST     50           400 PM
 AVERAGE    75

..........................................................


THE TYLER CLIMATE NORMALS FOR TODAY
                         NORMAL    RECORD    YEAR
 MAXIMUM TEMPERATURE (F)   90       103      1930
 MINIMUM TEMPERATURE (F)   73        59      1985


SUNRISE AND SUNSET
JUNE 29 2017..........SUNRISE   618 AM CDT   SUNSET   833 PM CDT
JUNE 30 2017..........SUNRISE   618 AM CDT   SUNSET   833 PM CDT


-  INDICATES NEGATIVE NUMBERS.
R  INDICATES RECORD WAS SET OR TIED.
MM INDICATES DATA IS MISSING.
T  INDICATES TRACE AMOUNT.




$$
