000
CDUS44 KSHV 242235
CLITYR


CLIMATE REPORT
NATIONAL WEATHER SERVICE SHREVEPORT, LA
435 PM CST FRI NOV 24 2017


...................................

...THE TYLER CLIMATE SUMMARY FOR NOVEMBER 24 2017...
VALID TODAY AS OF 0400 PM LOCAL TIME.

CLIMATE NORMAL PERIOD 1981 TO 2010
CLIMATE RECORD PERIOD 1896 TO 2017


WEATHER ITEM   OBSERVED TIME   RECORD YEAR NORMAL DEPARTURE LAST
                VALUE   (LST)  VALUE       VALUE  FROM      YEAR
                                                  NORMAL
..................................................................
TEMPERATURE (F)
 TODAY
  MAXIMUM         72    219 PM  85    1910  62     10       70
  MINIMUM         39    310 AM  22    1970  43     -4       44
  AVERAGE         56                        52      4       57

PRECIPITATION (IN)
  TODAY            0.00          3.73 1944   0.13  -0.13     0.00
  MONTH TO DATE    1.38                      3.35  -1.97     1.17
  SINCE DEC 1     37.53                     45.04  -7.51    43.76
  SINCE JAN 1     34.88                     40.80  -5.92    33.99

SNOWFALL (IN)
  TODAY            0.0
  MONTH TO DATE    0.0
  SINCE SEP 1      0.0
  SINCE JUL 1      0.0
  SNOW DEPTH       0

DEGREE DAYS
 HEATING
  TODAY            9                        13     -4        8
  MONTH TO DATE  141                       213    -72       81
  SINCE SEP 1    229                       290    -61       87
  SINCE JUL 1    229                       290    -61       87

 COOLING
  TODAY            0                         0      0        0
  MONTH TO DATE   69                        14     55       59
  SINCE SEP 1    633                       485    148      794
  SINCE JAN 1   2767                      2407    360     3093
..................................................................


WIND (MPH)
  HIGHEST WIND SPEED    17   HIGHEST WIND DIRECTION     S (200)
  HIGHEST GUST SPEED    21   HIGHEST GUST DIRECTION     S (180)
  AVERAGE WIND SPEED     8.5


SKY COVER
  POSSIBLE SUNSHINE  MM
  AVERAGE SKY COVER 0.0


WEATHER CONDITIONS
 THE FOLLOWING WEATHER WAS RECORDED TODAY.
  NO SIGNIFICANT WEATHER WAS OBSERVED.


RELATIVE HUMIDITY (PERCENT)
 HIGHEST    85           400 AM
 LOWEST     26           100 PM
 AVERAGE    56

..........................................................


THE TYLER CLIMATE NORMALS FOR TOMORROW
                         NORMAL    RECORD    YEAR
 MAXIMUM TEMPERATURE (F)   62        86      1965
 MINIMUM TEMPERATURE (F)   43        21      1975


SUNRISE AND SUNSET
NOVEMBER 24 2017......SUNRISE   659 AM CST   SUNSET   517 PM CST
NOVEMBER 25 2017......SUNRISE   700 AM CST   SUNSET   517 PM CST


-  INDICATES NEGATIVE NUMBERS.
R  INDICATES RECORD WAS SET OR TIED.
MM INDICATES DATA IS MISSING.
T  INDICATES TRACE AMOUNT.




$$
