000
CDUS44 KSHV 290735
CLITYR


CLIMATE REPORT
NATIONAL WEATHER SERVICE SHREVEPORT, LA
235 AM CDT SAT APR 29 2017


...................................

...THE TYLER CLIMATE SUMMARY FOR APRIL 28 2017...

CLIMATE NORMAL PERIOD 1981 TO 2010
CLIMATE RECORD PERIOD 1896 TO 2017


WEATHER ITEM   OBSERVED TIME   RECORD YEAR NORMAL DEPARTURE LAST
                VALUE   (LST)  VALUE       VALUE  FROM      YEAR
                                                  NORMAL
..................................................................
TEMPERATURE (F)
 YESTERDAY
  MAXIMUM         90    318 PM  92    1987  78     12       87
  MINIMUM         64   1255 AM  41    1973  58      6       60
  AVERAGE         77                        68      9       74

PRECIPITATION (IN)
  YESTERDAY        0.00          3.79 1963   0.13  -0.13     0.00
  MONTH TO DATE    2.04                      2.91  -0.87     6.27
  SINCE DEC 1     14.73                     18.14  -3.41    28.28
  SINCE JAN 1     12.08                     13.90  -1.82    18.51

SNOWFALL (IN)
  YESTERDAY        0.0
  MONTH TO DATE    0.0
  SINCE MAR 1      0.0
  SINCE JUL 1      T
  SNOW DEPTH       0

DEGREE DAYS
 HEATING
  YESTERDAY        0                         1     -1        0
  MONTH TO DATE   33                        95    -62       31
  SINCE MAR 1    162                       368   -206      146
  SINCE JUL 1   1245                      2260  -1015     1455

 COOLING
  YESTERDAY       12                         4      8        9
  MONTH TO DATE  134                        69     65      110
  SINCE MAR 1    242                        90    152      157
  SINCE JAN 1    316                       102    214      167
..................................................................


WIND (MPH)
  HIGHEST WIND SPEED    25   HIGHEST WIND DIRECTION     S (180)
  HIGHEST GUST SPEED    34   HIGHEST GUST DIRECTION     S (180)
  AVERAGE WIND SPEED    14.7


SKY COVER
  POSSIBLE SUNSHINE  MM
  AVERAGE SKY COVER 0.6


WEATHER CONDITIONS
 THE FOLLOWING WEATHER WAS RECORDED YESTERDAY.
  NO SIGNIFICANT WEATHER WAS OBSERVED.


RELATIVE HUMIDITY (PERCENT)
 HIGHEST    90           700 AM
 LOWEST     52           300 PM
 AVERAGE    71

..........................................................


THE TYLER CLIMATE NORMALS FOR TODAY
                         NORMAL    RECORD    YEAR
 MAXIMUM TEMPERATURE (F)   78        93      1990
 MINIMUM TEMPERATURE (F)   59        36      1965


SUNRISE AND SUNSET
APRIL 29 2017.........SUNRISE   637 AM CDT   SUNSET   801 PM CDT
APRIL 30 2017.........SUNRISE   636 AM CDT   SUNSET   802 PM CDT


-  INDICATES NEGATIVE NUMBERS.
R  INDICATES RECORD WAS SET OR TIED.
MM INDICATES DATA IS MISSING.
T  INDICATES TRACE AMOUNT.




$$
