000
CDUS44 KMRX 252120
CLITYS


CLIMATE REPORT
NATIONAL WEATHER SERVICE MORRISTOWN TN
520 PM EDT TUE APR 25 2017


...................................

...THE KNOXVILLE    ASOS CLIMATE SUMMARY FOR APRIL 25 2017...
VALID TODAY AS OF 0500 PM LOCAL TIME.

CLIMATE NORMAL PERIOD 1981 TO 2010
CLIMATE RECORD PERIOD 1871 TO 2017


WEATHER ITEM   OBSERVED TIME   RECORD YEAR NORMAL DEPARTURE LAST
                VALUE   (LST)  VALUE       VALUE  FROM      YEAR
                                                  NORMAL
..................................................................
TEMPERATURE (F)
 TODAY
  MAXIMUM         72    327 PM  89    1960  73     -1       82
  MINIMUM         52    613 AM  33    1910  50      2       55
  AVERAGE         62                        62      0       69

PRECIPITATION (IN)
  TODAY            0.00          2.64 1932   0.14  -0.14     0.00
  MONTH TO DATE    6.92                      3.32   3.60     1.78
  SINCE MAR 1     12.65                      7.66   4.99     4.72
  SINCE JAN 1     18.59                     16.24   2.35    14.60

SNOWFALL (IN)
  TODAY            0.0                       0.0    0.0      0.0
  MONTH TO DATE    T                         0.5   -0.5      0.0
  SINCE MAR 1      T                         1.4   -1.4      0.0
  SINCE JUL 1      2.3                       6.5   -4.2      5.2
  SNOW DEPTH       0

DEGREE DAYS
 HEATING
  TODAY            3                         5     -2        0
  MONTH TO DATE   81                       197   -116      164
  SINCE MAR 1    480                       658   -178      470
  SINCE JUL 1   2539                      3554  -1015     2903

 COOLING
  TODAY            0                         1     -1        4
  MONTH TO DATE   59                        23     36       26
  SINCE MAR 1     62                        28     34       41
  SINCE JAN 1     62                        28     34       41
..................................................................


WIND (MPH)
  HIGHEST WIND SPEED    10   HIGHEST WIND DIRECTION    NE (30)
  HIGHEST GUST SPEED    12   HIGHEST GUST DIRECTION    NE (40)
  AVERAGE WIND SPEED     4.0


SKY COVER
  POSSIBLE SUNSHINE  MM
  AVERAGE SKY COVER 0.7


WEATHER CONDITIONS
 THE FOLLOWING WEATHER WAS RECORDED TODAY.
  NO SIGNIFICANT WEATHER WAS OBSERVED.


RELATIVE HUMIDITY (PERCENT)
 HIGHEST    96           600 AM
 LOWEST     53           300 PM
 AVERAGE    75

..........................................................


THE KNOXVILLE    ASOS CLIMATE NORMALS FOR TOMORROW
                         NORMAL    RECORD    YEAR
 MAXIMUM TEMPERATURE (F)   73        89      1986
 MINIMUM TEMPERATURE (F)   50        34      1873


SUNRISE AND SUNSET
APRIL 25 2017.........SUNRISE   650 AM EDT   SUNSET   818 PM EDT
APRIL 26 2017.........SUNRISE   649 AM EDT   SUNSET   819 PM EDT


-  INDICATES NEGATIVE NUMBERS.
R  INDICATES RECORD WAS SET OR TIED.
MM INDICATES DATA IS MISSING.
T  INDICATES TRACE AMOUNT.




$$
