000
CDUS44 KMRX 312231
CLITYS

CLIMATE REPORT NATIONAL WEATHER SERVICE MORRISTOWN TN
530 PM EST SAT JAN 31 2015

...................................

...THE KNOXVILLE  CLIMATE SUMMARY FOR JANUARY 31 2015... VALID TODAY
AS OF 0500 PM LOCAL TIME.

CLIMATE NORMAL PERIOD 1981 TO 2010
CLIMATE RECORD PERIOD 1871 TO 2015


WEATHER ITEM   OBSERVED TIME   RECORD YEAR NORMAL DEPARTURE LAST
                VALUE   (LST)  VALUE       VALUE  FROM      YEAR
                                                  NORMAL
..................................................................
TEMPERATURE (F)
 TODAY
  MAXIMUM         46    335 PM  75    2002  49     -3       50
  MINIMUM         20    716 AM  -7    1966  30    -10       18
  AVERAGE         33                        39     -6       34

PRECIPITATION (IN)
  TODAY            0.00          2.92 1957   0.15  -0.15     0.00
  MONTH TO DATE    3.39                      4.32  -0.93     3.12
  SINCE DEC 1      7.63                      8.82  -1.19    11.35
  SINCE JAN 1      3.39                      4.32  -0.93     3.12

SNOWFALL (IN)
  TODAY            0.0                       0.1   -0.1      0.0
  MONTH TO DATE    1.1                       2.7   -1.6      4.2
  SINCE DEC 1      1.1                       3.5   -2.4      4.2
  SINCE JUL 1      1.1                       3.5   -2.4      5.0
  SNOW DEPTH       0

DEGREE DAYS
 HEATING
  TODAY           32                        26      6       31
  MONTH TO DATE  861                       830     31     1030
  SINCE DEC 1   1525                      1581    -56     1699
  SINCE JUL 1   2351                      2262     89     2389

 COOLING
  TODAY            0                         0      0        0
  MONTH TO DATE    0                         0      0        0
  SINCE DEC 1      0                         0      0        4
  SINCE JAN 1      0                         0      0        0
..................................................................


WIND (MPH)
  HIGHEST WIND SPEED     9   HIGHEST WIND DIRECTION    NE (40)
  HIGHEST GUST SPEED    12   HIGHEST GUST DIRECTION    NE (40)
  AVERAGE WIND SPEED     4.6


SKY COVER
  POSSIBLE SUNSHINE  MM
  AVERAGE SKY COVER 0.5


WEATHER CONDITIONS
 THE FOLLOWING WEATHER WAS RECORDED TODAY.
  NO SIGNIFICANT WEATHER WAS OBSERVED.


RELATIVE HUMIDITY (PERCENT)
 HIGHEST    84           700 AM
 LOWEST     27           400 PM
 AVERAGE    56

..........................................................


THE KNOXVILLE    ASOS CLIMATE NORMALS FOR TOMORROW
                         NORMAL    RECORD    YEAR
 MAXIMUM TEMPERATURE (F)   49        73      1988
 MINIMUM TEMPERATURE (F)   30         6      1872


SUNRISE AND SUNSET
JANUARY 31 2015.......SUNRISE   737 AM EST   SUNSET   602 PM EST
FEBRUARY  1 2015......SUNRISE   736 AM EST   SUNSET   603 PM EST


-  INDICATES NEGATIVE NUMBERS.
R  INDICATES RECORD WAS SET OR TIED.
MM INDICATES DATA IS MISSING.
T  INDICATES TRACE AMOUNT.




$$
