000
CDUS44 KMRX 210829
CLITYS


CLIMATE REPORT
NATIONAL WEATHER SERVICE MORRISTOWN TN
329 AM EST TUE NOV 21 2017


...................................

...THE KNOXVILLE    ASOS CLIMATE SUMMARY FOR NOVEMBER 20 2017...

CLIMATE NORMAL PERIOD 1981 TO 2010
CLIMATE RECORD PERIOD 1871 TO 2017


WEATHER ITEM   OBSERVED TIME   RECORD YEAR NORMAL DEPARTURE LAST
                VALUE   (LST)  VALUE       VALUE  FROM      YEAR
                                                  NORMAL
..................................................................
TEMPERATURE (F)
 YESTERDAY
  MAXIMUM         52    358 PM  80    1906  59     -7       47
  MINIMUM         26    747 AM  13    1914  38    -12       28
  AVERAGE         39                        48     -9       38

PRECIPITATION (IN)
  YESTERDAY        0.00          0.95 1983   0.15  -0.15      T
  MONTH TO DATE    3.16                      2.50   0.66     0.16
  SINCE SEP 1     10.95                      8.25   2.70     1.76
  SINCE JAN 1     48.47                     41.85   6.62    32.58

SNOWFALL (IN)
  YESTERDAY        0.0                       0.0    0.0      0.0
  MONTH TO DATE    0.0                       0.0    0.0      0.0
  SINCE SEP 1      T                         0.0    0.0      0.0
  SINCE JUL 1      T                         0.0    0.0      0.0
  SNOW DEPTH       0

DEGREE DAYS
 HEATING
  YESTERDAY       26                        17      9       27
  MONTH TO DATE  243                       275    -32      200
  SINCE SEP 1    431                       494    -63      252
  SINCE JUL 1    431                       494    -63      252

 COOLING
  YESTERDAY        0                         0      0        0
  MONTH TO DATE    6                         0      6       14
  SINCE SEP 1    270                       242     28      471
  SINCE JAN 1   1558                      1523     35     2121
..................................................................


WIND (MPH)
  HIGHEST WIND SPEED     7   HIGHEST WIND DIRECTION    NE (30)
  HIGHEST GUST SPEED    10   HIGHEST GUST DIRECTION     E (100)
  AVERAGE WIND SPEED     1.9


SKY COVER
  POSSIBLE SUNSHINE  MM
  AVERAGE SKY COVER 0.3


WEATHER CONDITIONS
 THE FOLLOWING WEATHER WAS RECORDED YESTERDAY.
  FOG
  HAZE


RELATIVE HUMIDITY (PERCENT)
 HIGHEST   100           100 AM
 LOWEST     44           400 PM
 AVERAGE    72

..........................................................


THE KNOXVILLE    ASOS CLIMATE NORMALS FOR TODAY
                         NORMAL    RECORD    YEAR
 MAXIMUM TEMPERATURE (F)   58        76      1883
 MINIMUM TEMPERATURE (F)   37        15      1887
                                             1872


SUNRISE AND SUNSET
NOVEMBER 21 2017......SUNRISE   718 AM EST   SUNSET   525 PM EST
NOVEMBER 22 2017......SUNRISE   719 AM EST   SUNSET   525 PM EST


-  INDICATES NEGATIVE NUMBERS.
R  INDICATES RECORD WAS SET OR TIED.
MM INDICATES DATA IS MISSING.
T  INDICATES TRACE AMOUNT.




$$
