446
CDUS44 KMRX 012112
CLITYS


CLIMATE REPORT
NATIONAL WEATHER SERVICE MORRISTOWN TN
512 PM EDT SUN MAY 1 2016


...................................

...THE KNOXVILLE    ASOS CLIMATE SUMMARY FOR MAY 1 2016...
VALID TODAY AS OF 0500 PM LOCAL TIME.

CLIMATE NORMAL PERIOD 1981 TO 2010
CLIMATE RECORD PERIOD 1871 TO 2016


WEATHER ITEM   OBSERVED TIME   RECORD YEAR NORMAL DEPARTURE LAST
                VALUE   (LST)  VALUE       VALUE  FROM      YEAR
                                                  NORMAL
..................................................................
TEMPERATURE (F)
 TODAY
  MAXIMUM         81    332 PM  91    1951  74      7       63
  MINIMUM         62    617 AM  36    1996  52     10       40
                                      1908
  AVERAGE         72                        63      9       52

PRECIPITATION (IN)
  TODAY            0.10          1.23 1966   0.15  -0.05     0.00
  MONTH TO DATE    0.10                      0.15  -0.05     0.00
  SINCE MAR 1      5.42                      8.50  -3.08     8.58
  SINCE JAN 1     15.30                     17.08  -1.78    15.72

SNOWFALL (IN)
  TODAY            0.0                       0.0    0.0      0.0
  MONTH TO DATE    0.0                       0.0    0.0      0.0
  SINCE MAR 1      0.0                       1.4   -1.4       T
  SINCE JUL 1      5.2                       6.5   -1.3      9.3
  SNOW DEPTH       0

DEGREE DAYS
 HEATING
  TODAY            0                         4     -4       13
  MONTH TO DATE    0                         4     -4       13
  SINCE MAR 1    470                       683   -213      563
  SINCE JUL 1   2903                      3579   -676     3828

 COOLING
  TODAY            7                         2      5        0
  MONTH TO DATE    7                         2      5        0
  SINCE MAR 1     80                        39     41       25
  SINCE JAN 1     80                        39     41       25
..................................................................


WIND (MPH)
  HIGHEST WIND SPEED    21   HIGHEST WIND DIRECTION    SW (230)
  HIGHEST GUST SPEED    24   HIGHEST GUST DIRECTION    SW (240)
  AVERAGE WIND SPEED     8.9


SKY COVER
  POSSIBLE SUNSHINE  MM
  AVERAGE SKY COVER 0.9


WEATHER CONDITIONS
 THE FOLLOWING WEATHER WAS RECORDED TODAY.
  THUNDERSTORM
  LIGHT RAIN
  FOG
  FOG W/VISIBILITY <= 1/4 MILE


RELATIVE HUMIDITY (PERCENT)
 HIGHEST   100          1200 AM
 LOWEST     58           200 PM
 AVERAGE    79

..........................................................


THE KNOXVILLE    ASOS CLIMATE NORMALS FOR TOMORROW
                         NORMAL    RECORD    YEAR
 MAXIMUM TEMPERATURE (F)   75        90      2010
 MINIMUM TEMPERATURE (F)   52        34      1963


SUNRISE AND SUNSET
MAY  1 2016...........SUNRISE   643 AM EDT   SUNSET   823 PM EDT
MAY  2 2016...........SUNRISE   642 AM EDT   SUNSET   824 PM EDT


-  INDICATES NEGATIVE NUMBERS.
R  INDICATES RECORD WAS SET OR TIED.
MM INDICATES DATA IS MISSING.
T  INDICATES TRACE AMOUNT.




$$
