000
CDUS44 KMRX 292110
CLITYS

CLIMATE REPORT
NATIONAL WEATHER SERVICE MORRISTOWN TN
508 PM EDT TUE JUL 29 2014


...................................

...THE KNOXVILLE CLIMATE SUMMARY FOR JULY 29 2014...
VALID TODAY AS OF 0500 PM LOCAL TIME.

CLIMATE NORMAL PERIOD 1981 TO 2010
CLIMATE RECORD PERIOD 1871 TO 2014


WEATHER ITEM   OBSERVED TIME   RECORD YEAR NORMAL DEPARTURE LAST
                VALUE   (LST)  VALUE       VALUE  FROM      YEAR
                                                  NORMAL
..................................................................
TEMPERATURE (F)
 TODAY
  MAXIMUM         78    309 PM 101    1952  88    -10       82
  MINIMUM         61    529 AM  59    2013  69     -8       59
  AVERAGE         70                        78     -8       71

PRECIPITATION (IN)
  TODAY            0.00          1.77 2001   0.14  -0.14     0.00
  MONTH TO DATE    4.67                      4.80  -0.13     7.30
  SINCE JUN 1      9.22                      8.61   0.61    16.68
  SINCE JAN 1     25.25                     30.05  -4.80    48.10

SNOWFALL (IN)
  TODAY            0.0                       0.0    0.0      0.0
  MONTH TO DATE    0.0                       0.0    0.0      0.0
  SINCE JUN 1      0.0                       0.0    0.0      0.0
  SINCE JUL 1      0.0                       0.0    0.0      0.0
  SNOW DEPTH       0

DEGREE DAYS
 HEATING
  TODAY            0                         0      0        0
  MONTH TO DATE    0                         0      0        0
  SINCE JUN 1      0                         4     -4        0
  SINCE JUL 1      0                         0      0        0

 COOLING
  TODAY            5                        13     -8        6
  MONTH TO DATE  312                       394    -82      338
  SINCE JUN 1    642                       699    -57      658
  SINCE JAN 1    847                       861    -14      814
..................................................................


WIND (MPH)
  HIGHEST WIND SPEED    14   HIGHEST WIND DIRECTION     W (260)
  HIGHEST GUST SPEED    19   HIGHEST GUST DIRECTION     W (280)
  AVERAGE WIND SPEED     4.7


SKY COVER
  POSSIBLE SUNSHINE  MM
  AVERAGE SKY COVER  MM


WEATHER CONDITIONS
 THE FOLLOWING WEATHER WAS RECORDED TODAY.
  NO SIGNIFICANT WEATHER WAS OBSERVED.


RELATIVE HUMIDITY (PERCENT)
 HIGHEST    90           500 AM
 LOWEST     43           300 PM
 AVERAGE    67

..........................................................


THE KNOXVILLE CLIMATE NORMALS FOR TOMORROW
                         NORMAL    RECORD    YEAR
 MAXIMUM TEMPERATURE (F)   88        98      1995
                                             1954
 MINIMUM TEMPERATURE (F)   69        58      1874


SUNRISE AND SUNSET
JULY 29 2014..........SUNRISE   641 AM EDT   SUNSET   843 PM EDT
JULY 30 2014..........SUNRISE   642 AM EDT   SUNSET   842 PM EDT


-  INDICATES NEGATIVE NUMBERS.
R  INDICATES RECORD WAS SET OR TIED.
MM INDICATES DATA IS MISSING.
T  INDICATES TRACE AMOUNT.




$$
