000
CDUS44 KMRX 230814
CLITYS


CLIMATE REPORT
NATIONAL WEATHER SERVICE MORRISTOWN TN
414 AM EDT THU MAR 23 2017


...................................

...THE KNOXVILLE    ASOS CLIMATE SUMMARY FOR MARCH 22 2017...

CLIMATE NORMAL PERIOD 1981 TO 2010
CLIMATE RECORD PERIOD 1871 TO 2017


WEATHER ITEM   OBSERVED TIME   RECORD YEAR NORMAL DEPARTURE LAST
                VALUE   (LST)  VALUE       VALUE  FROM      YEAR
                                                  NORMAL
..................................................................
TEMPERATURE (F)
 YESTERDAY
  MAXIMUM         59    542 PM  87    1907  63     -4       67
  MINIMUM         45   1159 PM  13    1876  41      4       31
  AVERAGE         52                        52      0       49

PRECIPITATION (IN)
  YESTERDAY        0.00          1.74 1929   0.15  -0.15     0.00
  MONTH TO DATE    4.44                      3.03   1.41     1.80
  SINCE MAR 1      4.44                      3.03   1.41     1.80
  SINCE JAN 1     10.38                     11.61  -1.23    11.68

SNOWFALL (IN)
  YESTERDAY        0.0                       0.1   -0.1      0.0
  MONTH TO DATE    T                         0.7   -0.7      0.0
  SINCE MAR 1      T                         0.7   -0.7      0.0
  SINCE JUL 1      2.3                       5.8   -3.5      5.2
  SNOW DEPTH       0

DEGREE DAYS
 HEATING
  YESTERDAY       13                        13      0       16
  MONTH TO DATE  377                       353     24      246
  SINCE MAR 1    377                       353     24      246
  SINCE JUL 1   2436                      3249   -813     2679

 COOLING
  YESTERDAY        0                         0      0        0
  MONTH TO DATE    0                         0      0       12
  SINCE MAR 1      0                         0      0       12
  SINCE JAN 1      0                         0      0       12
..................................................................


WIND (MPH)
  HIGHEST WIND SPEED    18   HIGHEST WIND DIRECTION     N (10)
  HIGHEST GUST SPEED    23   HIGHEST GUST DIRECTION     N (360)
  AVERAGE WIND SPEED    10.3


SKY COVER
  POSSIBLE SUNSHINE  MM
  AVERAGE SKY COVER 0.7


WEATHER CONDITIONS
 THE FOLLOWING WEATHER WAS RECORDED YESTERDAY.
  NO SIGNIFICANT WEATHER WAS OBSERVED.


RELATIVE HUMIDITY (PERCENT)
 HIGHEST    86           100 AM
 LOWEST     19           500 PM
 AVERAGE    53

..........................................................


THE KNOXVILLE    ASOS CLIMATE NORMALS FOR TODAY
                         NORMAL    RECORD    YEAR
 MAXIMUM TEMPERATURE (F)   64        85      1907
 MINIMUM TEMPERATURE (F)   41        17      1885


SUNRISE AND SUNSET
MARCH 23 2017.........SUNRISE   735 AM EDT   SUNSET   750 PM EDT
MARCH 24 2017.........SUNRISE   733 AM EDT   SUNSET   751 PM EDT


-  INDICATES NEGATIVE NUMBERS.
R  INDICATES RECORD WAS SET OR TIED.
MM INDICATES DATA IS MISSING.
T  INDICATES TRACE AMOUNT.




$$
