000
CDUS44 KMRX 230809 RRA
CLITYS

CLIMATE REPORT
NATIONAL WEATHER SERVICE MORRISTOWN TN
408 AM EDT WED APR 23 2014


...................................

...THE KNOXVILLE    ASOS CLIMATE SUMMARY FOR APRIL 22 2014...

CLIMATE NORMAL PERIOD 1981 TO 2010
CLIMATE RECORD PERIOD 1871 TO 2014


WEATHER ITEM   OBSERVED TIME   RECORD YEAR NORMAL DEPARTURE LAST
                VALUE   (LST)  VALUE       VALUE  FROM      YEAR
                                                  NORMAL
..................................................................
TEMPERATURE (F)
 YESTERDAY
  MAXIMUM         68    543 PM  86    1988  72     -4       71
  MINIMUM         59   1130 PM  31    1993  49     10       42
  AVERAGE         64                        61      3       57

PRECIPITATION (IN)
  YESTERDAY        0.09          3.03 1883   0.14  -0.05     0.00
  MONTH TO DATE    2.70                      2.90  -0.20     3.49
  SINCE MAR 1      5.12                      7.24  -2.12     8.98
  SINCE JAN 1     13.19                     15.82  -2.63    24.07

SNOWFALL (IN)
  YESTERDAY        0.0                       0.0    0.0      0.0
  MONTH TO DATE    T                         0.5   -0.5      0.0
  SINCE MAR 1      0.5                       1.4   -0.9      1.2
  SINCE JUL 1     12.4                       6.5    5.9      3.8
  SNOW DEPTH       0

DEGREE DAYS
 HEATING
  YESTERDAY        1                         6     -5        8
  MONTH TO DATE  141                       182    -41      165
  SINCE MAR 1    674                       643     31      808
  SINCE JUL 1   3721                      3539    182     3500

 COOLING
  YESTERDAY        0                         1     -1        0
  MONTH TO DATE   14                        20     -6       27
  SINCE MAR 1     14                        25    -11       29
  SINCE JAN 1     14                        25    -11       31
..................................................................


WIND (MPH)
  HIGHEST WIND SPEED    14   HIGHEST WIND DIRECTION    SW (220)
  HIGHEST GUST SPEED    17   HIGHEST GUST DIRECTION    SW (220)
  AVERAGE WIND SPEED     8.4


SKY COVER
  POSSIBLE SUNSHINE  MM
  AVERAGE SKY COVER  MM


WEATHER CONDITIONS
 THE FOLLOWING WEATHER WAS RECORDED YESTERDAY.
  RAIN
  LIGHT RAIN
  FOG


RELATIVE HUMIDITY (PERCENT)
 HIGHEST    97          1100 AM
 LOWEST     60          1200 AM
 AVERAGE    79

..........................................................


THE KNOXVILLE    ASOS CLIMATE NORMALS FOR TODAY
                         NORMAL    RECORD    YEAR
 MAXIMUM TEMPERATURE (F)   72        89      1965
 MINIMUM TEMPERATURE (F)   50        26      1986


SUNRISE AND SUNSET
APRIL 23 2014.........SUNRISE   653 AM EDT   SUNSET   816 PM EDT
APRIL 24 2014.........SUNRISE   652 AM EDT   SUNSET   817 PM EDT


-  INDICATES NEGATIVE NUMBERS.
R  INDICATES RECORD WAS SET OR TIED.
MM INDICATES DATA IS MISSING.
T  INDICATES TRACE AMOUNT.




$$
