000
CDUS44 KMRX 261224 RRA
CLITYS

CLIMATE REPORT
NATIONAL WEATHER SERVICE MORRISTOWN TN
824 AM EDT SAT JUL 26 2014


...................................

...THE KNOXVILLE CLIMATE SUMMARY FOR JULY 25 2014...

CLIMATE NORMAL PERIOD 1981 TO 2010
CLIMATE RECORD PERIOD 1871 TO 2014


WEATHER ITEM   OBSERVED TIME   RECORD YEAR NORMAL DEPARTURE LAST
                VALUE   (LST)  VALUE       VALUE  FROM      YEAR
                                                  NORMAL
..................................................................
TEMPERATURE (F)
 YESTERDAY
  MAXIMUM         83    510 PM 101    1934  88     -5       85
  MINIMUM         63    619 AM  54    1876  69     -6       66
  AVERAGE         73                        78     -5       76

PRECIPITATION (IN)
  YESTERDAY        0.00          4.33 1962   0.16  -0.16     0.00
  MONTH TO DATE    3.49                      4.20  -0.71     6.69
  SINCE JUN 1      8.04                      8.01   0.03    16.07
  SINCE JAN 1     24.07                     29.45  -5.38    47.49

SNOWFALL (IN)
  YESTERDAY        0.0                       0.0    0.0      0.0
  MONTH TO DATE    0.0                       0.0    0.0      0.0
  SINCE JUN 1      0.0                       0.0    0.0      0.0
  SINCE JUL 1      0.0                       0.0    0.0      0.0
  SNOW DEPTH       0

DEGREE DAYS
 HEATING
  YESTERDAY        0                         0      0        0
  MONTH TO DATE    0                         0      0        0
  SINCE JUN 1      0                         4     -4        0
  SINCE JUL 1      0                         0      0        0

 COOLING
  YESTERDAY        8                        14     -6       11
  MONTH TO DATE  273                       340    -67      303
  SINCE JUN 1    603                       645    -42      623
  SINCE JAN 1    808                       807      1      779
..................................................................


WIND (MPH)
  HIGHEST WIND SPEED    15   HIGHEST WIND DIRECTION    SW (240)
  HIGHEST GUST SPEED    18   HIGHEST GUST DIRECTION    SW (240)
  AVERAGE WIND SPEED     3.9


SKY COVER
  POSSIBLE SUNSHINE  MM
  AVERAGE SKY COVER  MM


WEATHER CONDITIONS
 THE FOLLOWING WEATHER WAS RECORDED YESTERDAY.
  NO SIGNIFICANT WEATHER WAS OBSERVED.


RELATIVE HUMIDITY (PERCENT)
 HIGHEST   100           400 AM
 LOWEST     43           500 PM
 AVERAGE    72

..........................................................


THE KNOXVILLE CLIMATE NORMALS FOR TODAY
                         NORMAL    RECORD    YEAR
 MAXIMUM TEMPERATURE (F)   88        99      1993
                                             1952
 MINIMUM TEMPERATURE (F)   69        56      1911
                                             1904


SUNRISE AND SUNSET
JULY 26 2014..........SUNRISE   639 AM EDT   SUNSET   845 PM EDT
JULY 27 2014..........SUNRISE   640 AM EDT   SUNSET   845 PM EDT


-  INDICATES NEGATIVE NUMBERS.
R  INDICATES RECORD WAS SET OR TIED.
MM INDICATES DATA IS MISSING.
T  INDICATES TRACE AMOUNT.

THE LOW TEMPERATURE THIS MORNING WAS 62.
THERE HAS BEEN NO PRECIPITATION SINCE MIDNIGHT.



$$
