000
CDUS43 KLOT 020636
CLIUGN


CLIMATE REPORT
NATIONAL WEATHER SERVICE CHICAGO IL
1235 AM CST MON MAR 2 2015


...................................

...THE WAUKEGAN   CLIMATE SUMMARY FOR MARCH 1 2015...

CLIMATE NORMAL PERIOD 1981 TO 2010
CLIMATE RECORD PERIOD 2000 TO 2015


WEATHER ITEM   OBSERVED TIME   RECORD YEAR NORMAL DEPARTURE LAST
                VALUE   (LST)  VALUE       VALUE  FROM      YEAR
                                                  NORMAL
..................................................................
TEMPERATURE (F)
 YESTERDAY
  MAXIMUM         26    337 PM  56    2000  39    -13       27
  MINIMUM          3R   425 AM   9    2014  22    -19        9
  AVERAGE         15

PRECIPITATION (IN)
  YESTERDAY        0.00          0.75 2007   0.06  -0.06    MM
  MONTH TO DATE    0.00                      0.06  -0.06    MM
  SINCE MAR 1      0.00                      0.06  -0.06    MM
  SINCE JAN 1      0.54                      3.11  -2.57     2.02

DEGREE DAYS
 HEATING
  YESTERDAY       50                        35     15       47
  MONTH TO DATE   50                        35     15       47
  SINCE MAR 1     50                        35     15       47
  SINCE JUL 1   5575                      4981    594     5916

 COOLING
  YESTERDAY        0                         0      0        0
  MONTH TO DATE    0                         0      0        0
  SINCE MAR 1      0                         0      0        0
  SINCE JAN 1      0                         0      0        0
..................................................................


WIND (MPH)
  RESULTANT WIND SPEED   5   RESULTANT WIND DIRECTION  SW (230)
  HIGHEST WIND SPEED    15   HIGHEST WIND DIRECTION    SW (220)
  HIGHEST GUST SPEED    22   HIGHEST GUST DIRECTION     W (270)
  AVERAGE WIND SPEED     5.2


SKY COVER
  POSSIBLE SUNSHINE  MM
  AVERAGE SKY COVER 0.5


WEATHER CONDITIONS
 THE FOLLOWING WEATHER WAS RECORDED YESTERDAY.
  FOG


RELATIVE HUMIDITY (PERCENT)
 HIGHEST   100
 LOWEST     62
 AVERAGE    81

..........................................................


THE WAUKEGAN   CLIMATE NORMALS FOR TODAY
                         NORMAL    RECORD    YEAR
 MAXIMUM TEMPERATURE (F)   39        57      2008
 MINIMUM TEMPERATURE (F)   23        -1      2014


SUNRISE AND SUNSET
MARCH  2 2015.........SUNRISE   626 AM CST   SUNSET   542 PM CST
MARCH  3 2015.........SUNRISE   624 AM CST   SUNSET   543 PM CST


-  INDICATES NEGATIVE NUMBERS.
R  INDICATES RECORD WAS SET OR TIED.
MM INDICATES DATA IS MISSING.
T  INDICATES TRACE AMOUNT.




$$
