000
CDUS43 KLOT 090637
CLIUGN


CLIMATE REPORT
NATIONAL WEATHER SERVICE CHICAGO IL
1236 AM CST TUE FEB 9 2016


...................................

...THE WAUKEGAN   CLIMATE SUMMARY FOR FEBRUARY 8 2016...

CLIMATE NORMAL PERIOD 1981 TO 2010
CLIMATE RECORD PERIOD 2000 TO 2016


WEATHER ITEM   OBSERVED TIME   RECORD YEAR NORMAL DEPARTURE LAST
                VALUE   (LST)  VALUE       VALUE  FROM      YEAR
                                                  NORMAL
..................................................................
TEMPERATURE (F)
 YESTERDAY
  MAXIMUM         33    618 AM  49    2001  31      2       36
  MINIMUM         19   1159 PM  -4    2007  16      3       24
  AVERAGE         26

PRECIPITATION (IN)
  YESTERDAY        0.01          0.69 2001   0.05  -0.04      T
  MONTH TO DATE    0.65                      0.42   0.23      T
  SINCE DEC 1      6.08                      3.81   2.27     1.34
  SINCE JAN 1      1.28                      1.81  -0.53     0.54

DEGREE DAYS
 HEATING
  YESTERDAY       39                        41     -2       35
  MONTH TO DATE  275                       334    -59      382
  SINCE DEC 1   2401                      2800   -399     2780
  SINCE JUL 1   3559                      4185   -626     4443

 COOLING
  YESTERDAY        0                         0      0        0
  MONTH TO DATE    0                         0      0        0
  SINCE DEC 1      0                         0      0        0
  SINCE JAN 1      0                         0      0        0
..................................................................


WIND (MPH)
  RESULTANT WIND SPEED   5   RESULTANT WIND DIRECTION   W (290)
  HIGHEST WIND SPEED    15   HIGHEST WIND DIRECTION    NW (310)
  HIGHEST GUST SPEED    24   HIGHEST GUST DIRECTION     W (290)
  AVERAGE WIND SPEED     8.2


SKY COVER
  POSSIBLE SUNSHINE  MM
  AVERAGE SKY COVER 0.9


WEATHER CONDITIONS
 THE FOLLOWING WEATHER WAS RECORDED YESTERDAY.
  LIGHT SNOW
  FOG


RELATIVE HUMIDITY (PERCENT)
 HIGHEST    92
 LOWEST     75
 AVERAGE    84

..........................................................


THE WAUKEGAN   CLIMATE NORMALS FOR TODAY
                         NORMAL    RECORD    YEAR
 MAXIMUM TEMPERATURE (F)   32        52      2001
 MINIMUM TEMPERATURE (F)   17        -2      2011


SUNRISE AND SUNSET
FEBRUARY  9 2016......SUNRISE   657 AM CST   SUNSET   515 PM CST
FEBRUARY 10 2016......SUNRISE   655 AM CST   SUNSET   517 PM CST


-  INDICATES NEGATIVE NUMBERS.
R  INDICATES RECORD WAS SET OR TIED.
MM INDICATES DATA IS MISSING.
T  INDICATES TRACE AMOUNT.




$$
