000
CDUS43 KLOT 260639
CLIUGN


CLIMATE REPORT
NATIONAL WEATHER SERVICE CHICAGO IL
138 AM CDT WED JUL 26 2017


...................................

...THE WAUKEGAN   CLIMATE SUMMARY FOR JULY 25 2017...

CLIMATE NORMAL PERIOD 1981 TO 2010
CLIMATE RECORD PERIOD 2000 TO 2017


WEATHER ITEM   OBSERVED TIME   RECORD YEAR NORMAL DEPARTURE LAST
                VALUE   (LST)  VALUE       VALUE  FROM      YEAR
                                                  NORMAL
..................................................................
TEMPERATURE (F)
 YESTERDAY
  MAXIMUM         76    157 PM  97    2012  80     -4       86
  MINIMUM         56    457 AM  51    2013  62     -6       66
  AVERAGE         66

PRECIPITATION (IN)
  YESTERDAY        0.00          0.24 2001   0.11  -0.11     0.00
  MONTH TO DATE    7.96                      3.15   4.81     2.92
  SINCE JUN 1     12.23                      7.03   5.20     4.27
  SINCE JAN 1     26.34                     19.89   6.45    16.21

DEGREE DAYS
 HEATING
  YESTERDAY        0                         0      0        0
  MONTH TO DATE    1                         3     -2       10
  SINCE JUN 1     38                        89    -51       50
  SINCE JUL 1      1                         3     -2       10

 COOLING
  YESTERDAY        1                         7     -6       11
  MONTH TO DATE  147                       172    -25      221
  SINCE JUN 1    288                       277     11      352
  SINCE JAN 1    309                       302      7      396
..................................................................


WIND (MPH)
  RESULTANT WIND SPEED   7   RESULTANT WIND DIRECTION  SE (150)
  HIGHEST WIND SPEED    16   HIGHEST WIND DIRECTION    SE (130)
  HIGHEST GUST SPEED    21   HIGHEST GUST DIRECTION    SE (140)
  AVERAGE WIND SPEED     7.4


SKY COVER
  POSSIBLE SUNSHINE  MM
  AVERAGE SKY COVER 0.0


WEATHER CONDITIONS
 THE FOLLOWING WEATHER WAS RECORDED YESTERDAY.
  FOG


RELATIVE HUMIDITY (PERCENT)
 HIGHEST   100
 LOWEST     58
 AVERAGE    79

..........................................................


THE WAUKEGAN   CLIMATE NORMALS FOR TODAY
                         NORMAL    RECORD    YEAR
 MAXIMUM TEMPERATURE (F)   80        89      2012
 MINIMUM TEMPERATURE (F)   62        55      2004


SUNRISE AND SUNSET
JULY 26 2017..........SUNRISE   538 AM CDT   SUNSET   817 PM CDT
JULY 27 2017..........SUNRISE   539 AM CDT   SUNSET   816 PM CDT


-  INDICATES NEGATIVE NUMBERS.
R  INDICATES RECORD WAS SET OR TIED.
MM INDICATES DATA IS MISSING.
T  INDICATES TRACE AMOUNT.




$$
