000
CDUS43 KLOT 271136
CLIUGN


CLIMATE REPORT
NATIONAL WEATHER SERVICE CHICAGO IL
633 AM CDT TUE SEP 27 2016


...................................

...THE WAUKEGAN   CLIMATE SUMMARY FOR SEPTEMBER 26 2016...

CLIMATE NORMAL PERIOD 1981 TO 2010
CLIMATE RECORD PERIOD 2000 TO 2016


WEATHER ITEM   OBSERVED TIME   RECORD YEAR NORMAL DEPARTURE LAST
                VALUE   (LST)  VALUE       VALUE  FROM      YEAR
                                                  NORMAL
..................................................................
TEMPERATURE (F)
 YESTERDAY
  MAXIMUM         68    243 PM  86    1999  67      1       70
  MINIMUM         51   1159 PM  40    2006  49      2       59
                                      2004
  AVERAGE         60

PRECIPITATION (IN)
  YESTERDAY        0.00          1.05 2011   0.12  -0.12     0.00
  MONTH TO DATE    1.56                      2.96  -1.40     4.30
  SINCE SEP 1      1.56                      2.96  -1.40     4.30
  SINCE JAN 1     20.87                     27.41  -6.54    26.17

DEGREE DAYS
 HEATING
  YESTERDAY        5                         8     -3        0
  MONTH TO DATE   10                       102    -92       61
  SINCE SEP 1     10                       102    -92       61
  SINCE JUL 1     21                       130   -109      130

 COOLING
  YESTERDAY        0                         1     -1        0
  MONTH TO DATE  125                        54     71      113
  SINCE SEP 1    125                        54     71      113
  SINCE JAN 1    840                       556    284      479
..................................................................


WIND (MPH)
  RESULTANT WIND SPEED   4   RESULTANT WIND DIRECTION   W (260)
  HIGHEST WIND SPEED    17   HIGHEST WIND DIRECTION     W (280)
  HIGHEST GUST SPEED    28   HIGHEST GUST DIRECTION     W (290)
  AVERAGE WIND SPEED     7.5


SKY COVER
  POSSIBLE SUNSHINE  MM
  AVERAGE SKY COVER 0.1


WEATHER CONDITIONS
 THE FOLLOWING WEATHER WAS RECORDED YESTERDAY.
  NO SIGNIFICANT WEATHER WAS OBSERVED.


RELATIVE HUMIDITY (PERCENT)
 HIGHEST    78
 LOWEST     31
 AVERAGE    55

..........................................................


THE WAUKEGAN   CLIMATE NORMALS FOR TODAY
                         NORMAL    RECORD    YEAR
 MAXIMUM TEMPERATURE (F)   67        79      2008
 MINIMUM TEMPERATURE (F)   48        41      2012


SUNRISE AND SUNSET
SEPTEMBER 27 2016.....SUNRISE   645 AM CDT   SUNSET   639 PM CDT
SEPTEMBER 28 2016.....SUNRISE   646 AM CDT   SUNSET   637 PM CDT


-  INDICATES NEGATIVE NUMBERS.
R  INDICATES RECORD WAS SET OR TIED.
MM INDICATES DATA IS MISSING.
T  INDICATES TRACE AMOUNT.




$$
