000
CDUS43 KLOT 270634
CLIUGN


CLIMATE REPORT
NATIONAL WEATHER SERVICE CHICAGO IL
133 AM CDT FRI MAR 27 2015


...................................

...THE WAUKEGAN   CLIMATE SUMMARY FOR MARCH 26 2015...

CLIMATE NORMAL PERIOD 1981 TO 2010
CLIMATE RECORD PERIOD 2000 TO 2015


WEATHER ITEM   OBSERVED TIME   RECORD YEAR NORMAL DEPARTURE LAST
                VALUE   (LST)  VALUE       VALUE  FROM      YEAR
                                                  NORMAL
..................................................................
TEMPERATURE (F)
 YESTERDAY
  MAXIMUM         41   1149 AM  78    2007  47     -6       39
  MINIMUM         28   1159 PM   9    2014  29     -1        9
  AVERAGE         35

PRECIPITATION (IN)
  YESTERDAY        T             0.58 2004   0.09  -0.09     0.00
  MONTH TO DATE    0.60                      1.85  -1.25     0.29
  SINCE MAR 1      0.60                      1.85  -1.25     0.29
  SINCE JAN 1      1.14                      4.90  -3.76     2.31

DEGREE DAYS
 HEATING
  YESTERDAY       30                        27      3       41
  MONTH TO DATE  850                       797     53     1013
  SINCE MAR 1    850                       797     53     1013
  SINCE JUL 1   6375                      5743    632     6882

 COOLING
  YESTERDAY        0                         0      0        0
  MONTH TO DATE    0                         0      0        0
  SINCE MAR 1      0                         0      0        0
  SINCE JAN 1      0                         0      0        0
..................................................................


WIND (MPH)
  RESULTANT WIND SPEED   6   RESULTANT WIND DIRECTION  NW (320)
  HIGHEST WIND SPEED    14   HIGHEST WIND DIRECTION    NW (310)
  HIGHEST GUST SPEED    20   HIGHEST GUST DIRECTION    NW (330)
  AVERAGE WIND SPEED     7.1


SKY COVER
  POSSIBLE SUNSHINE  MM
  AVERAGE SKY COVER 1.0


WEATHER CONDITIONS
 THE FOLLOWING WEATHER WAS RECORDED YESTERDAY.
  LIGHT SNOW
  FOG


RELATIVE HUMIDITY (PERCENT)
 HIGHEST    75
 LOWEST     48
 AVERAGE    62

..........................................................


THE WAUKEGAN   CLIMATE NORMALS FOR TODAY
                         NORMAL    RECORD    YEAR
 MAXIMUM TEMPERATURE (F)   48        72      2012
 MINIMUM TEMPERATURE (F)   30        19      2002


SUNRISE AND SUNSET
MARCH 27 2015.........SUNRISE   643 AM CDT   SUNSET   711 PM CDT
MARCH 28 2015.........SUNRISE   641 AM CDT   SUNSET   713 PM CDT


-  INDICATES NEGATIVE NUMBERS.
R  INDICATES RECORD WAS SET OR TIED.
MM INDICATES DATA IS MISSING.
T  INDICATES TRACE AMOUNT.




$$
