000
CDUS43 KLOT 200634
CLIUGN


CLIMATE REPORT
NATIONAL WEATHER SERVICE CHICAGO IL
1232 AM CST MON FEB 20 2017


...................................

...THE WAUKEGAN   CLIMATE SUMMARY FOR FEBRUARY 19 2017...

CLIMATE NORMAL PERIOD 1981 TO 2010
CLIMATE RECORD PERIOD 2000 TO 2017


WEATHER ITEM   OBSERVED TIME   RECORD YEAR NORMAL DEPARTURE LAST
                VALUE   (LST)  VALUE       VALUE  FROM      YEAR
                                                  NORMAL
..................................................................
TEMPERATURE (F)
 YESTERDAY
  MAXIMUM         59   1158 AM  60    2016  35     24       60
  MINIMUM         31    656 AM -14    2015  19     12       37
  AVERAGE         45

PRECIPITATION (IN)
  YESTERDAY        0.00          0.40 2002   0.07  -0.07     0.00
  MONTH TO DATE    0.50                      1.10  -0.60     0.72
  SINCE DEC 1      3.90                      4.49  -0.59     6.15
  SINCE JAN 1      3.00                      2.49   0.51     1.35

DEGREE DAYS
 HEATING
  YESTERDAY       20                        38    -18       16
  MONTH TO DATE  623                       769   -146      777
  SINCE DEC 1   3015                      3235   -220     2903
  SINCE JUL 1   3902                      4620   -718     4061

 COOLING
  YESTERDAY        0                         0      0        0
  MONTH TO DATE    0                         0      0        0
  SINCE DEC 1      0                         0      0        0
  SINCE JAN 1      0                         0      0        0
..................................................................


WIND (MPH)
  RESULTANT WIND SPEED   1   RESULTANT WIND DIRECTION  NE (60)
  HIGHEST WIND SPEED     9   HIGHEST WIND DIRECTION     E (100)
  HIGHEST GUST SPEED    13   HIGHEST GUST DIRECTION    NE (60)
  AVERAGE WIND SPEED     4.4


SKY COVER
  POSSIBLE SUNSHINE  MM
  AVERAGE SKY COVER 0.0


WEATHER CONDITIONS
 THE FOLLOWING WEATHER WAS RECORDED YESTERDAY.
  FOG
  HAZE


RELATIVE HUMIDITY (PERCENT)
 HIGHEST    89
 LOWEST     33
 AVERAGE    61

..........................................................


THE WAUKEGAN   CLIMATE NORMALS FOR TODAY
                         NORMAL    RECORD    YEAR
 MAXIMUM TEMPERATURE (F)   35        55      2002
 MINIMUM TEMPERATURE (F)   20       -13      2015


SUNRISE AND SUNSET
FEBRUARY 20 2017......SUNRISE   640 AM CST   SUNSET   530 PM CST
FEBRUARY 21 2017......SUNRISE   639 AM CST   SUNSET   532 PM CST


-  INDICATES NEGATIVE NUMBERS.
R  INDICATES RECORD WAS SET OR TIED.
MM INDICATES DATA IS MISSING.
T  INDICATES TRACE AMOUNT.




$$
