000
CDUS43 KLOT 260633
CLIUGN


CLIMATE REPORT
NATIONAL WEATHER SERVICE CHICAGO IL
1232 AM CST MON JAN 26 2015


...................................

...THE WAUKEGAN   CLIMATE SUMMARY FOR JANUARY 25 2015...

CLIMATE NORMAL PERIOD 1981 TO 2010
CLIMATE RECORD PERIOD 2000 TO 2015


WEATHER ITEM   OBSERVED TIME   RECORD YEAR NORMAL DEPARTURE LAST
                VALUE   (LST)  VALUE       VALUE  FROM      YEAR
                                                  NORMAL
..................................................................
TEMPERATURE (F)
 YESTERDAY
  MAXIMUM         33    221 AM  49    2002  30      3       31
  MINIMUM         22   1151 PM  -4    2008  15      7        4
  AVERAGE         28

PRECIPITATION (IN)
  YESTERDAY        T             0.08 2005   0.05  -0.05      T
  MONTH TO DATE    0.54                      1.09  -0.55     1.07
  SINCE DEC 1      1.34                      3.09  -1.75     1.63
  SINCE JAN 1      0.54                      1.09  -0.55     1.07

DEGREE DAYS
 HEATING
  YESTERDAY       37                        43     -6       47
  MONTH TO DATE 1107                      1048     59     1259
  SINCE DEC 1   2154                      2212    -58     2635
  SINCE JUL 1   3817                      3597    220     4147

 COOLING
  YESTERDAY        0                         0      0        0
  MONTH TO DATE    0                         0      0        0
  SINCE DEC 1      0                         0      0        0
  SINCE JAN 1      0                         0      0        0
..................................................................


WIND (MPH)
  RESULTANT WIND SPEED  12   RESULTANT WIND DIRECTION   N (20)
  HIGHEST WIND SPEED    22   HIGHEST WIND DIRECTION     N (10)
  HIGHEST GUST SPEED    31   HIGHEST GUST DIRECTION     N (20)
  AVERAGE WIND SPEED    12.9


SKY COVER
  POSSIBLE SUNSHINE  MM
  AVERAGE SKY COVER 0.7


WEATHER CONDITIONS
 THE FOLLOWING WEATHER WAS RECORDED YESTERDAY.
  LIGHT SNOW
  FOG


RELATIVE HUMIDITY (PERCENT)
 HIGHEST   100
 LOWEST     60
 AVERAGE    80

..........................................................


THE WAUKEGAN   CLIMATE NORMALS FOR TODAY
                         NORMAL    RECORD    YEAR
 MAXIMUM TEMPERATURE (F)   30        51      2002
 MINIMUM TEMPERATURE (F)   15        -6      2003


SUNRISE AND SUNSET
JANUARY 26 2015.......SUNRISE   711 AM CST   SUNSET   457 PM CST
JANUARY 27 2015.......SUNRISE   710 AM CST   SUNSET   459 PM CST


-  INDICATES NEGATIVE NUMBERS.
R  INDICATES RECORD WAS SET OR TIED.
MM INDICATES DATA IS MISSING.
T  INDICATES TRACE AMOUNT.




$$
