000
CDUS46 KSEW 150833
CLIUIL


CLIMATE REPORT
NATIONAL WEATHER SERVICE SEATTLE WA
1232 AM PST FRI DEC 15 2017


...................................

...THE QUILLAYUTE WA AIRPORT CLIMATE SUMMARY FOR DECEMBER 14 2017...

CLIMATE NORMAL PERIOD 1981 TO 2010
CLIMATE RECORD PERIOD 1966 TO 2017


WEATHER ITEM   OBSERVED TIME   RECORD YEAR NORMAL DEPARTURE LAST
                VALUE   (LST)  VALUE       VALUE  FROM      YEAR
                                                  NORMAL
..................................................................
TEMPERATURE (F)
 YESTERDAY
  MAXIMUM         50    259 PM  55    2002  46      4       38
                                      1997
  MINIMUM         31    844 AM  22    1972  34     -3       26
  AVERAGE         41                        40      1       32

PRECIPITATION (IN)
  YESTERDAY        0.00          2.99 1984   0.40  -0.40     0.00
  MONTH TO DATE    2.43                      6.14  -3.71     6.40
  SINCE OCT 1     29.60                     32.15  -2.55    53.20
  SINCE JAN 1    100.99                     92.69   8.30   115.57

DEGREE DAYS
 HEATING
  YESTERDAY       24                        25     -1       33
  MONTH TO DATE  331                       342    -11      381
  SINCE DEC 1    331                       342    -11      381
  SINCE JUL 1   1865                      2056   -191     1808

 COOLING
  YESTERDAY        0                         0      0        0
  MONTH TO DATE    0                         0      0        0
  SINCE DEC 1      0                         0      0        0
  SINCE JAN 1     73                        19     54       54
..................................................................


WIND (MPH)
  RESULTANT WIND SPEED   1   RESULTANT WIND DIRECTION   E (100)
  HIGHEST WIND SPEED     7   HIGHEST WIND DIRECTION     E (90)
  HIGHEST GUST SPEED     9   HIGHEST GUST DIRECTION     E (90)
  AVERAGE WIND SPEED     1.2


SKY COVER
  AVERAGE SKY COVER 0.2


WEATHER CONDITIONS
 THE FOLLOWING WEATHER WAS RECORDED YESTERDAY.
  FOG


RELATIVE HUMIDITY (PERCENT)
 HIGHEST   100          1200 AM
 LOWEST     74           200 PM
 AVERAGE    87

..........................................................


THE QUILLAYUTE WA AIRPORT CLIMATE NORMALS FOR TODAY
                         NORMAL    RECORD    YEAR
 MAXIMUM TEMPERATURE (F)   46        55      1980
 MINIMUM TEMPERATURE (F)   34        21      1967


SUNRISE AND SUNSET
DECEMBER 15 2017......SUNRISE   801 AM PST   SUNSET   426 PM PST
DECEMBER 16 2017......SUNRISE   802 AM PST   SUNSET   426 PM PST


-  INDICATES NEGATIVE NUMBERS.
R  INDICATES RECORD WAS SET OR TIED.
MM INDICATES DATA IS MISSING.
T  INDICATES TRACE AMOUNT.




$$
