000
CDUS46 KSEW 100826
CLIUIL


CLIMATE REPORT
NATIONAL WEATHER SERVICE SEATTLE WA
126 AM PDT THU JUL 10 2014


...................................

...THE QUILLAYUTE WA AIRPORT CLIMATE SUMMARY FOR JULY 9 2014...

CLIMATE NORMAL PERIOD 1981 TO 2010
CLIMATE RECORD PERIOD 1966 TO 2014


WEATHER ITEM   OBSERVED TIME   RECORD YEAR NORMAL DEPARTURE LAST
                VALUE   (LST)  VALUE       VALUE  FROM      YEAR
                                                  NORMAL
..................................................................
TEMPERATURE (F)
 YESTERDAY
  MAXIMUM         65    154 PM  85    2007  67     -2       69
  MINIMUM         55   1159 PM  42    1999  50      5       55
  AVERAGE         60                        58      2       62

PRECIPITATION (IN)
  YESTERDAY        0.00          0.57 1974   0.07  -0.07     0.00
  MONTH TO DATE    0.25                      0.69  -0.44     0.00
  SINCE OCT 1     71.82                     91.94 -20.12   105.77
  SINCE JAN 1     54.59                     52.94   1.65    58.80

DEGREE DAYS
 HEATING
  YESTERDAY        5                         7     -2        3
  MONTH TO DATE   38                        66    -28       19
  SINCE JUN 1    287                       360    -73      199
  SINCE JUL 1     38                        66    -28       19

 COOLING
  YESTERDAY        0                         0      0        0
  MONTH TO DATE    6                         0      6        0
  SINCE JUN 1      6                         3      3        7
  SINCE JAN 1     10                         4      6       10
..................................................................


WIND (MPH)
  RESULTANT WIND SPEED   3   RESULTANT WIND DIRECTION   W (250)
  HIGHEST WIND SPEED    13   HIGHEST WIND DIRECTION     W (260)
  HIGHEST GUST SPEED    17   HIGHEST GUST DIRECTION     W (260)
  AVERAGE WIND SPEED     4.6


SKY COVER
  AVERAGE SKY COVER 0.8


WEATHER CONDITIONS
 THE FOLLOWING WEATHER WAS RECORDED YESTERDAY.
  FOG


RELATIVE HUMIDITY (PERCENT)
 HIGHEST   100           100 AM
 LOWEST     73           100 PM
 AVERAGE    87

..........................................................


THE QUILLAYUTE WA AIRPORT CLIMATE NORMALS FOR TODAY
                         NORMAL    RECORD    YEAR
 MAXIMUM TEMPERATURE (F)   67        93      2007
 MINIMUM TEMPERATURE (F)   50        38      1970


SUNRISE AND SUNSET
JULY 10 2014..........SUNRISE   530 AM PDT   SUNSET   917 PM PDT
JULY 11 2014..........SUNRISE   531 AM PDT   SUNSET   916 PM PDT


-  INDICATES NEGATIVE NUMBERS.
R  INDICATES RECORD WAS SET OR TIED.
MM INDICATES DATA IS MISSING.
T  INDICATES TRACE AMOUNT.




$$
