414
CDUS46 KSEW 280830
CLIUIL


CLIMATE REPORT
NATIONAL WEATHER SERVICE SEATTLE WA
130 AM PDT FRI APR 28 2017


...................................

...THE QUILLAYUTE WA AIRPORT CLIMATE SUMMARY FOR APRIL 27 2017...

CLIMATE NORMAL PERIOD 1981 TO 2010
CLIMATE RECORD PERIOD 1966 TO 2017


WEATHER ITEM   OBSERVED TIME   RECORD YEAR NORMAL DEPARTURE LAST
                VALUE   (LST)  VALUE       VALUE  FROM      YEAR
                                                  NORMAL
..................................................................
TEMPERATURE (F)
 YESTERDAY
  MAXIMUM         52    401 PM  73    1976  57     -5       59
  MINIMUM         37    343 AM  29    1999  40     -3       40
                                      1970
  AVERAGE         45                        48     -3       50

PRECIPITATION (IN)
  YESTERDAY        0.05          2.04 1981   0.22  -0.17     0.00
  MONTH TO DATE   13.68                      7.23   6.45     2.21
  SINCE OCT 1    116.63                     82.02  34.61    93.49
  SINCE JAN 1     56.70                     43.02  13.68    49.51

DEGREE DAYS
 HEATING
  YESTERDAY       20                        17      3       15
  MONTH TO DATE  475                       499    -24      346
  SINCE MAR 1   1134                      1147    -13      874
  SINCE JUL 1   4956                      4992    -36     3997

 COOLING
  YESTERDAY        0                         0      0        0
  MONTH TO DATE    0                         0      0        0
  SINCE MAR 1      0                         0      0        0
  SINCE JAN 1      0                         0      0        0
..................................................................


WIND (MPH)
  RESULTANT WIND SPEED   7   RESULTANT WIND DIRECTION   W (290)
  HIGHEST WIND SPEED    17   HIGHEST WIND DIRECTION     W (290)
  HIGHEST GUST SPEED    24   HIGHEST GUST DIRECTION     W (280)
  AVERAGE WIND SPEED     7.3


SKY COVER
  AVERAGE SKY COVER 0.8


WEATHER CONDITIONS
 THE FOLLOWING WEATHER WAS RECORDED YESTERDAY.
  LIGHT RAIN
  FOG


RELATIVE HUMIDITY (PERCENT)
 HIGHEST   100          1200 AM
 LOWEST     59           400 PM
 AVERAGE    80

..........................................................


THE QUILLAYUTE WA AIRPORT CLIMATE NORMALS FOR TODAY
                         NORMAL    RECORD    YEAR
 MAXIMUM TEMPERATURE (F)   57        72      1976
 MINIMUM TEMPERATURE (F)   40        31      1999


SUNRISE AND SUNSET
APRIL 28 2017.........SUNRISE   605 AM PDT   SUNSET   828 PM PDT
APRIL 29 2017.........SUNRISE   603 AM PDT   SUNSET   829 PM PDT


-  INDICATES NEGATIVE NUMBERS.
R  INDICATES RECORD WAS SET OR TIED.
MM INDICATES DATA IS MISSING.
T  INDICATES TRACE AMOUNT.




$$
