000
CDUS46 KSEW 280120
CLIUIL


CLIMATE REPORT
NATIONAL WEATHER SERVICE SEATTLE WA
520 PM PST FRI FEB 27 2015


...................................

...THE QUILLAYUTE WA AIRPORT CLIMATE SUMMARY FOR FEBRUARY 27 2015...
VALID TODAY AS OF 0500 PM LOCAL TIME.

CLIMATE NORMAL PERIOD 1981 TO 2010
CLIMATE RECORD PERIOD 1966 TO 2015


WEATHER ITEM   OBSERVED TIME   RECORD YEAR NORMAL DEPARTURE LAST
                VALUE   (LST)  VALUE       VALUE  FROM      YEAR
                                                  NORMAL
..................................................................
TEMPERATURE (F)
 TODAY
  MAXIMUM         50    129 PM  69    1968  50      0       54
  MINIMUM         44    750 AM  24    2003  35      9       43
                                      2001
                                      1971
  AVERAGE         47                        43      4       49

PRECIPITATION (IN)
  TODAY            T             1.93 1967   0.37  -0.37     0.00
  MONTH TO DATE    8.30                     10.00  -1.70    10.64
  SINCE OCT 1     64.58                     63.61   0.97    39.80
  SINCE JAN 1     19.83                     24.61  -4.78    22.57

DEGREE DAYS
 HEATING
  TODAY           18                        22     -4       16
  MONTH TO DATE  438                       618   -180      618
  SINCE DEC 1   1658                      2109   -451     1980
  SINCE JUL 1   2892                      3823   -931     3176

 COOLING
  TODAY            0                         0      0        0
  MONTH TO DATE    0                         0      0        0
  SINCE DEC 1      0                         0      0        0
  SINCE JAN 1      0                         0      0        0
..................................................................


WIND (MPH)
  RESULTANT WIND SPEED   9   RESULTANT WIND DIRECTION  NE (50)
  HIGHEST WIND SPEED    23   HIGHEST WIND DIRECTION    NE (40)
  HIGHEST GUST SPEED    31   HIGHEST GUST DIRECTION    NE (50)
  AVERAGE WIND SPEED     9.0


SKY COVER
  AVERAGE SKY COVER 0.8


WEATHER CONDITIONS
 THE FOLLOWING WEATHER WAS RECORDED TODAY.
  LIGHT RAIN
  FOG


RELATIVE HUMIDITY (PERCENT)
 HIGHEST   100          1200 AM
 LOWEST     71           400 PM
 AVERAGE    86

..........................................................


THE QUILLAYUTE WA AIRPORT CLIMATE NORMALS FOR TOMORROW
                         NORMAL    RECORD    YEAR
 MAXIMUM TEMPERATURE (F)   50        72      1968
 MINIMUM TEMPERATURE (F)   35        15      1971


SUNRISE AND SUNSET
FEBRUARY 27 2015......SUNRISE   703 AM PST   SUNSET   559 PM PST
FEBRUARY 28 2015......SUNRISE   701 AM PST   SUNSET   601 PM PST


-  INDICATES NEGATIVE NUMBERS.
R  INDICATES RECORD WAS SET OR TIED.
MM INDICATES DATA IS MISSING.
T  INDICATES TRACE AMOUNT.




$$
