000
CDUS46 KSEW 200826
CLIUIL


CLIMATE REPORT
NATIONAL WEATHER SERVICE SEATTLE WA
126 AM PDT SAT SEP 20 2014


...................................

...THE QUILLAYUTE WA AIRPORT CLIMATE SUMMARY FOR SEPTEMBER 19 2014...

CLIMATE NORMAL PERIOD 1981 TO 2010
CLIMATE RECORD PERIOD 1966 TO 2014


WEATHER ITEM   OBSERVED TIME   RECORD YEAR NORMAL DEPARTURE LAST
                VALUE   (LST)  VALUE       VALUE  FROM      YEAR
                                                  NORMAL
..................................................................
TEMPERATURE (F)
 YESTERDAY
  MAXIMUM         68    237 PM  86    1974  66      2       76
  MINIMUM         50   1119 PM  35    1983  46      4       54
  AVERAGE         59                        56      3       65

PRECIPITATION (IN)
  YESTERDAY        0.17          1.52 1977   0.13   0.04     0.00
  MONTH TO DATE    0.41                      2.11  -1.70     0.77
  SINCE OCT 1     73.49                     97.83 -24.34   109.56
  SINCE JAN 1     56.26                     58.83  -2.57    62.59

DEGREE DAYS
 HEATING
  YESTERDAY        6                         9     -3        0
  MONTH TO DATE   80                       144    -64       32
  SINCE SEP 1     80                       144    -64       32
  SINCE JUL 1    330                       513   -183      204

 COOLING
  YESTERDAY        0                         0      0        0
  MONTH TO DATE    7                         0      7       14
  SINCE SEP 1      7                         0      7       14
  SINCE JAN 1     25                        17      8       39
..................................................................


WIND (MPH)
  RESULTANT WIND SPEED   1   RESULTANT WIND DIRECTION   S (190)
  HIGHEST WIND SPEED    10   HIGHEST WIND DIRECTION     S (190)
  HIGHEST GUST SPEED    15   HIGHEST GUST DIRECTION     S (190)
  AVERAGE WIND SPEED     3.7


SKY COVER
  AVERAGE SKY COVER 0.7


WEATHER CONDITIONS
 THE FOLLOWING WEATHER WAS RECORDED YESTERDAY.
  LIGHT RAIN
  FOG


RELATIVE HUMIDITY (PERCENT)
 HIGHEST   100          1200 AM
 LOWEST     73           500 PM
 AVERAGE    87

..........................................................


THE QUILLAYUTE WA AIRPORT CLIMATE NORMALS FOR TODAY
                         NORMAL    RECORD    YEAR
 MAXIMUM TEMPERATURE (F)   66        88      1974
 MINIMUM TEMPERATURE (F)   46        36      1968


SUNRISE AND SUNSET
SEPTEMBER 20 2014.....SUNRISE   702 AM PDT   SUNSET   720 PM PDT
SEPTEMBER 21 2014.....SUNRISE   704 AM PDT   SUNSET   718 PM PDT


-  INDICATES NEGATIVE NUMBERS.
R  INDICATES RECORD WAS SET OR TIED.
MM INDICATES DATA IS MISSING.
T  INDICATES TRACE AMOUNT.




$$
