000
CDUS43 KLSX 230736
CLIUIN


CLIMATE REPORT
NATIONAL WEATHER SERVICE ST LOUIS MO
235 AM CDT WED APR 23 2014


...................................

...THE QUINCY IL CLIMATE SUMMARY FOR APRIL 22 2014...

CLIMATE NORMAL PERIOD 1981 TO 2010
CLIMATE RECORD PERIOD 1901 TO 2014


WEATHER ITEM   OBSERVED TIME   RECORD YEAR NORMAL DEPARTURE LAST
                VALUE   (LST)  VALUE       VALUE  FROM      YEAR
                                                  NORMAL
..................................................................
TEMPERATURE (F)
 YESTERDAY
  MAXIMUM         65    430 PM  89    1925  66     -1       69
  MINIMUM         45   1159 PM  27    1986  45      0       44
  AVERAGE         55                        56     -1

PRECIPITATION (IN)
  YESTERDAY        0.00          1.40 2011   0.14  -0.14      T
  MONTH TO DATE    1.92                      2.63  -0.71     5.69
  SINCE MAR 1      2.60                      5.09  -2.49     7.84
  SINCE JAN 1      4.72                      8.49  -3.77    13.31

DEGREE DAYS
 HEATING
  YESTERDAY       10                        10      0
  MONTH TO DATE  292                       299     -7
  SINCE MAR 1   1170                      1017    153
  SINCE JUL 1   6064                      5359    705

 COOLING
  YESTERDAY        0                         1     -1
  MONTH TO DATE    4                         9     -5
  SINCE MAR 1      4                        11     -7
  SINCE JAN 1      4                        11     -7
..................................................................


WIND (MPH)
  HIGHEST WIND SPEED    21   HIGHEST WIND DIRECTION    NW (320)
  HIGHEST GUST SPEED    26   HIGHEST GUST DIRECTION    NW (320)
  AVERAGE WIND SPEED    11.0


SKY COVER
  AVERAGE SKY COVER 0.0



RELATIVE HUMIDITY (PERCENT)
 HIGHEST    76           600 AM
 LOWEST     30           500 PM
 AVERAGE    53

..........................................................


THE QUINCY IL CLIMATE NORMALS FOR TODAY
                         NORMAL    RECORD    YEAR
 MAXIMUM TEMPERATURE (F)   66        86      1948
                                             1937
 MINIMUM TEMPERATURE (F)   46        25      1956


SUNRISE AND SUNSET
APRIL 23 2014.........SUNRISE   615 AM CDT   SUNSET   751 PM CDT
APRIL 24 2014.........SUNRISE   614 AM CDT   SUNSET   752 PM CDT


-  INDICATES NEGATIVE NUMBERS.
R  INDICATES RECORD WAS SET OR TIED.
MM INDICATES DATA IS MISSING.
T  INDICATES TRACE AMOUNT.




$$
