000
CDUS43 KLSX 250050
CLIUIN


CLIMATE REPORT
NATIONAL WEATHER SERVICE ST LOUIS MO
650 PM CST MON NOV 24 2014


...................................

...THE QUINCY IL CLIMATE SUMMARY FOR NOVEMBER 24 2014...
VALID TODAY AS OF 0600 PM LOCAL TIME.

CLIMATE NORMAL PERIOD 1981 TO 2010
CLIMATE RECORD PERIOD 1901 TO 2014


WEATHER ITEM   OBSERVED TIME   RECORD YEAR NORMAL DEPARTURE LAST
                VALUE   (LST)  VALUE       VALUE  FROM      YEAR
                                                  NORMAL
..................................................................
TEMPERATURE (F)
 TODAY
  MAXIMUM         43   1219 AM  69    1931  47     -4       28
  MINIMUM         31   1005 AM  -1    1950  30      1       10
  AVERAGE         37                        38     -1       19

PRECIPITATION (IN)
  TODAY            T             1.49 2001   0.10  -0.10     0.00
  MONTH TO DATE    0.82                      2.44  -1.62     1.85
  SINCE SEP 1     13.16                      8.75   4.41     6.49
  SINCE JAN 1     38.78                     34.50   4.28    34.59

DEGREE DAYS
 HEATING
  TODAY           28                        27      1
  MONTH TO DATE  681                       506    175
  SINCE SEP 1   1089                       925    164
  SINCE JUL 1   1094                       930    164

 COOLING
  TODAY            0                         0      0
  MONTH TO DATE    0                         0      0
  SINCE SEP 1     92                       140    -48
  SINCE JAN 1   1021                      1093    -72
..................................................................


WIND (MPH)
  HIGHEST WIND SPEED    31   HIGHEST WIND DIRECTION    NW (320)
  HIGHEST GUST SPEED    39   HIGHEST GUST DIRECTION    NW (310)
  AVERAGE WIND SPEED    19.3


SKY COVER
  AVERAGE SKY COVER 1.0



RELATIVE HUMIDITY (PERCENT)
 HIGHEST   100          1200 AM
 LOWEST     66          1100 AM
 AVERAGE    83

..........................................................


THE QUINCY IL CLIMATE NORMALS FOR TOMORROW
                         NORMAL    RECORD    YEAR
 MAXIMUM TEMPERATURE (F)   46        68      1915
 MINIMUM TEMPERATURE (F)   29        -1      1950


SUNRISE AND SUNSET
NOVEMBER 24 2014......SUNRISE   700 AM CST   SUNSET   443 PM CST
NOVEMBER 25 2014......SUNRISE   701 AM CST   SUNSET   442 PM CST


-  INDICATES NEGATIVE NUMBERS.
R  INDICATES RECORD WAS SET OR TIED.
MM INDICATES DATA IS MISSING.
T  INDICATES TRACE AMOUNT.




$$
