000
CDUS43 KLSX 030745
CLIUIN


CLIMATE REPORT
NATIONAL WEATHER SERVICE ST LOUIS MO
245 AM CDT FRI JUL 3 2015


...................................

...THE QUINCY IL CLIMATE SUMMARY FOR JULY 2 2015...

CLIMATE NORMAL PERIOD 1981 TO 2010
CLIMATE RECORD PERIOD 1901 TO 2015


WEATHER ITEM   OBSERVED TIME   RECORD YEAR NORMAL DEPARTURE LAST
                VALUE   (LST)  VALUE       VALUE  FROM      YEAR
                                                  NORMAL
..................................................................
TEMPERATURE (F)
 YESTERDAY
  MAXIMUM         72    457 PM 103    1934  85    -13       68
  MINIMUM         63    700 AM  50    1959  66     -3       59
                                      1904
  AVERAGE         68                        76     -8

PRECIPITATION (IN)
  YESTERDAY        0.00          2.64 1982   0.13  -0.13     0.01
  MONTH TO DATE    0.12                      0.26  -0.14     0.01
  SINCE JUN 1      8.65                      4.25   4.40     8.16
  SINCE JAN 1     17.33                     18.34  -1.01    16.57

DEGREE DAYS
 HEATING
  YESTERDAY        0                         0      0
  MONTH TO DATE    0                         0      0
  SINCE JUN 1      8                        16     -8
  SINCE JUL 1      0                         0      0

 COOLING
  YESTERDAY        3                        11     -8
  MONTH TO DATE   14                        22     -8
  SINCE JUN 1    261                       249     12
  SINCE JAN 1    375                       335     40
..................................................................


WIND (MPH)
  HIGHEST WIND SPEED    16   HIGHEST WIND DIRECTION     E (70)
  HIGHEST GUST SPEED    19   HIGHEST GUST DIRECTION    NE (60)
  AVERAGE WIND SPEED     8.9


SKY COVER
  AVERAGE SKY COVER 0.3



RELATIVE HUMIDITY (PERCENT)
 HIGHEST    93           100 AM
 LOWEST     57          1100 AM
 AVERAGE    75

..........................................................


THE QUINCY IL CLIMATE NORMALS FOR TODAY
                         NORMAL    RECORD    YEAR
 MAXIMUM TEMPERATURE (F)   86       104      1911
 MINIMUM TEMPERATURE (F)   66        51      1968


SUNRISE AND SUNSET
JULY  3 2015..........SUNRISE   541 AM CDT   SUNSET   837 PM CDT
JULY  4 2015..........SUNRISE   541 AM CDT   SUNSET   837 PM CDT


-  INDICATES NEGATIVE NUMBERS.
R  INDICATES RECORD WAS SET OR TIED.
MM INDICATES DATA IS MISSING.
T  INDICATES TRACE AMOUNT.




$$
