000
CDUS43 KLSX 170732
CLIUIN


CLIMATE REPORT
NATIONAL WEATHER SERVICE ST LOUIS MO
131 AM CST TUE JAN 17 2017


...................................

...THE QUINCY IL CLIMATE SUMMARY FOR JANUARY 16 2017...

CLIMATE NORMAL PERIOD 1981 TO 2010
CLIMATE RECORD PERIOD 1901 TO 2017


WEATHER ITEM   OBSERVED TIME   RECORD YEAR NORMAL DEPARTURE LAST
                VALUE   (LST)  VALUE       VALUE  FROM      YEAR
                                                  NORMAL
..................................................................
TEMPERATURE (F)
 YESTERDAY
  MAXIMUM         47   1110 PM  69    1990  34     13       28
  MINIMUM         32    437 AM -19    1977  18     14       18
  AVERAGE         40                        26     14

PRECIPITATION (IN)
  YESTERDAY        0.85R         0.52 1907   0.04   0.81     0.00
  MONTH TO DATE    1.02                      0.81   0.21     0.20
  SINCE DEC 1      2.05                      3.06  -1.01     6.02
  SINCE JAN 1      1.02                      0.81   0.21     0.20

DEGREE DAYS
 HEATING
  YESTERDAY       25                        39    -14
  MONTH TO DATE  626                       620      6
  SINCE DEC 1   1739                      1711     28
  SINCE JUL 1   2427                      2811   -384

 COOLING
  YESTERDAY        0                         0      0
  MONTH TO DATE    0                         0      0
  SINCE DEC 1      0                         0      0
  SINCE JAN 1      0                         0      0
..................................................................


WIND (MPH)
  HIGHEST WIND SPEED    16   HIGHEST WIND DIRECTION     E (110)
  HIGHEST GUST SPEED    21   HIGHEST GUST DIRECTION     E (100)
  AVERAGE WIND SPEED     9.0


SKY COVER
  AVERAGE SKY COVER 1.0



RELATIVE HUMIDITY (PERCENT)
 HIGHEST   100          1200 AM
 LOWEST    100          1200 AM
 AVERAGE   100

..........................................................


THE QUINCY IL CLIMATE NORMALS FOR TODAY
                         NORMAL    RECORD    YEAR
 MAXIMUM TEMPERATURE (F)   34        63      1996
 MINIMUM TEMPERATURE (F)   18       -19      1977


SUNRISE AND SUNSET
JANUARY 17 2017.......SUNRISE   724 AM CST   SUNSET   507 PM CST
JANUARY 18 2017.......SUNRISE   723 AM CST   SUNSET   508 PM CST


-  INDICATES NEGATIVE NUMBERS.
R  INDICATES RECORD WAS SET OR TIED.
MM INDICATES DATA IS MISSING.
T  INDICATES TRACE AMOUNT.




$$
