000
CDUS43 KLSX 300730
CLIUIN


CLIMATE REPORT
NATIONAL WEATHER SERVICE ST LOUIS MO
230 AM CDT MON MAY 30 2016


...................................

...THE QUINCY IL CLIMATE SUMMARY FOR MAY 29 2016...

CLIMATE NORMAL PERIOD 1981 TO 2010
CLIMATE RECORD PERIOD 1901 TO 2016


WEATHER ITEM   OBSERVED TIME   RECORD YEAR NORMAL DEPARTURE LAST
                VALUE   (LST)  VALUE       VALUE  FROM      YEAR
                                                  NORMAL
..................................................................
TEMPERATURE (F)
 YESTERDAY
  MAXIMUM         84    412 PM  96    1926  77      7       79
  MINIMUM         61    511 AM  38    1947  57      4       67
  AVERAGE         73                        67      6

PRECIPITATION (IN)
  YESTERDAY        T             1.87 1924   0.15  -0.15     0.17
  MONTH TO DATE    3.64                      4.23  -0.59     3.70
  SINCE MAR 1      8.06                     10.38  -2.32     6.35
  SINCE JAN 1      8.68                     13.78  -5.10     8.39

DEGREE DAYS
 HEATING
  YESTERDAY        0                         2     -2
  MONTH TO DATE  148                       132     16
  SINCE MAR 1    995                      1220   -225
  SINCE JUL 1   4592                      5562   -970

 COOLING
  YESTERDAY        8                         4      4
  MONTH TO DATE   65                        59      6
  SINCE MAR 1     86                        77      9
  SINCE JAN 1     86                        77      9
..................................................................


WIND (MPH)
  HIGHEST WIND SPEED    15   HIGHEST WIND DIRECTION     W (290)
  HIGHEST GUST SPEED    18   HIGHEST GUST DIRECTION     W (270)
  AVERAGE WIND SPEED     6.2


SKY COVER
  AVERAGE SKY COVER 0.0



RELATIVE HUMIDITY (PERCENT)
 HIGHEST    97           500 AM
 LOWEST     40           300 PM
 AVERAGE    69

..........................................................


THE QUINCY IL CLIMATE NORMALS FOR TODAY
                         NORMAL    RECORD    YEAR
 MAXIMUM TEMPERATURE (F)   77       103      1934
 MINIMUM TEMPERATURE (F)   57        42      1965
                                             1947


SUNRISE AND SUNSET
MAY 30 2016...........SUNRISE   539 AM CDT   SUNSET   826 PM CDT
MAY 31 2016...........SUNRISE   538 AM CDT   SUNSET   827 PM CDT


-  INDICATES NEGATIVE NUMBERS.
R  INDICATES RECORD WAS SET OR TIED.
MM INDICATES DATA IS MISSING.
T  INDICATES TRACE AMOUNT.




$$
