000
CDUS46 KEKA 201211
CLIUKI


CLIMATE REPORT
NATIONAL WEATHER SERVICE EUREKA CA
510 AM PDT FRI OCT 20 2017


...................................

...THE UKIAH CA CLIMATE SUMMARY FOR OCTOBER 19 2017...

CLIMATE NORMAL PERIOD 1981 TO 2010
CLIMATE RECORD PERIOD 1903 TO 2017


WEATHER ITEM   OBSERVED TIME   RECORD YEAR NORMAL DEPARTURE LAST
                VALUE   (LST)  VALUE       VALUE  FROM      YEAR
                                                  NORMAL
..................................................................
TEMPERATURE (F)
 YESTERDAY
  MAXIMUM         63    231 PM  94    1974  76    -13       77
  MINIMUM         42    157 AM  28    1949  43     -1       42
  AVERAGE         53                        59     -6       60

PRECIPITATION (IN)
  YESTERDAY        0.21          1.90 2004   0.07   0.14     0.00
  MONTH TO DATE    0.21                      0.72  -0.51     2.79
  SINCE OCT 1      0.21                      0.72  -0.51     2.79
  SINCE JAN 1     34.75                     24.69  10.06    27.10

SNOWFALL (IN)
  YESTERDAY       MM            MM      MM  MM     MM        0.0
  MONTH TO DATE    0.0                      MM     MM        0.0
  SINCE SEP 1      0.0                      MM     MM        0.0
  SINCE JUL 1      0.0                      MM     MM        0.0
  SNOW DEPTH       0

DEGREE DAYS
 HEATING
  YESTERDAY       12                         6      6        5
  MONTH TO DATE  103                        74     29       97
  SINCE SEP 1    137                       104     33      113
  SINCE JUL 1    137                       107     30      113

 COOLING
  YESTERDAY        0                         0      0        0
  MONTH TO DATE    0                        19    -19       12
  SINCE SEP 1    183                       149     34      176
  SINCE JAN 1   1273                       832    441     1004
..................................................................


WIND (MPH)
  HIGHEST WIND SPEED    21   HIGHEST WIND DIRECTION    NW (330)
  HIGHEST GUST SPEED    30   HIGHEST GUST DIRECTION    NW (330)
  AVERAGE WIND SPEED     4.7


SKY COVER
  AVERAGE SKY COVER 0.9


WEATHER CONDITIONS
 THE FOLLOWING WEATHER WAS RECORDED YESTERDAY.
  HEAVY RAIN
  RAIN
  LIGHT RAIN
  FOG


RELATIVE HUMIDITY (PERCENT)
 HIGHEST   100
 LOWEST     60
 AVERAGE    80

..........................................................


THE UKIAH CA CLIMATE NORMALS FOR TODAY
                         NORMAL    RECORD    YEAR
 MAXIMUM TEMPERATURE (F)   75        94      1964
 MINIMUM TEMPERATURE (F)   43        28      1906


SUNRISE AND SUNSET
OCTOBER 20 2017.......SUNRISE   728 AM PDT   SUNSET   626 PM PDT
OCTOBER 21 2017.......SUNRISE   729 AM PDT   SUNSET   625 PM PDT


-  INDICATES NEGATIVE NUMBERS.
R  INDICATES RECORD WAS SET OR TIED.
MM INDICATES DATA IS MISSING.
T  INDICATES TRACE AMOUNT.




$$
