000
CDUS46 KEKA 211214
CLIUKI


CLIMATE REPORT
NATIONAL WEATHER SERVICE EUREKA CA
414 AM PST WED FEB 21 2018


...................................

...THE UKIAH CA CLIMATE SUMMARY FOR FEBRUARY 20 2018...

CLIMATE NORMAL PERIOD 1981 TO 2010
CLIMATE RECORD PERIOD 1903 TO 2018


WEATHER ITEM   OBSERVED TIME   RECORD YEAR NORMAL DEPARTURE LAST
                VALUE   (LST)  VALUE       VALUE  FROM      YEAR
                                                  NORMAL
..................................................................
TEMPERATURE (F)
 YESTERDAY
  MAXIMUM         51    333 PM  78    1964  61    -10       58
  MINIMUM         24    646 AM  23    1913  39    -15       50
  AVERAGE         38                        50    -12       54

PRECIPITATION (IN)
  YESTERDAY        0.00          3.30 1914   0.26  -0.26     2.19
  MONTH TO DATE    0.05                      4.50  -4.45    11.83
  SINCE OCT 1     12.05                     24.89 -12.84    43.86
  SINCE JAN 1      6.47                     11.51  -5.04    26.75

SNOWFALL (IN)
  YESTERDAY        0.0          MM      MM  MM     MM        0.0
  MONTH TO DATE    0.0                      MM     MM        0.0
  SINCE DEC 1      0.0                      MM     MM        0.0
  SINCE JUL 1      0.0                      MM     MM        0.0
  SNOW DEPTH       0

DEGREE DAYS
 HEATING
  YESTERDAY       27                        15     12       11
  MONTH TO DATE  259                       318    -59      234
  SINCE DEC 1   1321                      1495   -174     1455
  SINCE JUL 1   1854                      2118   -264     1992

 COOLING
  YESTERDAY        0                         0      0        0
  MONTH TO DATE    0                         0      0        0
  SINCE DEC 1      0                         0      0        0
  SINCE JAN 1      0                         0      0        0
..................................................................


WIND (MPH)
  HIGHEST WIND SPEED    10   HIGHEST WIND DIRECTION    NW (320)
  HIGHEST GUST SPEED    14   HIGHEST GUST DIRECTION    NW (320)
  AVERAGE WIND SPEED     1.8


SKY COVER
  AVERAGE SKY COVER 0.3


WEATHER CONDITIONS
 THE FOLLOWING WEATHER WAS RECORDED YESTERDAY.
  NO SIGNIFICANT WEATHER WAS OBSERVED.


RELATIVE HUMIDITY (PERCENT)
 HIGHEST    85
 LOWEST     29
 AVERAGE    57

..........................................................


THE UKIAH CA CLIMATE NORMALS FOR TODAY
                         NORMAL    RECORD    YEAR
 MAXIMUM TEMPERATURE (F)   61        79      1995
 MINIMUM TEMPERATURE (F)   39        26      1975


SUNRISE AND SUNSET
FEBRUARY 21 2018......SUNRISE   656 AM PST   SUNSET   557 PM PST
FEBRUARY 22 2018......SUNRISE   655 AM PST   SUNSET   558 PM PST


-  INDICATES NEGATIVE NUMBERS.
R  INDICATES RECORD WAS SET OR TIED.
MM INDICATES DATA IS MISSING.
T  INDICATES TRACE AMOUNT.




$$
