000
CDUS43 KSGF 200627
CLIUNO


CLIMATE REPORT
NATIONAL WEATHER SERVICE SPRINGFIELD MO
1226 AM CST TUE FEB 20 2018


...................................

...THE WEST PLAINS MO CLIMATE SUMMARY FOR FEBRUARY 19 2018...

CLIMATE NORMAL PERIOD 1981 TO 2010
CLIMATE RECORD PERIOD 1947 TO 2018


WEATHER ITEM   OBSERVED TIME   RECORD YEAR NORMAL DEPARTURE LAST
                VALUE   (LST)  VALUE       VALUE  FROM      YEAR
                                                  NORMAL
..................................................................
TEMPERATURE (F)
 YESTERDAY
  MAXIMUM         68    327 PM  73    1981  50     18       67
  MINIMUM         49    117 AM  -6    1993  27     22       39
  AVERAGE         59                        39     20       53

PRECIPITATION (IN)
  YESTERDAY        0.04          2.24 1955   0.11  -0.07     0.00
  MONTH TO DATE    1.28                      1.91  -0.63     0.61
  SINCE DEC 1      5.33                      8.27  -2.94     3.67
  SINCE JAN 1      3.30                      4.63  -1.33     2.65

DEGREE DAYS
 HEATING
  YESTERDAY        6                        26    -20       12
  MONTH TO DATE  520                       538    -18      367
  SINCE DEC 1   2410                      2390     20     2026
  SINCE JUL 1   3073                      3242   -169     2546

 COOLING
  YESTERDAY        0                         0      0        0
  MONTH TO DATE    6                         0      6        0
  SINCE DEC 1      6                         0      6        0
  SINCE JAN 1      6                         0      6        0
..................................................................


WIND (MPH)
  HIGHEST WIND SPEED    22   HIGHEST WIND DIRECTION     S (180)
  HIGHEST GUST SPEED    33   HIGHEST GUST DIRECTION     S (180)
  AVERAGE WIND SPEED    13.0


SKY COVER
  AVERAGE SKY COVER 0.9


WEATHER CONDITIONS
 THE FOLLOWING WEATHER WAS RECORDED YESTERDAY.
  LIGHT RAIN
  FOG


RELATIVE HUMIDITY (PERCENT)
 HIGHEST   100           100 AM
 LOWEST     68           300 PM
 AVERAGE    84

..........................................................


THE WEST PLAINS MO CLIMATE NORMALS FOR TODAY
                         NORMAL    RECORD    YEAR
 MAXIMUM TEMPERATURE (F)   51        76      2016
 MINIMUM TEMPERATURE (F)   28         8      1958


SUNRISE AND SUNSET
FEBRUARY 20 2018......SUNRISE   650 AM CST   SUNSET   553 PM CST
FEBRUARY 21 2018......SUNRISE   649 AM CST   SUNSET   554 PM CST


-  INDICATES NEGATIVE NUMBERS.
R  INDICATES RECORD WAS SET OR TIED.
MM INDICATES DATA IS MISSING.
T  INDICATES TRACE AMOUNT.




$$
