000
CDUS43 KSGF 240630
CLIUNO


CLIMATE REPORT
NATIONAL WEATHER SERVICE SPRINGFIELD MO
130 AM CDT SAT JUN 24 2017


...................................

...THE WEST PLAINS MO CLIMATE SUMMARY FOR JUNE 23 2017...

CLIMATE NORMAL PERIOD 1981 TO 2010
CLIMATE RECORD PERIOD 1947 TO 2017


WEATHER ITEM   OBSERVED TIME   RECORD YEAR NORMAL DEPARTURE LAST
                VALUE   (LST)  VALUE       VALUE  FROM      YEAR
                                                  NORMAL
..................................................................
TEMPERATURE (F)
 YESTERDAY
  MAXIMUM         90   1219 PM  99    1952  86      4       93
  MINIMUM         62   1038 PM  45    1992  65     -3       70
  AVERAGE         76                        76      0       82

PRECIPITATION (IN)
  YESTERDAY        0.35          4.65 1976   0.13   0.22     0.01
  MONTH TO DATE    1.06                      3.09  -2.03     3.71
  SINCE JUN 1      1.06                      3.09  -2.03     3.71
  SINCE JAN 1     36.47                     22.36  14.11    18.45

DEGREE DAYS
 HEATING
  YESTERDAY        0                         0      0        0
  MONTH TO DATE    0                         4     -4        0
  SINCE JUN 1      0                         4     -4        0
  SINCE JUL 1   3324                      4346  -1022     3525

 COOLING
  YESTERDAY       11                        11      0       17
  MONTH TO DATE  200                       187     13      259
  SINCE JUN 1    200                       187     13      259
  SINCE JAN 1    322                       309     13      352
..................................................................


WIND (MPH)
  HIGHEST WIND SPEED    25   HIGHEST WIND DIRECTION    NW (300)
  HIGHEST GUST SPEED    41   HIGHEST GUST DIRECTION    NW (300)
  AVERAGE WIND SPEED     6.1


SKY COVER
  AVERAGE SKY COVER 0.6


WEATHER CONDITIONS
 THE FOLLOWING WEATHER WAS RECORDED YESTERDAY.
  THUNDERSTORM
  HEAVY RAIN
  RAIN
  LIGHT RAIN
  FOG


RELATIVE HUMIDITY (PERCENT)
 HIGHEST   100           300 AM
 LOWEST     57          1200 PM
 AVERAGE    79

..........................................................


THE WEST PLAINS MO CLIMATE NORMALS FOR TODAY
                         NORMAL    RECORD    YEAR
 MAXIMUM TEMPERATURE (F)   86       100      1952
 MINIMUM TEMPERATURE (F)   65        47      1961


SUNRISE AND SUNSET
JUNE 24 2017..........SUNRISE   550 AM CDT   SUNSET   831 PM CDT
JUNE 25 2017..........SUNRISE   550 AM CDT   SUNSET   831 PM CDT


-  INDICATES NEGATIVE NUMBERS.
R  INDICATES RECORD WAS SET OR TIED.
MM INDICATES DATA IS MISSING.
T  INDICATES TRACE AMOUNT.




$$
