000
CDUS43 KSGF 190626
CLIUNO


CLIMATE REPORT
NATIONAL WEATHER SERVICE SPRINGFIELD MO
125 AM CDT SAT APR 19 2014


...................................

...THE WEST PLAINS MO CLIMATE SUMMARY FOR APRIL 18 2014...

CLIMATE NORMAL PERIOD 1981 TO 2010
CLIMATE RECORD PERIOD 1947 TO 2014


WEATHER ITEM   OBSERVED TIME   RECORD YEAR NORMAL DEPARTURE LAST
                VALUE   (LST)  VALUE       VALUE  FROM      YEAR
                                                  NORMAL
..................................................................
TEMPERATURE (F)
 YESTERDAY
  MAXIMUM         73    424 PM  89    2006  71      2       73
  MINIMUM         44    604 AM  28    1953  46     -2       39
  AVERAGE         59                        58      1       56

PRECIPITATION (IN)
  YESTERDAY        0.00          1.27 1966   0.16  -0.16     1.00
  MONTH TO DATE    3.35                      2.53   0.82     2.92
  SINCE MAR 1      6.57                      6.82  -0.25     6.67
  SINCE JAN 1      8.42                     12.38  -3.96    13.99

DEGREE DAYS
 HEATING
  YESTERDAY        6                         8     -2        9
  MONTH TO DATE  199                       180     19      171
  SINCE MAR 1    901                       726    175      905
  SINCE JUL 1   4699                      4190    509     4217

 COOLING
  YESTERDAY        0                         1     -1        0
  MONTH TO DATE    7                        13     -6       15
  SINCE MAR 1      7                        17    -10       15
  SINCE JAN 1      7                        17    -10       15
..................................................................


WIND (MPH)
  HIGHEST WIND SPEED    12   HIGHEST WIND DIRECTION    SE (120)
  HIGHEST GUST SPEED    16   HIGHEST GUST DIRECTION    NE (50)
  AVERAGE WIND SPEED     4.0


SKY COVER
  AVERAGE SKY COVER 0.3


WEATHER CONDITIONS
 THE FOLLOWING WEATHER WAS RECORDED YESTERDAY.
  NO SIGNIFICANT WEATHER WAS OBSERVED.


RELATIVE HUMIDITY (PERCENT)
 HIGHEST    83           600 AM
 LOWEST     29           300 PM
 AVERAGE    56

..........................................................


THE WEST PLAINS MO CLIMATE NORMALS FOR TODAY
                         NORMAL    RECORD    YEAR
 MAXIMUM TEMPERATURE (F)   71        85      2011
                                             1987
 MINIMUM TEMPERATURE (F)   46        26      1953
                                             1983


SUNRISE AND SUNSET
APRIL 19 2014.........SUNRISE   628 AM CDT   SUNSET   746 PM CDT
APRIL 20 2014.........SUNRISE   627 AM CDT   SUNSET   747 PM CDT


-  INDICATES NEGATIVE NUMBERS.
R  INDICATES RECORD WAS SET OR TIED.
MM INDICATES DATA IS MISSING.
T  INDICATES TRACE AMOUNT.




$$
