000
CDUS43 KSGF 090627
CLIUNO


CLIMATE REPORT
NATIONAL WEATHER SERVICE SPRINGFIELD MO
1227 AM CST TUE FEB 9 2016


...................................

...THE WEST PLAINS MO CLIMATE SUMMARY FOR FEBRUARY 8 2016...

CLIMATE NORMAL PERIOD 1981 TO 2010
CLIMATE RECORD PERIOD 1947 TO 2016


WEATHER ITEM   OBSERVED TIME   RECORD YEAR NORMAL DEPARTURE LAST
                VALUE   (LST)  VALUE       VALUE  FROM      YEAR
                                                  NORMAL
..................................................................
TEMPERATURE (F)
 YESTERDAY
  MAXIMUM         41   1221 AM  69    2015  47     -6       69
  MINIMUM         26   1043 PM   0    1985  25      1       36
  AVERAGE         34                        36     -2       53

PRECIPITATION (IN)
  YESTERDAY        T             0.91 1956   0.10  -0.10     0.00
  MONTH TO DATE    0.42                      0.75  -0.33     0.50
  SINCE DEC 1     10.39                      7.11   3.28     5.49
  SINCE JAN 1      1.35                      3.47  -2.12     2.52

DEGREE DAYS
 HEATING
  YESTERDAY       31                        29      2       12
  MONTH TO DATE  188                       236    -48      227
  SINCE DEC 1   1722                      2088   -366     1997
  SINCE JUL 1   2357                      2940   -583     3009

 COOLING
  YESTERDAY        0                         0      0        0
  MONTH TO DATE    0                         0      0        0
  SINCE DEC 1      0                         0      0        0
  SINCE JAN 1      0                         0      0        0
..................................................................


WIND (MPH)
  HIGHEST WIND SPEED    30   HIGHEST WIND DIRECTION    NW (310)
  HIGHEST GUST SPEED    45   HIGHEST GUST DIRECTION    NW (310)
  AVERAGE WIND SPEED    16.2


SKY COVER
  AVERAGE SKY COVER 0.9


WEATHER CONDITIONS
 THE FOLLOWING WEATHER WAS RECORDED YESTERDAY.
  LIGHT SNOW


RELATIVE HUMIDITY (PERCENT)
 HIGHEST    69           700 PM
 LOWEST     40          1200 AM
 AVERAGE    55

..........................................................


THE WEST PLAINS MO CLIMATE NORMALS FOR TODAY
                         NORMAL    RECORD    YEAR
 MAXIMUM TEMPERATURE (F)   48        73      1954
 MINIMUM TEMPERATURE (F)   25        -4      1979


SUNRISE AND SUNSET
FEBRUARY  9 2016......SUNRISE   703 AM CST   SUNSET   541 PM CST
FEBRUARY 10 2016......SUNRISE   702 AM CST   SUNSET   542 PM CST


-  INDICATES NEGATIVE NUMBERS.
R  INDICATES RECORD WAS SET OR TIED.
MM INDICATES DATA IS MISSING.
T  INDICATES TRACE AMOUNT.




$$
